{"id":124,"date":"2015-04-20T02:20:00","date_gmt":"2015-04-20T05:20:00","guid":{"rendered":"http:\/\/www.viajeraeditorial.com.ar\/?page_id=124"},"modified":"2020-11-02T21:02:39","modified_gmt":"2020-11-03T00:02:39","slug":"mauricio-dreiling","status":"publish","type":"page","link":"https:\/\/viajeraeditorial.ar\/blog\/catalogo\/mauricio-dreiling\/","title":{"rendered":"Mauricio Dreiling"},"content":{"rendered":"<p><a href=\"http:\/\/www.viajeraeditorial.ar\/blog\/wp-content\/uploads\/2015\/04\/mauriciodreiling.jpg\"><img loading=\"lazy\" class=\"alignright size-full wp-image-260\" src=\"http:\/\/www.viajeraeditorial.ar\/blog\/wp-content\/uploads\/2015\/04\/mauriciodreiling.jpg\" alt=\"Mauricio Dreiling\" width=\"242\" height=\"350\" \/><\/a>Es escritor, actor y director teatral. Naci\u00f3 en 1977 en la ciudad de Gualeguaych\u00fa, Entre R\u00edos. Curs\u00f3 y obtuvo su Licenciatura en Econom\u00eda de la Universidad Nacional de La Plata, carrera que a\u00fan ejerce. Desde 2009 reside en la Ciudad de Buenos Aires.<\/p>\n<p>A lo largo de su vida ha participado de m\u00faltiples talleres literarios y teatrales. Desde 2012 se incorpor\u00f3 a Siempre de Viaje Literatura en Progreso.<\/p>\n<p>En 2013 public\u00f3 su primer libro, <em>Vidrio<\/em>, a trav\u00e9s de Viajera Editorial. Actualmente se encuentra escribiendo su segundo libro, titulado <em>El pez<\/em>.<\/p>\n<p><span style=\"text-decoration: underline;\"><strong>En Viajera<\/strong><\/span><\/p>\n<p style=\"padding-left: 30px;\"><a href=\"http:\/\/www.viajeraeditorial.ar\/blog\/descubrir\/vidrio\/\"><img loading=\"lazy\" class=\"alignnone size-full wp-image-4521\" src=\"http:\/\/www.viajeraeditorial.ar\/blog\/wp-content\/uploads\/2015\/03\/vidriotapa_tn20.jpg\" alt=\"Vidrio\" width=\"13\" height=\"20\" \/><\/a>\u00a0<a href=\"http:\/\/www.viajeraeditorial.ar\/blog\/descubrir\/vidrio\/\">Vidrio<\/a> (<a href=\"http:\/\/www.viajeraeditorial.ar\/blog\/descubrir\/\">Descubrir<\/a>, 2013)<\/p>\n<p><span style=\"text-decoration: underline;\"><strong>Contactar a Mauricio<\/strong><\/span><\/p>\n<p style=\"padding-left: 30px;\"><a href=\"mailto:mhdreiling@gmail.com\">E-Mail<\/a><br \/>\n<a href=\"http:\/\/twitter.com\/M_H_D\">Twitter<\/a><\/p>\n<p><span style=\"text-decoration: underline;\"><strong>Contenido sobre Mauricio<\/strong><\/span><\/p>\n<ul class = \"posts-by-tag-list\"><li class=\"posts-by-tag-item Fragmentos del fin Mauricio Dreiling\" id=\"posts-by-tag-item-6214\"><a class = \"posts-by-tag-item-title\" href=\"https:\/\/viajeraeditorial.ar\/blog\/2017\/04\/mauricio-dreiling-me-olvido-intervencion-de-textos-de-fragmentos-del-fin\/\">Mauricio Dreiling: Me olvido * Intervenci\u00f3n de textos de Fragmentos del Fin<\/a><\/li><li class=\"posts-by-tag-item Mauricio Dreiling\" id=\"posts-by-tag-item-5997\"><a class = \"posts-by-tag-item-title\" href=\"https:\/\/viajeraeditorial.ar\/blog\/2017\/03\/algunas-cosas-mauricio-dreiling\/\">algunas cosas * Mauricio Dreiling<\/a><\/li><li class=\"posts-by-tag-item Mauricio Dreiling\" id=\"posts-by-tag-item-5993\"><a class = \"posts-by-tag-item-title\" href=\"https:\/\/viajeraeditorial.ar\/blog\/2017\/01\/todos-los-hombres-caen-mauricio-dreiling\/\">todos los hombres caen * Mauricio Dreiling<\/a><\/li><li class=\"posts-by-tag-item Mauricio Dreiling\" id=\"posts-by-tag-item-5979\"><a class = \"posts-by-tag-item-title\" href=\"https:\/\/viajeraeditorial.ar\/blog\/2017\/01\/barro-mauricio-dreiling\/\">Barro * Mauricio Dreiling<\/a><\/li><li class=\"posts-by-tag-item Eugenia Coiro Fragmentos del fin Mauricio Dreiling Sof\u00eda Ciravegna\" id=\"posts-by-tag-item-5928\"><a class = \"posts-by-tag-item-title\" href=\"https:\/\/viajeraeditorial.ar\/blog\/2016\/11\/fragmentos-del-fin-eugenia-coiro-casa-del-bicentenario-612\/\">Fragmentos del fin \/ Eugenia Coiro * Casa del Bicentenario * 6\/12<\/a><\/li><li class=\"posts-by-tag-item Daniel C\u00e1seres Gabriela Oyola Ignacio Uranga Karina Macci\u00f3 Mauricio Dreiling No\u00e9 Jitrik Pedro Lastra Portada Tania del Pilar\" id=\"posts-by-tag-item-5451\"><a class = \"posts-by-tag-item-title\" href=\"https:\/\/viajeraeditorial.ar\/blog\/2016\/06\/un-viaje-por-la-poesia-nota-de-demian-paredes\/\">Un viaje por la poes\u00eda, nota de Demi\u00e1n Paredes<\/a><\/li><li class=\"posts-by-tag-item Mauricio Dreiling Portada\" id=\"posts-by-tag-item-5354\"><a class = \"posts-by-tag-item-title\" href=\"https:\/\/viajeraeditorial.ar\/blog\/2016\/03\/el-escritor-mauricio-dreiling\/\">El escritor * Mauricio Dreiling<\/a><\/li><li class=\"posts-by-tag-item Festival Internacional de Poes\u00eda de Azul Lorena Garc\u00eda Mauricio Dreiling Portada Virginia Janza\" id=\"posts-by-tag-item-5112\"><a class = \"posts-by-tag-item-title\" href=\"https:\/\/viajeraeditorial.ar\/blog\/2015\/11\/viajera-en-el-iii-festival-de-poesia-de-azul\/\">Viajera en el III Festival de Poes\u00eda de Azul<\/a><\/li><li class=\"posts-by-tag-item Biblioteca Nacional Delfina Uriburu Eugenia Coiro Gabriela Aristegui Gabriela Oyola Gabriela Tavolara Gloria Candioti Mauricio Dreiling Nicol\u00e1s Di Candia Pablo M\u00fcllner Portada Susana Cella Viajera Invernal Virginia Janza\" id=\"posts-by-tag-item-4628\"><a class = \"posts-by-tag-item-title\" href=\"https:\/\/viajeraeditorial.ar\/blog\/2015\/06\/viajera-de-invierno-en-la-biblioteca-nacional\/\">Viajera de Invierno en la Biblioteca Nacional<\/a><\/li><li class=\"posts-by-tag-item Alicia \u00c1lvarez Axel Levin Carolina Lesta Dami\u00e1n Boggino Daniel C\u00e1seres Diamar Pretelt Marrugo Eduardo Adrogu\u00e9 Eduardo Bunitow El Benny Elizabeth Vita Esther Ferrari Eugenia Coiro Gabriela Aristegui Gabriela Oyola Jos\u00e9 Lupia Juan Castro Walker Karina Macci\u00f3 Laura Amori Lorena Suez Macarena Cifuentes Mar\u00eda Victoria Verzura Mauricio Dreiling Minuto Sue\u00f1o N\u00e9stor Cheb Terrab Portada Virginia Janza\" id=\"posts-by-tag-item-870\"><a class = \"posts-by-tag-item-title\" href=\"https:\/\/viajeraeditorial.ar\/blog\/2015\/05\/minuto-sueno\/\">Minuto Sue\u00f1o<\/a><\/li><li class=\"posts-by-tag-item Axel Levin Belara Mich\u00e1n Diego Recalde Eugenia Coiro Feria del Libro Gabriela Aristegui Gabriela Pedrotti Karina Macci\u00f3 Lola Ullmann Lorena Garc\u00eda Marcela Manuel Mar\u00eda del Carmen Sarquis Mar\u00eda Victoria Verzura Mauricio Dreiling Minuto4 Nicol\u00e1s Di Candia Pablo M\u00fcllner Paula Maff\u00eda Portada Sof\u00eda Ciravegna Viajera Viajera Visita Virginia Janza\" id=\"posts-by-tag-item-814\"><a class = \"posts-by-tag-item-title\" href=\"https:\/\/viajeraeditorial.ar\/blog\/2015\/05\/viajera-en-la-feria-del-libro\/\">Viajera en la Feria del Libro<\/a><\/li><li class=\"posts-by-tag-item Andrea Larrieu An\u00edbal Ilguisonis Axel Levin Belara Mich\u00e1n Cat\u00e1logo Feria del Libro Gabriela Tavolara Habitar mi camino\/Dwelling my path Karina Macci\u00f3 Mar\u00eda del Carmen Sarquis Mauricio Dreiling Nicol\u00e1s Di Candia Strip-Dancer Vidrio\" id=\"posts-by-tag-item-2221\"><a class = \"posts-by-tag-item-title\" href=\"https:\/\/viajeraeditorial.ar\/blog\/2015\/05\/viajera-en-la-feria-del-libro-de-buenos-aires-este-domingo-10-de-mayo\/\">Viajera en la Feria del Libro de Buenos Aires este domingo 10 de mayo<\/a><\/li><li class=\"posts-by-tag-item Mauricio Dreiling Minuto Ruptura\" id=\"posts-by-tag-item-2143\"><a class = \"posts-by-tag-item-title\" href=\"https:\/\/viajeraeditorial.ar\/blog\/2014\/10\/mauricio-dreiling-minuto-ruptura-siempre-de-viaje-2014\/\">Mauricio Dreiling - Minuto Ruptura Siempre de Viaje 2014<\/a><\/li><li class=\"posts-by-tag-item Feria del Libro Mauricio Dreiling Viajera\" id=\"posts-by-tag-item-2159\"><a class = \"posts-by-tag-item-title\" href=\"https:\/\/viajeraeditorial.ar\/blog\/2014\/09\/mauricio-dreiling-en-la-feria-del-libro-2014\/\">Mauricio Dreiling en la Feria del Libro 2014<\/a><\/li><li class=\"posts-by-tag-item Fernando Ortiz Mauricio Dreiling Pasos que se alejan Viajera\" id=\"posts-by-tag-item-406\"><a class = \"posts-by-tag-item-title\" href=\"https:\/\/viajeraeditorial.ar\/blog\/2014\/08\/puesta-en-escena-de-pasos-que-se-alejan-de-fernando-ortiz\/\">Puesta en escena de Pasos que se alejan, de Fernando Ortiz<\/a><\/li><li class=\"posts-by-tag-item Mauricio Dreiling Minuto Magdalena Viajera\" id=\"posts-by-tag-item-2200\"><a class = \"posts-by-tag-item-title\" href=\"https:\/\/viajeraeditorial.ar\/blog\/2014\/06\/mauricio-dreiling-minuto-magdalena\/\">Mauricio Dreiling: Minuto Magdalena<\/a><\/li><li class=\"posts-by-tag-item Mauricio Dreiling Viajera Vidrio\" id=\"posts-by-tag-item-2049\"><a class = \"posts-by-tag-item-title\" href=\"https:\/\/viajeraeditorial.ar\/blog\/2014\/06\/desvario-mauricio-dreiling\/\">desvar\u00edo - Mauricio Dreiling<\/a><\/li><li class=\"posts-by-tag-item Mauricio Dreiling Minuto Magdalena Vidrio\" id=\"posts-by-tag-item-2063\"><a class = \"posts-by-tag-item-title\" href=\"https:\/\/viajeraeditorial.ar\/blog\/2014\/05\/mauricio-dreiling-minuto-magdalena-2\/\">Mauricio Dreiling - Minuto Magdalena<\/a><\/li><li class=\"posts-by-tag-item Fernando Ortiz Mauricio Dreiling Pasos que se alejan\" id=\"posts-by-tag-item-2071\"><a class = \"posts-by-tag-item-title\" href=\"https:\/\/viajeraeditorial.ar\/blog\/2014\/05\/viajera-en-el-minuto-magdalena-145\/\">Viajera en el Minuto Magdalena 14\/5<\/a><\/li><li class=\"posts-by-tag-item Cecilia Maugeri Eugenia Coiro Gabriela Tavolara Karina Macci\u00f3 Lorena Garc\u00eda Mar\u00eda Florencia Gim\u00e9nez Mart\u00edn Jim\u00e9nez Guerra Mauricio Dreiling Ricardo Czikk Viajera Virginia Janza\" id=\"posts-by-tag-item-2080\"><a class = \"posts-by-tag-item-title\" href=\"https:\/\/viajeraeditorial.ar\/blog\/2014\/04\/viajera-en-la-feria-internacional-del-libro-de-buenos-aires\/\">Viajera en la Feria Internacional del Libro de Buenos Aires<\/a><\/li><li class=\"posts-by-tag-item Mauricio Dreiling Viajera Vidrio\" id=\"posts-by-tag-item-2093\"><a class = \"posts-by-tag-item-title\" href=\"https:\/\/viajeraeditorial.ar\/blog\/2014\/04\/nomade-mauricio-dreiling\/\">n\u00f3made - Mauricio Dreiling<\/a><\/li><li class=\"posts-by-tag-item Mauricio Dreiling Viajera Vidrio\" id=\"posts-by-tag-item-2106\"><a class = \"posts-by-tag-item-title\" href=\"https:\/\/viajeraeditorial.ar\/blog\/2014\/03\/alternativas-mauricio-dreiling\/\">alternativas - Mauricio Dreiling<\/a><\/li><li class=\"posts-by-tag-item Mauricio Dreiling Viajera Vidrio\" id=\"posts-by-tag-item-2116\"><a class = \"posts-by-tag-item-title\" href=\"https:\/\/viajeraeditorial.ar\/blog\/2014\/03\/espina-mauricio-dreiling\/\">espina - Mauricio Dreiling<\/a><\/li><li class=\"posts-by-tag-item Mauricio Dreiling Viajera Vidrio\" id=\"posts-by-tag-item-2129\"><a class = \"posts-by-tag-item-title\" href=\"https:\/\/viajeraeditorial.ar\/blog\/2014\/02\/secuencia-mauricio-dreiling\/\">secuencia - Mauricio Dreiling<\/a><\/li><li class=\"posts-by-tag-item Mauricio Dreiling Viajera Viajera inspira Vidrio\" id=\"posts-by-tag-item-1003\"><a class = \"posts-by-tag-item-title\" href=\"https:\/\/viajeraeditorial.ar\/blog\/2013\/12\/viajera-inspira-en-el-colegio-maria-justina-vinson\/\">Viajera inspira en el colegio - Mar\u00eda Justina Vinson<\/a><\/li><li class=\"posts-by-tag-item Mauricio Dreiling Vidrio\" id=\"posts-by-tag-item-1015\"><a class = \"posts-by-tag-item-title\" href=\"https:\/\/viajeraeditorial.ar\/blog\/2013\/12\/baupres-entrevista-a-mauricio-dreiling\/\">Baupr\u00e9s entrevista a Mauricio Dreiling<\/a><\/li><li class=\"posts-by-tag-item Cantata Eduardo Camisassa El fin de la siesta Hormigas en las venas Mar\u00eda Florencia Gim\u00e9nez Mart\u00edn Jim\u00e9nez Guerra Mauricio Dreiling Vidrio\" id=\"posts-by-tag-item-1022\"><a class = \"posts-by-tag-item-title\" href=\"https:\/\/viajeraeditorial.ar\/blog\/2013\/11\/los-nuevos-titulos-de-viajera-en-fedro-y-quiosquito-de-libros\/\">Los nuevos t\u00edtulos de Viajera en Fedro y Quiosquito de Libros<\/a><\/li><li class=\"posts-by-tag-item Mauricio Dreiling Viajera Vidrio\" id=\"posts-by-tag-item-1047\"><a class = \"posts-by-tag-item-title\" href=\"https:\/\/viajeraeditorial.ar\/blog\/2013\/11\/anticipo-de-vidrio-de-mauricio-dreiling\/\">Anticipo de VIDRIO de Mauricio Dreiling<\/a><\/li><li class=\"posts-by-tag-item Mauricio Dreiling Viajera Vidrio\" id=\"posts-by-tag-item-1055\"><a class = \"posts-by-tag-item-title\" href=\"https:\/\/viajeraeditorial.ar\/blog\/2013\/11\/anticipo-del-libro-de-mauricio-dreiling-vidrio\/\">Anticipo del libro de Mauricio Dreiling. Vidrio.<\/a><\/li><li class=\"posts-by-tag-item Eduardo Camisassa Mar\u00eda Florencia Gim\u00e9nez Mart\u00edn Jim\u00e9nez Guerra Mauricio Dreiling Viajera\" id=\"posts-by-tag-item-1061\"><a class = \"posts-by-tag-item-title\" href=\"https:\/\/viajeraeditorial.ar\/blog\/2013\/11\/2711-gran-fiesta-viajera\/\">27\/11 - Gran Fiesta Viajera<\/a><\/li><li class=\"posts-by-tag-item Mauricio Dreiling Viajera Vidrio\" id=\"posts-by-tag-item-1087\"><a class = \"posts-by-tag-item-title\" href=\"https:\/\/viajeraeditorial.ar\/blog\/2013\/11\/vidrio-de-mauricio-dreiling-anticipo\/\">VIDRIO de Mauricio Dreiling. Anticipo.<\/a><\/li><li class=\"posts-by-tag-item Apariciones P\u00fablicas Mauricio Dreiling Viajera Visita Vidrio\" id=\"posts-by-tag-item-1111\"><a class = \"posts-by-tag-item-title\" href=\"https:\/\/viajeraeditorial.ar\/blog\/2013\/10\/performance-poetica-en-clasica-y-moderna-mauricio-dreiling\/\">Performance Po\u00e9tica en Cl\u00e1sica y Moderna - Mauricio Dreiling<\/a><\/li><li class=\"posts-by-tag-item Mauricio Dreiling Viajera Vidrio\" id=\"posts-by-tag-item-1123\"><a class = \"posts-by-tag-item-title\" href=\"https:\/\/viajeraeditorial.ar\/blog\/2013\/10\/vidrio-de-mauricio-dreiling-proximo-titulo-de-viajera\/\">VIDRIO de Mauricio Dreiling. Pr\u00f3ximo t\u00edtulo de Viajera.<\/a><\/li><li class=\"posts-by-tag-item Apariciones P\u00fablicas Belara Mich\u00e1n Cecilia Maugeri Diego Recalde Eugenia Coiro Gabriel Kirchuk Karina Macci\u00f3 Mauricio Dreiling Nadina Tauhil Viajera Visita\" id=\"posts-by-tag-item-1125\"><a class = \"posts-by-tag-item-title\" href=\"https:\/\/viajeraeditorial.ar\/blog\/2013\/10\/tus-peores-poemas-de-amor-lunes-2110\/\">Tus peores poemas de amor - Lunes 21\/10<\/a><\/li><li class=\"posts-by-tag-item Mauricio Dreiling Viajera Vidrio\" id=\"posts-by-tag-item-1161\"><a class = \"posts-by-tag-item-title\" href=\"https:\/\/viajeraeditorial.ar\/blog\/2013\/10\/un-adelanto-de-vidrio-de-mauricio-dreiling\/\">Un adelanto de VIDRIO de Mauricio Dreiling<\/a><\/li><li class=\"posts-by-tag-item Mauricio Dreiling Viajera Vidrio\" id=\"posts-by-tag-item-1188\"><a class = \"posts-by-tag-item-title\" href=\"https:\/\/viajeraeditorial.ar\/blog\/2013\/09\/vidrio-de-mauricio-dreiling-adelanto-del-nuevo-libro-de-viajera\/\">VIDRIO de Mauricio Dreiling - Adelanto del nuevo libro de Viajera<\/a><\/li><li class=\"posts-by-tag-item Apariciones P\u00fablicas Mauricio Dreiling Nicol\u00e1s Di Candia Virginia Janza\" id=\"posts-by-tag-item-1192\"><a class = \"posts-by-tag-item-title\" href=\"https:\/\/viajeraeditorial.ar\/blog\/2013\/09\/viajera-en-el-dia-de-la-bibliodiversidad\/\">Viajera en el d\u00eda de la Bibliodiversidad<\/a><\/li><li class=\"posts-by-tag-item Mauricio Dreiling Viajera Vidrio\" id=\"posts-by-tag-item-1211\"><a class = \"posts-by-tag-item-title\" href=\"https:\/\/viajeraeditorial.ar\/blog\/2013\/09\/vidrio-de-mauricio-dreiling-adelanto-del-nuevo-libro-de-viajera-2\/\">VIDRIO de Mauricio Dreiling - Adelanto del nuevo libro de Viajera<\/a><\/li><li class=\"posts-by-tag-item Mauricio Dreiling Viajera Vidrio\" id=\"posts-by-tag-item-1231\"><a class = \"posts-by-tag-item-title\" href=\"https:\/\/viajeraeditorial.ar\/blog\/2013\/09\/vidrio-de-mauricio-dreiling-adelanto-del-nuevo-libro-de-viajera-3\/\">VIDRIO de Mauricio Dreiling - Adelanto del nuevo libro de Viajera<\/a><\/li><li class=\"posts-by-tag-item Mauricio Dreiling Viajera Vidrio\" id=\"posts-by-tag-item-1248\"><a class = \"posts-by-tag-item-title\" href=\"https:\/\/viajeraeditorial.ar\/blog\/2013\/08\/vidrio-de-mauricio-dreiling-adelanto-del-nuevo-libro-de-viajera-4\/\">VIDRIO de Mauricio Dreiling<\/a><\/li><li class=\"posts-by-tag-item Mauricio Dreiling Viajera Vidrio\" id=\"posts-by-tag-item-1272\"><a class = \"posts-by-tag-item-title\" href=\"https:\/\/viajeraeditorial.ar\/blog\/2013\/08\/vidrio-de-mauricio-dreiling-adelanto-del-nuevo-libro-de-viajera-5\/\">VIDRIO de Mauricio Dreiling - Adelanto del nuevo libro de Viajera<\/a><\/li><li class=\"posts-by-tag-item Alain Lawo-Sukam Amalia Sato Cecilia Maugeri Daniel C\u00e1seres Karina Macci\u00f3 Mauricio Dreiling Nicol\u00e1s Di Candia Roc\u00edo Mari\u00f1o Viajera Virginia Janza\" id=\"posts-by-tag-item-1392\"><a class = \"posts-by-tag-item-title\" href=\"https:\/\/viajeraeditorial.ar\/blog\/2013\/05\/presentacion-de-sueno-con-africa-de-alain-lawo-sukam\/\">Presentaci\u00f3n de Sue\u00f1o con \u00c1frica de Alain Lawo-Sukam<\/a><\/li><li class=\"posts-by-tag-item Mauricio Dreiling Viajera Viajera Visita\" id=\"posts-by-tag-item-1405\"><a class = \"posts-by-tag-item-title\" href=\"https:\/\/viajeraeditorial.ar\/blog\/2013\/05\/mauricio-dreiling-en-viajera-visita-el-quetzal\/\">Mauricio Dreiling en Viajera Visita El Quetzal<\/a><\/li><li class=\"posts-by-tag-item Mauricio Dreiling Viajera Viajera Visita Vidrio\" id=\"posts-by-tag-item-1426\"><a class = \"posts-by-tag-item-title\" href=\"https:\/\/viajeraeditorial.ar\/blog\/2013\/05\/mauricio-dreiling-en-viajera-visita\/\">Mauricio Dreiling en Viajera Visita<\/a><\/li><\/ul>\n","protected":false},"excerpt":{"rendered":"<p>Es escritor, actor y director teatral. Naci\u00f3 en 1977 en la ciudad de Gualeguaych\u00fa, Entre R\u00edos. Curs\u00f3 y obtuvo su Licenciatura en Econom\u00eda de la Universidad Nacional de La Plata, carrera que a\u00fan ejerce. Desde 2009 reside en la Ciudad de Buenos Aires. A lo largo de su vida ha participado de m\u00faltiples talleres literarios [&hellip;]<\/p>\n","protected":false},"author":3,"featured_media":0,"parent":8710,"menu_order":0,"comment_status":"closed","ping_status":"open","template":"","meta":[],"_links":{"self":[{"href":"https:\/\/viajeraeditorial.ar\/blog\/wp-json\/wp\/v2\/pages\/124"}],"collection":[{"href":"https:\/\/viajeraeditorial.ar\/blog\/wp-json\/wp\/v2\/pages"}],"about":[{"href":"https:\/\/viajeraeditorial.ar\/blog\/wp-json\/wp\/v2\/types\/page"}],"author":[{"embeddable":true,"href":"https:\/\/viajeraeditorial.ar\/blog\/wp-json\/wp\/v2\/users\/3"}],"replies":[{"embeddable":true,"href":"https:\/\/viajeraeditorial.ar\/blog\/wp-json\/wp\/v2\/comments?post=124"}],"version-history":[{"count":7,"href":"https:\/\/viajeraeditorial.ar\/blog\/wp-json\/wp\/v2\/pages\/124\/revisions"}],"predecessor-version":[{"id":4579,"href":"https:\/\/viajeraeditorial.ar\/blog\/wp-json\/wp\/v2\/pages\/124\/revisions\/4579"}],"up":[{"embeddable":true,"href":"https:\/\/viajeraeditorial.ar\/blog\/wp-json\/wp\/v2\/pages\/8710"}],"wp:attachment":[{"href":"https:\/\/viajeraeditorial.ar\/blog\/wp-json\/wp\/v2\/media?parent=124"}],"curies":[{"name":"wp","href":"https:\/\/api.w.org\/{rel}","templated":true}]}}