{"id":137,"date":"2015-04-20T02:22:23","date_gmt":"2015-04-20T05:22:23","guid":{"rendered":"http:\/\/www.viajeraeditorial.com.ar\/?page_id=137"},"modified":"2020-11-02T21:07:47","modified_gmt":"2020-11-03T00:07:47","slug":"gabriela-tavolara","status":"publish","type":"page","link":"https:\/\/viajeraeditorial.ar\/blog\/catalogo\/gabriela-tavolara\/","title":{"rendered":"Gabriela Tavolara"},"content":{"rendered":"<p><a href=\"http:\/\/www.viajeraeditorial.ar\/blog\/wp-content\/uploads\/2015\/04\/fotogabrielatavolara.jpg\"><img loading=\"lazy\" class=\"alignright size-full wp-image-471\" src=\"http:\/\/www.viajeraeditorial.ar\/blog\/wp-content\/uploads\/2015\/04\/fotogabrielatavolara.jpg\" alt=\"Gabriela Tavolara\" width=\"269\" height=\"350\" \/><\/a>Naci\u00f3 en la ciudad de Buenos Aires el 23 de enero de 1987.<\/p>\n<p>Desde 2004 participa en los talleres literarios de Siempre de Viaje. Dedica una parte\u00a0esencial de su vida a la escritura, a la lectura y a leer en p\u00fablico en encuentros literarios. Explora el lenguaje po\u00e9tico en sus diversas manifestaciones expresivas (especialmente en danza, m\u00fasica, cine) y lo po\u00e9tico del lenguaje cotidiano.<\/p>\n<p>En 2011 public\u00f3 <em>pOrcelanecra<\/em> en Colecci\u00f3n Valijita. Ha participado en publicaciones literarias en papel y online, como Poes\u00eda Manuscrita I y Viajera blog, y en diversos ciclos literarios.<\/p>\n<p>Su paso por el Pellegrini, sumado a la experimentaci\u00f3n en diversos talleres y la pr\u00e1ctica del idioma ingl\u00e9s desde peque\u00f1a, la han llevado a comenzar a formarse y desempe\u00f1arse como docente de ingl\u00e9s y coordinadora de talleres literarios en ingl\u00e9s y en castellano con especializaci\u00f3n en ni\u00f1os. Ha iniciado el <em>English Corner<\/em>, un espacio de Siempre de Viaje dedicado al ingl\u00e9s y a la literatura para chicos. Dentro del mismo proyecto, coordina el <em>Club de Cuentos<\/em> para que los escritores m\u00e1s peque\u00f1os inventen sus propias historias.<\/p>\n<p>Con el prop\u00f3sito de indagar en la puesta en escena de la literatura y de difundir los textos a trav\u00e9s de la voz de sus autores, desde 2012 ha colaborado grabando lecturas en eventos literarios que se re\u00fanen en <em><a href=\"http:\/\/youtube.com\/corazondelatorlit\">coraz\u00f3ndelator\/literatura<\/a><\/em>, espacio virtual de audios y videos literarios.<\/p>\n<p>Actualmente se encuentra escribiendo <em>abducida<\/em> y <em>amanaceres<\/em>, secuelas de <em>Strip-Dancer<\/em>.<\/p>\n<p><strong><span style=\"text-decoration: underline;\">En Viajera<\/span><\/strong><\/p>\n<p style=\"padding-left: 30px;\">pOrcelanecra (Colecci\u00f3n Valijita, 2011)<br \/>\n<a href=\"http:\/\/www.viajeraeditorial.ar\/blog\/descubrir\/strip-dancer\/\"><img loading=\"lazy\" class=\"alignnone size-full wp-image-4537\" src=\"http:\/\/www.viajeraeditorial.ar\/blog\/wp-content\/uploads\/2015\/03\/stripdancertapa_tn20.jpg\" alt=\"Strip-Dancer\" width=\"13\" height=\"20\" \/><\/a>\u00a0<a href=\"http:\/\/www.viajeraeditorial.ar\/blog\/descubrir\/strip-dancer\/\">Strip-Dancer<\/a> (<a href=\"http:\/\/www.viajeraeditorial.ar\/blog\/descubrir\/\">Descubrir<\/a>, 2014)<\/p>\n<p><span style=\"text-decoration: underline;\"><strong>Contactar a Gabriela<\/strong><\/span><\/p>\n<p style=\"padding-left: 30px;\"><a href=\"http:\/\/stripdancer.blogspot.com\">Blog<\/a><\/p>\n<p><strong><span style=\"text-decoration: underline;\">Contenido sobre Gabriela<\/span><\/strong><\/p>\n<ul class = \"posts-by-tag-list\"><li class=\"posts-by-tag-item Gabriela Tavolara Soledad Arienza Strip-Dancer\" id=\"posts-by-tag-item-7477\"><a class = \"posts-by-tag-item-title\" href=\"https:\/\/viajeraeditorial.ar\/blog\/2018\/12\/dd-desnudez-y-disfraz-en-strip-dancer-soledad-arienza\/\">D\/D: desnudez y disfraz en Strip-Dancer * Soledad Arienza<\/a><\/li><li class=\"posts-by-tag-item Gabriela Tavolara Strip-Dancer\" id=\"posts-by-tag-item-6033\"><a class = \"posts-by-tag-item-title\" href=\"https:\/\/viajeraeditorial.ar\/blog\/2017\/01\/una-persona-que-esta-vestida-gabriela-tavolara\/\">Una persona que est\u00e1 vestida * Gabriela Tavolara<\/a><\/li><li class=\"posts-by-tag-item Gabriela Tavolara Strip-Dancer\" id=\"posts-by-tag-item-5858\"><a class = \"posts-by-tag-item-title\" href=\"https:\/\/viajeraeditorial.ar\/blog\/2016\/10\/gabriela-tavolara-en-trend-topic\/\">Gabriela Tavolara en Trend Topic<\/a><\/li><li class=\"posts-by-tag-item Gabriela Tavolara\" id=\"posts-by-tag-item-5333\"><a class = \"posts-by-tag-item-title\" href=\"https:\/\/viajeraeditorial.ar\/blog\/2016\/03\/5333\/\">Strip Dancer en la Radio<\/a><\/li><li class=\"posts-by-tag-item Alejandro Chaluat Diego Recalde Dos bocas Eugenia Coiro Explorar Fede Flotta Gabriela Tavolara Karina Macci\u00f3 Lola Ullmann Lorena Garc\u00eda Nicol\u00e1s Di Candia Paula Wolff Portada Sol Altare Valentina Nicanoff Ver\u00f3nica Tarzia Viajera\" id=\"posts-by-tag-item-5073\"><a class = \"posts-by-tag-item-title\" href=\"https:\/\/viajeraeditorial.ar\/blog\/2015\/10\/que-es-dos-bocas\/\">Qu\u00e9 es Dos bocas<\/a><\/li><li class=\"posts-by-tag-item Biblioteca Nacional Delfina Uriburu Eugenia Coiro Gabriela Aristegui Gabriela Oyola Gabriela Tavolara Gloria Candioti Mauricio Dreiling Nicol\u00e1s Di Candia Pablo M\u00fcllner Portada Susana Cella Viajera Invernal Virginia Janza\" id=\"posts-by-tag-item-4628\"><a class = \"posts-by-tag-item-title\" href=\"https:\/\/viajeraeditorial.ar\/blog\/2015\/06\/viajera-de-invierno-en-la-biblioteca-nacional\/\">Viajera de Invierno en la Biblioteca Nacional<\/a><\/li><li class=\"posts-by-tag-item Andrea Larrieu An\u00edbal Ilguisonis Axel Levin Belara Mich\u00e1n Cat\u00e1logo Feria del Libro Gabriela Tavolara Habitar mi camino\/Dwelling my path Karina Macci\u00f3 Mar\u00eda del Carmen Sarquis Mauricio Dreiling Nicol\u00e1s Di Candia Strip-Dancer Vidrio\" id=\"posts-by-tag-item-2221\"><a class = \"posts-by-tag-item-title\" href=\"https:\/\/viajeraeditorial.ar\/blog\/2015\/05\/viajera-en-la-feria-del-libro-de-buenos-aires-este-domingo-10-de-mayo\/\">Viajera en la Feria del Libro de Buenos Aires este domingo 10 de mayo<\/a><\/li><li class=\"posts-by-tag-item Bengala Hotel Eugenia Coiro Gabriela Tavolara Karina Macci\u00f3 La Cajita de Pandora La P\u00e9rdida o La Perdida L\u00e9ame Lorena Garc\u00eda Minuto Fuego Nicol\u00e1s Di Candia Peligrosa Horizontal Strip-Dancer Viajera Virginia Janza\" id=\"posts-by-tag-item-2248\"><a class = \"posts-by-tag-item-title\" href=\"https:\/\/viajeraeditorial.ar\/blog\/2014\/12\/cronicas-viajeras-por-carolina-calvo\/\">Cr\u00f3nicas viajeras, por Carolina Calvo<\/a><\/li><li class=\"posts-by-tag-item Gabriela Tavolara Lorena Garc\u00eda Peligrosa Horizontal\" id=\"posts-by-tag-item-181\"><a class = \"posts-by-tag-item-title\" href=\"https:\/\/viajeraeditorial.ar\/blog\/2014\/12\/strip-dancer-peligrosa-horizontal-212\/\">Strip Dancer * Peligrosa horizontal \/\/ 2\/12<\/a><\/li><li class=\"posts-by-tag-item Gabriela Tavolara Strip-Dancer Viajera\" id=\"posts-by-tag-item-191\"><a class = \"posts-by-tag-item-title\" href=\"https:\/\/viajeraeditorial.ar\/blog\/2014\/11\/en-el-colectivo-gabriela-tavolarastrip-dancer\/\">en el colectivo - Gabriela Tavolara\/Strip Dancer<\/a><\/li><li class=\"posts-by-tag-item Gabriela Tavolara Strip-Dancer Viajera\" id=\"posts-by-tag-item-195\"><a class = \"posts-by-tag-item-title\" href=\"https:\/\/viajeraeditorial.ar\/blog\/2014\/11\/strip-dancer-gabriela-tavolara\/\">Strip-Dancer \/ Gabriela Tavolara<\/a><\/li><li class=\"posts-by-tag-item Gabriela Tavolara Lorena Garc\u00eda Peligrosa Horizontal Strip-Dancer Viajera\" id=\"posts-by-tag-item-201\"><a class = \"posts-by-tag-item-title\" href=\"https:\/\/viajeraeditorial.ar\/blog\/2014\/11\/212-peligrosa-horizontal-strip-dancer\/\">2\/12 Peligrosa horizontal \/\/ Strip-Dancer<\/a><\/li><li class=\"posts-by-tag-item Gabriela Tavolara Minuto Magdalena\" id=\"posts-by-tag-item-2205\"><a class = \"posts-by-tag-item-title\" href=\"https:\/\/viajeraeditorial.ar\/blog\/2014\/06\/gabriela-tavolara-minuto-magdalena\/\">Gabriela Tavolara: Minuto Magdalena<\/a><\/li><li class=\"posts-by-tag-item Gabriela Tavolara Strip-Dancer Viajera\" id=\"posts-by-tag-item-2073\"><a class = \"posts-by-tag-item-title\" href=\"https:\/\/viajeraeditorial.ar\/blog\/2014\/05\/gabriela-tavolara-strip-dancer-you-can-leave-your-hat-on-foto-vieja\/\">Gabriela Tavolara: Strip-Dancer: You can leave your hat on + foto vieja ...<\/a><\/li><li class=\"posts-by-tag-item Cecilia Maugeri Eugenia Coiro Gabriela Tavolara Karina Macci\u00f3 Lorena Garc\u00eda Mar\u00eda Florencia Gim\u00e9nez Mart\u00edn Jim\u00e9nez Guerra Mauricio Dreiling Ricardo Czikk Viajera Virginia Janza\" id=\"posts-by-tag-item-2080\"><a class = \"posts-by-tag-item-title\" href=\"https:\/\/viajeraeditorial.ar\/blog\/2014\/04\/viajera-en-la-feria-internacional-del-libro-de-buenos-aires\/\">Viajera en la Feria Internacional del Libro de Buenos Aires<\/a><\/li><li class=\"posts-by-tag-item Gabriela Tavolara Strip-Dancer\" id=\"posts-by-tag-item-1175\"><a class = \"posts-by-tag-item-title\" href=\"https:\/\/viajeraeditorial.ar\/blog\/2013\/09\/strip-dancer-de-gabriela-tavolara-anticipo\/\">\"Strip-Dancer\", de Gabriela Tavolara. Anticipo<\/a><\/li><li class=\"posts-by-tag-item Gabriela Tavolara Strip-Dancer\" id=\"posts-by-tag-item-1208\"><a class = \"posts-by-tag-item-title\" href=\"https:\/\/viajeraeditorial.ar\/blog\/2013\/09\/un-fragmento-de-strip-dancer-de-gabriela-tavolara\/\">Un fragmento de \"Strip-Dancer\" de Gabriela Tavolara<\/a><\/li><li class=\"posts-by-tag-item Gabriela Tavolara Strip-Dancer Viajera\" id=\"posts-by-tag-item-1226\"><a class = \"posts-by-tag-item-title\" href=\"https:\/\/viajeraeditorial.ar\/blog\/2013\/09\/strip-dancer-de-gabriela-tavolara\/\">\"Strip-Dancer\" de Gabriela Tavolara<\/a><\/li><li class=\"posts-by-tag-item Gabriela Tavolara Strip-Dancer Viajera\" id=\"posts-by-tag-item-1245\"><a class = \"posts-by-tag-item-title\" href=\"https:\/\/viajeraeditorial.ar\/blog\/2013\/08\/strip-dancer-proximo-titulo-de-viajera\/\">Strip-Dancer * Gabriela Tavolara<\/a><\/li><li class=\"posts-by-tag-item Gabriela Tavolara Strip-Dancer\" id=\"posts-by-tag-item-1264\"><a class = \"posts-by-tag-item-title\" href=\"https:\/\/viajeraeditorial.ar\/blog\/2013\/08\/un-adelanto-de-strip-dancer-el-nuevo-libro-de-gabriela-tavolara\/\">Un adelanto de \"Strip-Dancer\", el nuevo libro de Gabriela Tavolara<\/a><\/li><li class=\"posts-by-tag-item Gabriel Kirchuk Gabriela Tavolara Patricio Foglia Tamara Domenech Ting Ting Mei Viajera Visita\" id=\"posts-by-tag-item-1757\"><a class = \"posts-by-tag-item-title\" href=\"https:\/\/viajeraeditorial.ar\/blog\/2012\/07\/lecturas-viajeras-en-vuela-el-pez\/\">Lecturas viajeras en Vuela el Pez<\/a><\/li><li class=\"posts-by-tag-item Gabriela Tavolara Strip-Dancer\" id=\"posts-by-tag-item-1776\"><a class = \"posts-by-tag-item-title\" href=\"https:\/\/viajeraeditorial.ar\/blog\/2012\/07\/gabriela-tavolara-en-viajera-visita\/\">Gabriela Tavolara en Viajera Visita<\/a><\/li><li class=\"posts-by-tag-item Gabriel Kirchuk Gabriela Tavolara Oliverio Coelho Patricio Foglia Tamara Domenech Ting Ting Mei\" id=\"posts-by-tag-item-1781\"><a class = \"posts-by-tag-item-title\" href=\"https:\/\/viajeraeditorial.ar\/blog\/2012\/07\/viajera-visita-vuela-el-pez\/\">Viajera visita Vuela el Pez!<\/a><\/li><\/ul>\n","protected":false},"excerpt":{"rendered":"<p>Naci\u00f3 en la ciudad de Buenos Aires el 23 de enero de 1987. Desde 2004 participa en los talleres literarios de Siempre de Viaje. Dedica una parte\u00a0esencial de su vida a la escritura, a la lectura y a leer en p\u00fablico en encuentros literarios. Explora el lenguaje po\u00e9tico en sus diversas manifestaciones expresivas (especialmente en [&hellip;]<\/p>\n","protected":false},"author":3,"featured_media":0,"parent":8710,"menu_order":0,"comment_status":"closed","ping_status":"open","template":"","meta":[],"_links":{"self":[{"href":"https:\/\/viajeraeditorial.ar\/blog\/wp-json\/wp\/v2\/pages\/137"}],"collection":[{"href":"https:\/\/viajeraeditorial.ar\/blog\/wp-json\/wp\/v2\/pages"}],"about":[{"href":"https:\/\/viajeraeditorial.ar\/blog\/wp-json\/wp\/v2\/types\/page"}],"author":[{"embeddable":true,"href":"https:\/\/viajeraeditorial.ar\/blog\/wp-json\/wp\/v2\/users\/3"}],"replies":[{"embeddable":true,"href":"https:\/\/viajeraeditorial.ar\/blog\/wp-json\/wp\/v2\/comments?post=137"}],"version-history":[{"count":6,"href":"https:\/\/viajeraeditorial.ar\/blog\/wp-json\/wp\/v2\/pages\/137\/revisions"}],"predecessor-version":[{"id":4563,"href":"https:\/\/viajeraeditorial.ar\/blog\/wp-json\/wp\/v2\/pages\/137\/revisions\/4563"}],"up":[{"embeddable":true,"href":"https:\/\/viajeraeditorial.ar\/blog\/wp-json\/wp\/v2\/pages\/8710"}],"wp:attachment":[{"href":"https:\/\/viajeraeditorial.ar\/blog\/wp-json\/wp\/v2\/media?parent=137"}],"curies":[{"name":"wp","href":"https:\/\/api.w.org\/{rel}","templated":true}]}}