{"id":30,"date":"2015-03-02T18:29:30","date_gmt":"2015-03-02T21:29:30","guid":{"rendered":"http:\/\/www.viajeraeditorial.com.ar\/?page_id=30"},"modified":"2020-06-06T17:12:17","modified_gmt":"2020-06-06T20:12:17","slug":"descubrir","status":"publish","type":"page","link":"https:\/\/viajeraeditorial.ar\/blog\/descubrir\/","title":{"rendered":"Descubrir"},"content":{"rendered":"<p><strong><em>Descubrir<\/em> los primeros libros de autor<\/strong><\/p>\n<p>La aventura m\u00e1s intr\u00e9pida de <b class=\"bold\">Viajera<\/b> es la colecci\u00f3n <b class=\"bold\"><i>descubrir<\/i><\/b>: una gran variedad de estilos y texturas de autores que lanzan al mundo sus primeras publicaciones. Descubrimos esa piedra fundamental de la escritura: el primer libro, la semilla que anuncia todo lo que vendr\u00e1.<\/p>\n<p>T\u00edtulos de\u00a0Descubrir:<\/p>\n<div id='gallery-2' class='gallery galleryid-30 gallery-columns-5 gallery-size-full'><figure class='gallery-item'>\n\t\t\t<div class='gallery-icon portrait'>\n\t\t\t\t<a href=\" http:\/\/www.viajeraeditorial.ar\/blog\/descubrir\/mineral\/\" class=\"no-lightbox\"><img width=\"200\" height=\"296\" src=\"https:\/\/viajeraeditorial.ar\/blog\/wp-content\/uploads\/2016\/08\/mineralt-e1472080869615.jpg\" class=\"attachment-full size-full\" alt=\"\" loading=\"lazy\" \/><\/a>\n\t\t\t<\/div><\/figure><figure class='gallery-item'>\n\t\t\t<div class='gallery-icon portrait'>\n\t\t\t\t<a href=\"http:\/\/www.viajeraeditorial.com.ar\/conjugada\/\" class=\"no-lightbox\"><img width=\"184\" height=\"300\" src=\"https:\/\/viajeraeditorial.ar\/blog\/wp-content\/uploads\/2015\/03\/conjugadat-e1472171889960.jpg\" class=\"attachment-full size-full\" alt=\"\" loading=\"lazy\" \/><\/a>\n\t\t\t<\/div><\/figure><figure class='gallery-item'>\n\t\t\t<div class='gallery-icon portrait'>\n\t\t\t\t<a href=\"http:\/\/www.viajeraeditorial.ar\/blog\/descubrir\/peligrosa-horizontal\/\" class=\"no-lightbox\"><img width=\"200\" height=\"300\" src=\"https:\/\/viajeraeditorial.ar\/blog\/wp-content\/uploads\/2015\/05\/peligrosatapa_tn.jpg\" class=\"attachment-full size-full\" alt=\"Peligrosa Horizontal\" loading=\"lazy\" \/><\/a>\n\t\t\t<\/div><\/figure><figure class='gallery-item'>\n\t\t\t<div class='gallery-icon portrait'>\n\t\t\t\t<a href=\"http:\/\/www.viajeraeditorial.com.ar\/seresa\/\" class=\"no-lightbox\"><img width=\"200\" height=\"307\" src=\"https:\/\/viajeraeditorial.ar\/blog\/wp-content\/uploads\/2015\/03\/seresat-e1472172110667.jpg\" class=\"attachment-full size-full\" alt=\"\" loading=\"lazy\" \/><\/a>\n\t\t\t<\/div><\/figure><figure class='gallery-item'>\n\t\t\t<div class='gallery-icon portrait'>\n\t\t\t\t<a href=\"http:\/\/www.viajeraeditorial.ar\/blog\/descubrir\/hipotesis-gaia\/\" class=\"no-lightbox\"><img width=\"200\" height=\"300\" src=\"https:\/\/viajeraeditorial.ar\/blog\/wp-content\/uploads\/2015\/03\/hipotesis-e1560249641841.jpg\" class=\"attachment-full size-full\" alt=\"\" loading=\"lazy\" \/><\/a>\n\t\t\t<\/div><\/figure><figure class='gallery-item'>\n\t\t\t<div class='gallery-icon portrait'>\n\t\t\t\t<a href=\"http:\/\/www.viajeraeditorial.ar\/blog\/descubrir\/el-fin-de-la-siesta\/\" class=\"no-lightbox\"><img width=\"200\" height=\"300\" src=\"https:\/\/viajeraeditorial.ar\/blog\/wp-content\/uploads\/2015\/05\/finsiestatapa_tn.jpg\" class=\"attachment-full size-full\" alt=\"El fin de la siesta\" loading=\"lazy\" \/><\/a>\n\t\t\t<\/div><\/figure><figure class='gallery-item'>\n\t\t\t<div class='gallery-icon portrait'>\n\t\t\t\t<a href=\"http:\/\/www.viajeraeditorial.ar\/blog\/descubrir\/encontradas-y-perdidas\/\" class=\"no-lightbox\"><img width=\"200\" height=\"300\" src=\"https:\/\/viajeraeditorial.ar\/blog\/wp-content\/uploads\/2015\/05\/encontradastapa_tn.jpg\" class=\"attachment-full size-full\" alt=\"Encontradas y Perdidas\" loading=\"lazy\" \/><\/a>\n\t\t\t<\/div><\/figure><figure class='gallery-item'>\n\t\t\t<div class='gallery-icon portrait'>\n\t\t\t\t<a href=\"http:\/\/www.viajeraeditorial.com.ar\/producto\/leame\/\" class=\"no-lightbox\"><img width=\"200\" height=\"300\" src=\"https:\/\/viajeraeditorial.ar\/blog\/wp-content\/uploads\/2015\/05\/leametapa_tn.jpg\" class=\"attachment-full size-full\" alt=\"L\u00e9ame\" loading=\"lazy\" \/><\/a>\n\t\t\t<\/div><\/figure><figure class='gallery-item'>\n\t\t\t<div class='gallery-icon portrait'>\n\t\t\t\t<a href=\"http:\/\/www.viajeraeditorial.ar\/blog\/descubrir\/orillas-de-la-luz\/\" class=\"no-lightbox\"><img width=\"195\" height=\"306\" src=\"https:\/\/viajeraeditorial.ar\/blog\/wp-content\/uploads\/2017\/01\/sin-titulo-e1485391706489.jpg\" class=\"attachment-full size-full\" alt=\"\" loading=\"lazy\" \/><\/a>\n\t\t\t<\/div><\/figure><figure class='gallery-item'>\n\t\t\t<div class='gallery-icon portrait'>\n\t\t\t\t<a href=\"http:\/\/www.viajeraeditorial.ar\/blog\/descubrir\/palabras-que-nos-nombran\/\" class=\"no-lightbox\"><img width=\"200\" height=\"300\" src=\"https:\/\/viajeraeditorial.ar\/blog\/wp-content\/uploads\/2015\/05\/palabrasquenostapa_tn.jpg\" class=\"attachment-full size-full\" alt=\"palabras que nos nombran\" loading=\"lazy\" \/><\/a>\n\t\t\t<\/div><\/figure><figure class='gallery-item'>\n\t\t\t<div class='gallery-icon portrait'>\n\t\t\t\t<a href=\"http:\/\/www.viajeraeditorial.com.ar\/producto\/la-cajita-de-pandora\/\" class=\"no-lightbox\"><img width=\"200\" height=\"300\" src=\"https:\/\/viajeraeditorial.ar\/blog\/wp-content\/uploads\/2015\/05\/lacajitatapa_tn.jpg\" class=\"attachment-full size-full\" alt=\"La cajita de Pandora\" loading=\"lazy\" \/><\/a>\n\t\t\t<\/div><\/figure><figure class='gallery-item'>\n\t\t\t<div class='gallery-icon portrait'>\n\t\t\t\t<a href=\"http:\/\/www.viajeraeditorial.com.ar\/producto\/bengala-hotel\/\" class=\"no-lightbox\"><img width=\"200\" height=\"300\" src=\"https:\/\/viajeraeditorial.ar\/blog\/wp-content\/uploads\/2015\/05\/bengalatapa_tn.jpg\" class=\"attachment-full size-full\" alt=\"Bengala Hotel\" loading=\"lazy\" \/><\/a>\n\t\t\t<\/div><\/figure><figure class='gallery-item'>\n\t\t\t<div class='gallery-icon portrait'>\n\t\t\t\t<a href=\"http:\/\/www.viajeraeditorial.com.ar\/solenleo\/\" class=\"no-lightbox\"><img width=\"200\" height=\"296\" src=\"https:\/\/viajeraeditorial.ar\/blog\/wp-content\/uploads\/2015\/03\/sol2-e1472307920838.jpg\" class=\"attachment-full size-full\" alt=\"\" loading=\"lazy\" \/><\/a>\n\t\t\t<\/div><\/figure><figure class='gallery-item'>\n\t\t\t<div class='gallery-icon portrait'>\n\t\t\t\t<a href=\"http:\/\/www.viajeraeditorial.ar\/blog\/descubrir\/sumergida\/\" class=\"no-lightbox\"><img width=\"200\" height=\"310\" src=\"https:\/\/viajeraeditorial.ar\/blog\/wp-content\/uploads\/2015\/03\/sumergidatapa-e1542323652417.jpg\" class=\"attachment-full size-full\" alt=\"\" loading=\"lazy\" \/><\/a>\n\t\t\t<\/div><\/figure><figure class='gallery-item'>\n\t\t\t<div class='gallery-icon portrait'>\n\t\t\t\t<a href=\"http:\/\/www.viajeraeditorial.ar\/blog\/descubrir\/estuche-negro\/\" class=\"no-lightbox\"><img width=\"200\" height=\"300\" src=\"https:\/\/viajeraeditorial.ar\/blog\/wp-content\/uploads\/2015\/05\/estuchetapa_tn.jpg\" class=\"attachment-full size-full\" alt=\"Estuche Negro\" loading=\"lazy\" \/><\/a>\n\t\t\t<\/div><\/figure><figure class='gallery-item'>\n\t\t\t<div class='gallery-icon portrait'>\n\t\t\t\t<a href=\"http:\/\/www.viajeraeditorial.ar\/blog\/descubrir\/pecespajaros\/\" class=\"no-lightbox\"><img width=\"200\" height=\"300\" src=\"https:\/\/viajeraeditorial.ar\/blog\/wp-content\/uploads\/2015\/05\/pecespajarostapa_tn.jpg\" class=\"attachment-full size-full\" alt=\"pecesp\u00e1jaros\" loading=\"lazy\" \/><\/a>\n\t\t\t<\/div><\/figure><figure class='gallery-item'>\n\t\t\t<div class='gallery-icon portrait'>\n\t\t\t\t<a href=\"https:\/\/www.viajeraeditorial.ar\/blog\/descubrir\/el-mundo-despiadado-de-las-nubes\/\" class=\"no-lightbox\"><img width=\"200\" height=\"315\" src=\"https:\/\/viajeraeditorial.ar\/blog\/wp-content\/uploads\/2020\/06\/despiadado-e1591474269855.jpg\" class=\"attachment-full size-full\" alt=\"\" loading=\"lazy\" \/><\/a>\n\t\t\t<\/div><\/figure><figure class='gallery-item'>\n\t\t\t<div class='gallery-icon portrait'>\n\t\t\t\t<a href=\"http:\/\/www.viajeraeditorial.ar\/blog\/descubrir\/suspendido\/\" class=\"no-lightbox\"><img width=\"205\" height=\"297\" src=\"https:\/\/viajeraeditorial.ar\/blog\/wp-content\/uploads\/2019\/05\/suspendido-e1557618807476.jpg\" class=\"attachment-full size-full\" alt=\"\" loading=\"lazy\" \/><\/a>\n\t\t\t<\/div><\/figure><figure class='gallery-item'>\n\t\t\t<div class='gallery-icon portrait'>\n\t\t\t\t<a href=\"http:\/\/www.viajeraeditorial.ar\/blog\/descubrir\/hormigas-en-las-venas\/\" class=\"no-lightbox\"><img width=\"200\" height=\"300\" src=\"https:\/\/viajeraeditorial.ar\/blog\/wp-content\/uploads\/2015\/05\/hormigastapa_tn.jpg\" class=\"attachment-full size-full\" alt=\"Hormigas en las venas\" loading=\"lazy\" \/><\/a>\n\t\t\t<\/div><\/figure><figure class='gallery-item'>\n\t\t\t<div class='gallery-icon portrait'>\n\t\t\t\t<a href=\"http:\/\/www.viajeraeditorial.ar\/blog\/descubrir\/degeneradas\/\" class=\"no-lightbox\"><img width=\"195\" height=\"307\" src=\"https:\/\/viajeraeditorial.ar\/blog\/wp-content\/uploads\/2015\/03\/degeneradas-e1485946182206.jpg\" class=\"attachment-full size-full\" alt=\"\" loading=\"lazy\" \/><\/a>\n\t\t\t<\/div><\/figure><figure class='gallery-item'>\n\t\t\t<div class='gallery-icon portrait'>\n\t\t\t\t<a href=\"http:\/\/www.viajeraeditorial.ar\/blog\/descubrir\/lengua-espiral\/\" class=\"no-lightbox\"><img width=\"200\" height=\"300\" src=\"https:\/\/viajeraeditorial.ar\/blog\/wp-content\/uploads\/2015\/05\/lenguatapa_tn.jpg\" class=\"attachment-full size-full\" alt=\"Lengua Espiral\" loading=\"lazy\" \/><\/a>\n\t\t\t<\/div><\/figure><figure class='gallery-item'>\n\t\t\t<div class='gallery-icon portrait'>\n\t\t\t\t<a href=\"http:\/\/www.viajeraeditorial.ar\/blog\/descubrir\/ranamadre\/\" class=\"no-lightbox\"><img width=\"200\" height=\"300\" src=\"https:\/\/viajeraeditorial.ar\/blog\/wp-content\/uploads\/2015\/05\/ranamadretapa_tn.jpg\" class=\"attachment-full size-full\" alt=\"ranamadre\" loading=\"lazy\" \/><\/a>\n\t\t\t<\/div><\/figure><figure class='gallery-item'>\n\t\t\t<div class='gallery-icon portrait'>\n\t\t\t\t<a href=\"http:\/\/www.viajeraeditorial.ar\/blog\/descubrir\/paternidad-se-estrena\/\" class=\"no-lightbox\"><img width=\"205\" height=\"289\" src=\"https:\/\/viajeraeditorial.ar\/blog\/wp-content\/uploads\/2015\/03\/17499453-10154967422435700-1911729882116153791-n-e1493576643144.jpg\" class=\"attachment-full size-full\" alt=\"\" loading=\"lazy\" \/><\/a>\n\t\t\t<\/div><\/figure><figure class='gallery-item'>\n\t\t\t<div class='gallery-icon portrait'>\n\t\t\t\t<a href=\"http:\/\/www.viajeraeditorial.ar\/blog\/descubrir\/cuerpoadentro\/\" class=\"no-lightbox\"><img width=\"200\" height=\"300\" src=\"https:\/\/viajeraeditorial.ar\/blog\/wp-content\/uploads\/2015\/05\/cuerpoadentrotapa_tn.jpg\" class=\"attachment-full size-full\" alt=\"cuerpoadentro\" loading=\"lazy\" \/><\/a>\n\t\t\t<\/div><\/figure><figure class='gallery-item'>\n\t\t\t<div class='gallery-icon portrait'>\n\t\t\t\t<a href=\"http:\/\/www.viajeraeditorial.ar\/blog\/descubrir\/cantata\/\" class=\"no-lightbox\"><img width=\"200\" height=\"300\" src=\"https:\/\/viajeraeditorial.ar\/blog\/wp-content\/uploads\/2015\/05\/cantatatapa_tn.jpg\" class=\"attachment-full size-full\" alt=\"Cantata\" loading=\"lazy\" \/><\/a>\n\t\t\t<\/div><\/figure><figure class='gallery-item'>\n\t\t\t<div class='gallery-icon portrait'>\n\t\t\t\t<a href=\"http:\/\/www.viajeraeditorial.ar\/blog\/descubrir\/malapalabra\/\" class=\"no-lightbox\"><img width=\"200\" height=\"300\" src=\"https:\/\/viajeraeditorial.ar\/blog\/wp-content\/uploads\/2015\/05\/malapalabratapa_tn.jpg\" class=\"attachment-full size-full\" alt=\"malapalabra\" loading=\"lazy\" \/><\/a>\n\t\t\t<\/div><\/figure><figure class='gallery-item'>\n\t\t\t<div class='gallery-icon portrait'>\n\t\t\t\t<a href=\"http:\/\/www.viajeraeditorial.ar\/blog\/descubrir\/strip-dancer\/\" class=\"no-lightbox\"><img width=\"200\" height=\"300\" src=\"https:\/\/viajeraeditorial.ar\/blog\/wp-content\/uploads\/2015\/05\/stripdancertapa_tn.jpg\" class=\"attachment-full size-full\" alt=\"Strip-Dancer\" loading=\"lazy\" \/><\/a>\n\t\t\t<\/div><\/figure><figure class='gallery-item'>\n\t\t\t<div class='gallery-icon portrait'>\n\t\t\t\t<a href=\"http:\/\/www.viajeraeditorial.ar\/blog\/descubrir\/herpes\/\" class=\"no-lightbox\"><img width=\"200\" height=\"300\" src=\"https:\/\/viajeraeditorial.ar\/blog\/wp-content\/uploads\/2015\/05\/herpestapa_tn.jpg\" class=\"attachment-full size-full\" alt=\"\" loading=\"lazy\" \/><\/a>\n\t\t\t<\/div><\/figure><figure class='gallery-item'>\n\t\t\t<div class='gallery-icon portrait'>\n\t\t\t\t<a href=\"http:\/\/www.viajeraeditorial.ar\/blog\/descubrir\/sonomama\/\" class=\"no-lightbox\"><img width=\"200\" height=\"300\" src=\"https:\/\/viajeraeditorial.ar\/blog\/wp-content\/uploads\/2015\/05\/sonomamatapa_tn.jpg\" class=\"attachment-full size-full\" alt=\"Sonomama\" loading=\"lazy\" \/><\/a>\n\t\t\t<\/div><\/figure><figure class='gallery-item'>\n\t\t\t<div class='gallery-icon portrait'>\n\t\t\t\t<a href=\"http:\/\/www.viajeraeditorial.ar\/blog\/descubrir\/corasangre\/\" class=\"no-lightbox\"><img width=\"200\" height=\"300\" src=\"https:\/\/viajeraeditorial.ar\/blog\/wp-content\/uploads\/2015\/05\/corasangretapa_tn.jpg\" class=\"attachment-full size-full\" alt=\"corasangre\" loading=\"lazy\" \/><\/a>\n\t\t\t<\/div><\/figure><figure class='gallery-item'>\n\t\t\t<div class='gallery-icon portrait'>\n\t\t\t\t<a href=\"http:\/\/www.viajeraeditorial.ar\/blog\/descubrir\/casa-de-viaje\/\" class=\"no-lightbox\"><img width=\"200\" height=\"300\" src=\"https:\/\/viajeraeditorial.ar\/blog\/wp-content\/uploads\/2015\/05\/casadeviajetapa_tn.jpg\" class=\"attachment-full size-full\" alt=\"Casa de Viaje\" loading=\"lazy\" \/><\/a>\n\t\t\t<\/div><\/figure><figure class='gallery-item'>\n\t\t\t<div class='gallery-icon portrait'>\n\t\t\t\t<a href=\"http:\/\/www.viajeraeditorial.ar\/blog\/descubrir\/vidrio\/\" class=\"no-lightbox\"><img width=\"200\" height=\"300\" src=\"https:\/\/viajeraeditorial.ar\/blog\/wp-content\/uploads\/2015\/05\/vidriotapa_tn.jpg\" class=\"attachment-full size-full\" alt=\"Vidrio\" loading=\"lazy\" \/><\/a>\n\t\t\t<\/div><\/figure><figure class='gallery-item'>\n\t\t\t<div class='gallery-icon portrait'>\n\t\t\t\t<a href=\"http:\/\/www.viajeraeditorial.ar\/blog\/descubrir\/la-playa\/\" class=\"no-lightbox\"><img width=\"200\" height=\"300\" src=\"https:\/\/viajeraeditorial.ar\/blog\/wp-content\/uploads\/2015\/05\/laplayatapa_tn.jpg\" class=\"attachment-full size-full\" alt=\"La Playa\" loading=\"lazy\" \/><\/a>\n\t\t\t<\/div><\/figure><figure class='gallery-item'>\n\t\t\t<div class='gallery-icon portrait'>\n\t\t\t\t<a href=\"http:\/\/www.viajeraeditorial.ar\/blog\/descubrir\/intemperie\/\" class=\"no-lightbox\"><img width=\"195\" height=\"308\" src=\"https:\/\/viajeraeditorial.ar\/blog\/wp-content\/uploads\/2015\/03\/sin-titulo-e1485309838162.png\" class=\"attachment-full size-full\" alt=\"\" loading=\"lazy\" \/><\/a>\n\t\t\t<\/div><\/figure><figure class='gallery-item'>\n\t\t\t<div class='gallery-icon portrait'>\n\t\t\t\t<a href=\"http:\/\/www.viajeraeditorial.ar\/blog\/descubrir\/sentir-oseo\/\" class=\"no-lightbox\"><img width=\"200\" height=\"300\" src=\"https:\/\/viajeraeditorial.ar\/blog\/wp-content\/uploads\/2015\/05\/sentirtapa_tn.jpg\" class=\"attachment-full size-full\" alt=\"Sentir \u00d3seo\" loading=\"lazy\" \/><\/a>\n\t\t\t<\/div><\/figure><figure class='gallery-item'>\n\t\t\t<div class='gallery-icon portrait'>\n\t\t\t\t<a href=\"http:\/\/www.viajeraeditorial.ar\/blog\/descubrir\/miamoresunmundo\/\" class=\"no-lightbox\"><img width=\"200\" height=\"310\" src=\"https:\/\/viajeraeditorial.ar\/blog\/wp-content\/uploads\/2018\/02\/miamortapita-e1518562208460.jpg\" class=\"attachment-full size-full\" alt=\"\" loading=\"lazy\" \/><\/a>\n\t\t\t<\/div><\/figure><figure class='gallery-item'>\n\t\t\t<div class='gallery-icon portrait'>\n\t\t\t\t<a href=\"http:\/\/www.viajeraeditorial.ar\/blog\/descubrir\/clin-caja\/\" class=\"no-lightbox\"><img width=\"200\" height=\"300\" src=\"https:\/\/viajeraeditorial.ar\/blog\/wp-content\/uploads\/2015\/05\/clincaja_tn.jpg\" class=\"attachment-full size-full\" alt=\"clin caja\" loading=\"lazy\" \/><\/a>\n\t\t\t<\/div><\/figure>\n\t\t<\/div>\n\n","protected":false},"excerpt":{"rendered":"<p>Descubrir los primeros libros de autor La aventura m\u00e1s intr\u00e9pida de Viajera es la colecci\u00f3n descubrir: una gran variedad de estilos y texturas de autores que lanzan al mundo sus primeras publicaciones. Descubrimos esa piedra fundamental de la escritura: el primer libro, la semilla que anuncia todo lo que vendr\u00e1. T\u00edtulos de\u00a0Descubrir:<\/p>\n","protected":false},"author":3,"featured_media":0,"parent":0,"menu_order":2,"comment_status":"closed","ping_status":"closed","template":"","meta":[],"_links":{"self":[{"href":"https:\/\/viajeraeditorial.ar\/blog\/wp-json\/wp\/v2\/pages\/30"}],"collection":[{"href":"https:\/\/viajeraeditorial.ar\/blog\/wp-json\/wp\/v2\/pages"}],"about":[{"href":"https:\/\/viajeraeditorial.ar\/blog\/wp-json\/wp\/v2\/types\/page"}],"author":[{"embeddable":true,"href":"https:\/\/viajeraeditorial.ar\/blog\/wp-json\/wp\/v2\/users\/3"}],"replies":[{"embeddable":true,"href":"https:\/\/viajeraeditorial.ar\/blog\/wp-json\/wp\/v2\/comments?post=30"}],"version-history":[{"count":25,"href":"https:\/\/viajeraeditorial.ar\/blog\/wp-json\/wp\/v2\/pages\/30\/revisions"}],"predecessor-version":[{"id":8442,"href":"https:\/\/viajeraeditorial.ar\/blog\/wp-json\/wp\/v2\/pages\/30\/revisions\/8442"}],"wp:attachment":[{"href":"https:\/\/viajeraeditorial.ar\/blog\/wp-json\/wp\/v2\/media?parent=30"}],"curies":[{"name":"wp","href":"https:\/\/api.w.org\/{rel}","templated":true}]}}