{"id":32,"date":"2015-03-02T18:30:19","date_gmt":"2015-03-02T21:30:19","guid":{"rendered":"http:\/\/www.viajeraeditorial.com.ar\/?page_id=32"},"modified":"2020-06-06T18:11:08","modified_gmt":"2020-06-06T21:11:08","slug":"explorar","status":"publish","type":"page","link":"https:\/\/viajeraeditorial.ar\/blog\/explorar\/","title":{"rendered":"Explorar"},"content":{"rendered":"<p class=\"cartabold\"><b><em>Explorar<\/em> el paisaje de las obras en construcci\u00f3n<\/b><\/p>\n<p class=\"plano\">La colecci\u00f3n <b class=\"bold\"><i>explorar<\/i><\/b> es una invitaci\u00f3n a disfrutar de la lectura: permite viajar a trav\u00e9s de una selecci\u00f3n de autores contempor\u00e1neos que van configurando una cartograf\u00eda de la literatura contempor\u00e1nea.<\/p>\n<p class=\"plano\">Explorar t\u00edtulos:<\/p>\n<div id='gallery-2' class='gallery galleryid-32 gallery-columns-4 gallery-size-full'><figure class='gallery-item'>\n\t\t\t<div class='gallery-icon portrait'>\n\t\t\t\t<a href=\"http:\/\/www.viajeraeditorial.ar\/blog\/explorar\/materna\/\" class=\"no-lightbox\"><img width=\"200\" height=\"300\" src=\"https:\/\/viajeraeditorial.ar\/blog\/wp-content\/uploads\/2015\/05\/maternatapa_tn.jpg\" class=\"attachment-full size-full\" alt=\"Materna\" loading=\"lazy\" \/><\/a>\n\t\t\t<\/div><\/figure><figure class='gallery-item'>\n\t\t\t<div class='gallery-icon portrait'>\n\t\t\t\t<a href=\"http:\/\/www.viajeraeditorial.ar\/blog\/explorar\/el-proceso-de-fotografiar\/\" class=\"no-lightbox\"><img width=\"200\" height=\"300\" src=\"https:\/\/viajeraeditorial.ar\/blog\/wp-content\/uploads\/2015\/05\/elprocesotapa_tn.jpg\" class=\"attachment-full size-full\" alt=\"El proceso de fotografiar\" loading=\"lazy\" \/><\/a>\n\t\t\t<\/div><\/figure><figure class='gallery-item'>\n\t\t\t<div class='gallery-icon portrait'>\n\t\t\t\t<a href=\"http:\/\/www.viajeraeditorial.ar\/blog\/explorar\/agua-o-nino-que-corre\/\" class=\"no-lightbox\"><img width=\"200\" height=\"300\" src=\"https:\/\/viajeraeditorial.ar\/blog\/wp-content\/uploads\/2015\/05\/aguaotapa_tn.jpg\" class=\"attachment-full size-full\" alt=\"Agua o ni\u00f1o que corre\" loading=\"lazy\" \/><\/a>\n\t\t\t<\/div><\/figure><figure class='gallery-item'>\n\t\t\t<div class='gallery-icon portrait'>\n\t\t\t\t<a href=\"http:\/\/www.viajeraeditorial.ar\/blog\/explorar\/relampagos\/\" class=\"no-lightbox\"><img width=\"200\" height=\"300\" src=\"https:\/\/viajeraeditorial.ar\/blog\/wp-content\/uploads\/2015\/05\/relampagostapa_tn.jpg\" class=\"attachment-full size-full\" alt=\"Rel\u00e1mpagos, vol. 1\" loading=\"lazy\" \/><\/a>\n\t\t\t<\/div><\/figure><figure class='gallery-item'>\n\t\t\t<div class='gallery-icon portrait'>\n\t\t\t\t<a href=\"http:\/\/www.viajeraeditorial.ar\/blog\/explorar\/pasos-que-se-alejan\/\" class=\"no-lightbox\"><img width=\"200\" height=\"300\" src=\"https:\/\/viajeraeditorial.ar\/blog\/wp-content\/uploads\/2015\/05\/pasosquesealejantapa_tn.jpg\" class=\"attachment-full size-full\" alt=\"Pasos que se alejan\" loading=\"lazy\" \/><\/a>\n\t\t\t<\/div><\/figure><figure class='gallery-item'>\n\t\t\t<div class='gallery-icon portrait'>\n\t\t\t\t<a href=\"http:\/\/www.viajeraeditorial.com.ar\/producto\/la-meta-de-gregorio\/\" class=\"no-lightbox\"><img width=\"200\" height=\"300\" src=\"https:\/\/viajeraeditorial.ar\/blog\/wp-content\/uploads\/2015\/05\/lametadegregoriotapa_tn.jpg\" class=\"attachment-full size-full\" alt=\"La Meta de Gregorio\" loading=\"lazy\" \/><\/a>\n\t\t\t<\/div><\/figure><figure class='gallery-item'>\n\t\t\t<div class='gallery-icon portrait'>\n\t\t\t\t<a href=\"http:\/\/www.viajeraeditorial.ar\/blog\/explorar\/lado-geminis\/\" class=\"no-lightbox\"><img width=\"200\" height=\"300\" src=\"https:\/\/viajeraeditorial.ar\/blog\/wp-content\/uploads\/2015\/05\/ladogeministapa_tn.jpg\" class=\"attachment-full size-full\" alt=\"Lado G\u00e9minis\" loading=\"lazy\" \/><\/a>\n\t\t\t<\/div><\/figure><figure class='gallery-item'>\n\t\t\t<div class='gallery-icon portrait'>\n\t\t\t\t<a href=\"http:\/\/www.viajeraeditorial.ar\/blog\/explorar\/diario-de-la-transformacion\/\" class=\"no-lightbox\"><img width=\"200\" height=\"300\" src=\"https:\/\/viajeraeditorial.ar\/blog\/wp-content\/uploads\/2015\/05\/diariodelatransformacion_tn.jpg\" class=\"attachment-full size-full\" alt=\"Diario de la Transformaci\u00f3n\" loading=\"lazy\" \/><\/a>\n\t\t\t<\/div><\/figure><figure class='gallery-item'>\n\t\t\t<div class='gallery-icon portrait'>\n\t\t\t\t<a href=\"http:\/\/www.viajeraeditorial.ar\/blog\/explorar\/presente-continuo\/\" class=\"no-lightbox\"><img width=\"200\" height=\"300\" src=\"https:\/\/viajeraeditorial.ar\/blog\/wp-content\/uploads\/2015\/05\/presentecontinuo_tn.jpg\" class=\"attachment-full size-full\" alt=\"Presente Continuo\" loading=\"lazy\" \/><\/a>\n\t\t\t<\/div><\/figure><figure class='gallery-item'>\n\t\t\t<div class='gallery-icon portrait'>\n\t\t\t\t<a href=\"http:\/\/www.viajeraeditorial.com.ar\/producto\/la-perdida-o-la-perdida\/\" class=\"no-lightbox\"><img width=\"200\" height=\"300\" src=\"https:\/\/viajeraeditorial.ar\/blog\/wp-content\/uploads\/2015\/05\/laperdida_tn.jpg\" class=\"attachment-full size-full\" alt=\"La P\u00e9rdida o La Perdida\" loading=\"lazy\" \/><\/a>\n\t\t\t<\/div><\/figure><figure class='gallery-item'>\n\t\t\t<div class='gallery-icon portrait'>\n\t\t\t\t<a href=\" http:\/\/www.viajeraeditorial.ar\/blog\/explorar\/ventanales\/\" class=\"no-lightbox\"><img width=\"200\" height=\"295\" src=\"https:\/\/viajeraeditorial.ar\/blog\/wp-content\/uploads\/2016\/08\/ventanales-tdifusion-e1472173162446.jpg\" class=\"attachment-full size-full\" alt=\"\" loading=\"lazy\" \/><\/a>\n\t\t\t<\/div><\/figure><figure class='gallery-item'>\n\t\t\t<div class='gallery-icon portrait'>\n\t\t\t\t<a href=\"http:\/\/www.viajeraeditorial.com.ar\/viviendo\/\" class=\"no-lightbox\"><img width=\"200\" height=\"315\" src=\"https:\/\/viajeraeditorial.ar\/blog\/wp-content\/uploads\/2015\/03\/viviendo-t-e1472174585394.jpg\" class=\"attachment-full size-full\" alt=\"\" loading=\"lazy\" \/><\/a>\n\t\t\t<\/div><\/figure><figure class='gallery-item'>\n\t\t\t<div class='gallery-icon portrait'>\n\t\t\t\t<a href=\"http:\/\/www.viajeraeditorial.ar\/blog\/explorar\/desmonte-3\/\" class=\"no-lightbox\"><img width=\"200\" height=\"303\" src=\"https:\/\/viajeraeditorial.ar\/blog\/wp-content\/uploads\/2015\/03\/desmonte-tdifusion-e1472175052847.jpg\" class=\"attachment-full size-full\" alt=\"\" loading=\"lazy\" \/><\/a>\n\t\t\t<\/div><\/figure><figure class='gallery-item'>\n\t\t\t<div class='gallery-icon portrait'>\n\t\t\t\t<a href=\"http:\/\/www.viajeraeditorial.ar\/blog\/explorar\/relampagos-vol-2\/\" class=\"no-lightbox\"><img width=\"200\" height=\"303\" src=\"https:\/\/viajeraeditorial.ar\/blog\/wp-content\/uploads\/2015\/03\/relamvol2t-e1472208852764.jpg\" class=\"attachment-full size-full\" alt=\"\" loading=\"lazy\" \/><\/a>\n\t\t\t<\/div><\/figure><figure class='gallery-item'>\n\t\t\t<div class='gallery-icon portrait'>\n\t\t\t\t<a href=\"http:\/\/www.viajeraeditorial.com.ar\/amoratada\/ \" class=\"no-lightbox\"><img width=\"200\" height=\"314\" src=\"https:\/\/viajeraeditorial.ar\/blog\/wp-content\/uploads\/2015\/03\/amoratada-e1472309336200.jpg\" class=\"attachment-full size-full\" alt=\"\" loading=\"lazy\" \/><\/a>\n\t\t\t<\/div><\/figure><figure class='gallery-item'>\n\t\t\t<div class='gallery-icon portrait'>\n\t\t\t\t<a href=\"http:\/\/www.viajeraeditorial.com.ar\/krav-maga\/ \" class=\"no-lightbox\"><img width=\"200\" height=\"316\" src=\"https:\/\/viajeraeditorial.ar\/blog\/wp-content\/uploads\/2015\/03\/krav-t-e1472324629327.jpg\" class=\"attachment-full size-full\" alt=\"\" loading=\"lazy\" \/><\/a>\n\t\t\t<\/div><\/figure><figure class='gallery-item'>\n\t\t\t<div class='gallery-icon portrait'>\n\t\t\t\t<a href=\"http:\/\/www.viajeraeditorial.com.ar\/dos-bocas\/\" class=\"no-lightbox\"><img width=\"200\" height=\"306\" src=\"https:\/\/viajeraeditorial.ar\/blog\/wp-content\/uploads\/2015\/03\/dosbocast-e1472324753389.jpg\" class=\"attachment-full size-full\" alt=\"\" loading=\"lazy\" \/><\/a>\n\t\t\t<\/div><\/figure><figure class='gallery-item'>\n\t\t\t<div class='gallery-icon portrait'>\n\t\t\t\t<a href=\"http:\/\/www.viajeraeditorial.com.ar\/hospital-samsara\/\" class=\"no-lightbox\"><img width=\"200\" height=\"318\" src=\"https:\/\/viajeraeditorial.ar\/blog\/wp-content\/uploads\/2015\/03\/hospitalt-e1472324860180.jpg\" class=\"attachment-full size-full\" alt=\"\" loading=\"lazy\" \/><\/a>\n\t\t\t<\/div><\/figure><figure class='gallery-item'>\n\t\t\t<div class='gallery-icon portrait'>\n\t\t\t\t<a href=\"http:\/\/www.viajeraeditorial.ar\/blog\/explorar\/fragmentos-del-fin\/\" class=\"no-lightbox\"><img width=\"200\" height=\"309\" src=\"https:\/\/viajeraeditorial.ar\/blog\/wp-content\/uploads\/2017\/01\/tapafrag-e1485341921483.jpg\" class=\"attachment-full size-full\" alt=\"\" loading=\"lazy\" \/><\/a>\n\t\t\t<\/div><\/figure><figure class='gallery-item'>\n\t\t\t<div class='gallery-icon portrait'>\n\t\t\t\t<a href=\"http:\/\/www.viajeraeditorial.ar\/blog\/explorar\/la-fauna-de-un-topacio\/\" class=\"no-lightbox\"><img width=\"200\" height=\"302\" src=\"https:\/\/viajeraeditorial.ar\/blog\/wp-content\/uploads\/2015\/03\/fauna-e1500462672459.jpg\" class=\"attachment-full size-full\" alt=\"\" loading=\"lazy\" \/><\/a>\n\t\t\t<\/div><\/figure><figure class='gallery-item'>\n\t\t\t<div class='gallery-icon portrait'>\n\t\t\t\t<a href=\"http:\/\/www.viajeraeditorial.ar\/blog\/explorar\/montgomery-de-lana-roja\/\" class=\"no-lightbox\"><img width=\"200\" height=\"298\" src=\"https:\/\/viajeraeditorial.ar\/blog\/wp-content\/uploads\/2018\/08\/montgomery-t-01-e1533815304440.jpg\" class=\"attachment-full size-full\" alt=\"\" loading=\"lazy\" \/><\/a>\n\t\t\t<\/div><\/figure><figure class='gallery-item'>\n\t\t\t<div class='gallery-icon portrait'>\n\t\t\t\t<a href=\"http:\/\/www.viajeraeditorial.ar\/blog\/explorar\/me-deja-dicha\/\" class=\"no-lightbox\"><img width=\"175\" height=\"272\" src=\"https:\/\/viajeraeditorial.ar\/blog\/wp-content\/uploads\/2018\/08\/medejadicha-1-e1542326035940.jpg\" class=\"attachment-full size-full\" alt=\"\" loading=\"lazy\" \/><\/a>\n\t\t\t<\/div><\/figure><figure class='gallery-item'>\n\t\t\t<div class='gallery-icon portrait'>\n\t\t\t\t<a href=\" http:\/\/www.viajeraeditorial.ar\/blog\/explorar\/ocre-amarillo-vol-1\/\" class=\"no-lightbox\"><img width=\"200\" height=\"314\" src=\"https:\/\/viajeraeditorial.ar\/blog\/wp-content\/uploads\/2015\/03\/lametatapa-thumb-1-e1542325910202.jpg\" class=\"attachment-full size-full\" alt=\"\" loading=\"lazy\" \/><\/a>\n\t\t\t<\/div><\/figure><figure class='gallery-item'>\n\t\t\t<div class='gallery-icon portrait'>\n\t\t\t\t<a href=\"http:\/\/www.viajeraeditorial.ar\/blog\/explorar\/relampagos-vol-3\/\" class=\"no-lightbox\"><img width=\"200\" height=\"296\" src=\"https:\/\/viajeraeditorial.ar\/blog\/wp-content\/uploads\/2015\/03\/relampagos3tapa-e1555598744102.jpg\" class=\"attachment-full size-full\" alt=\"\" loading=\"lazy\" \/><\/a>\n\t\t\t<\/div><\/figure><figure class='gallery-item'>\n\t\t\t<div class='gallery-icon portrait'>\n\t\t\t\t<a href=\"http:\/\/www.viajeraeditorial.ar\/blog\/explorar\/el-tiempo-de-la-flor\/\" class=\"no-lightbox\"><img width=\"194\" height=\"303\" src=\"https:\/\/viajeraeditorial.ar\/blog\/wp-content\/uploads\/2019\/05\/el-tiempo-de-la-flor-e1557454047651.jpg\" class=\"attachment-full size-full\" alt=\"\" loading=\"lazy\" \/><\/a>\n\t\t\t<\/div><\/figure><figure class='gallery-item'>\n\t\t\t<div class='gallery-icon portrait'>\n\t\t\t\t<a href=\"https:\/\/www.viajeraeditorial.ar\/blog\/explorar\/urbe-enardecida\/\" class=\"no-lightbox\"><img width=\"210\" height=\"285\" src=\"https:\/\/viajeraeditorial.ar\/blog\/wp-content\/uploads\/2015\/03\/urbe-e1591477856379.jpg\" class=\"attachment-full size-full\" alt=\"\" loading=\"lazy\" \/><\/a>\n\t\t\t<\/div><\/figure>\n\t\t<\/div>\n\n<p>&nbsp;<\/p>\n","protected":false},"excerpt":{"rendered":"<p>Explorar el paisaje de las obras en construcci\u00f3n La colecci\u00f3n explorar es una invitaci\u00f3n a disfrutar de la lectura: permite viajar a trav\u00e9s de una selecci\u00f3n de autores contempor\u00e1neos que van configurando una cartograf\u00eda de la literatura contempor\u00e1nea. Explorar t\u00edtulos: &nbsp;<\/p>\n","protected":false},"author":3,"featured_media":0,"parent":0,"menu_order":3,"comment_status":"closed","ping_status":"closed","template":"","meta":[],"_links":{"self":[{"href":"https:\/\/viajeraeditorial.ar\/blog\/wp-json\/wp\/v2\/pages\/32"}],"collection":[{"href":"https:\/\/viajeraeditorial.ar\/blog\/wp-json\/wp\/v2\/pages"}],"about":[{"href":"https:\/\/viajeraeditorial.ar\/blog\/wp-json\/wp\/v2\/types\/page"}],"author":[{"embeddable":true,"href":"https:\/\/viajeraeditorial.ar\/blog\/wp-json\/wp\/v2\/users\/3"}],"replies":[{"embeddable":true,"href":"https:\/\/viajeraeditorial.ar\/blog\/wp-json\/wp\/v2\/comments?post=32"}],"version-history":[{"count":18,"href":"https:\/\/viajeraeditorial.ar\/blog\/wp-json\/wp\/v2\/pages\/32\/revisions"}],"predecessor-version":[{"id":8453,"href":"https:\/\/viajeraeditorial.ar\/blog\/wp-json\/wp\/v2\/pages\/32\/revisions\/8453"}],"wp:attachment":[{"href":"https:\/\/viajeraeditorial.ar\/blog\/wp-json\/wp\/v2\/media?parent=32"}],"curies":[{"name":"wp","href":"https:\/\/api.w.org\/{rel}","templated":true}]}}