{"id":353,"date":"2015-05-03T20:29:10","date_gmt":"2015-05-03T23:29:10","guid":{"rendered":"http:\/\/www.viajeraeditorial.com.ar\/?page_id=353"},"modified":"2015-06-14T23:59:58","modified_gmt":"2015-06-15T02:59:58","slug":"lado-geminis","status":"publish","type":"page","link":"https:\/\/viajeraeditorial.ar\/blog\/explorar\/lado-geminis\/","title":{"rendered":"Lado G\u00e9minis"},"content":{"rendered":"<p class=\"plano\"><a href=\"http:\/\/www.viajeraeditorial.ar\/blog\/wp-content\/uploads\/2015\/05\/ladogeministapa.jpg\"><img loading=\"lazy\" class=\"alignleft size-full wp-image-586\" src=\"http:\/\/www.viajeraeditorial.ar\/blog\/wp-content\/uploads\/2015\/05\/ladogeministapa.jpg\" alt=\"Lado G\u00e9minis\" width=\"322\" height=\"477\" \/><\/a><a href=\"http:\/\/www.viajeraeditorial.ar\/blog\/autores\/virginia-janza\/\">Virginia Janza<\/a>, 2012<br \/>\nISBN: 978-987-26325-9-5<br \/>\n152 p.<\/p>\n<p class=\"plano\"><em>Lado G\u00e9minis<\/em> hilvana, a trav\u00e9s de distintas voces, una constelaci\u00f3n especular donde Virginia Janza se observa, medita y construye su intimidad. Alejandra Pizarnik, Bettie Page, Clarice Lispector, Ella Fitzgerald, \u00cdtalo Calvino, Karina Macci\u00f3, Linda Goodman, Marilyn Monroe, y Mercedes Roff\u00e9, son nombres elegidos para transitar un proceso. Libros en una valija para que la acompa\u00f1en en el viaje, que alberga preguntas pendulares sobre la soledad y la compa\u00f1\u00eda, el trabajo y la femineidad, el pasado y el presente, ser hija y ser amante, desear y ser deseada.<\/p>\n<p class=\"plano\">Estos poemas nacen en el silencio de una habitaci\u00f3n, pero la autora no est\u00e1 sola sino con escritores invitados a una fiesta por venir. As\u00ed, el libro se transforma en una prenda: un vestido negro con pespuntes rojos que, recostado sobre una cama, propone ser estrenado de improviso, como las palabras del cuerpo atravesado por la noche.<\/p>\n<p class=\"plano\" align=\"right\">Tamara Domenech<\/p>\n<p>Los dos mundos: G\u00e9minis vs. G\u00e9minis. Poeta ella y tambi\u00e9n la otra, que en nada y en todo se parecen, se mezclan y se desligan, como las flores de Maeterlinck. En <em>Lado G\u00e9minis<\/em>, entre postales y hojas de ruta, se puede vacilar ante espejos como un gato, ver \u00aca una mujer contemplando el desfile del ayer, imaginar un futuro lleno de memoria. Virginia escribe lo indecible, lo que nunca habr\u00eda dicho, el lado B, un estado sin medida, un yo llegando al otro estado, al de muerte y amor, donde s\u00f3lo importa <em>complacer<\/em> la palabra.<\/p>\n<p align=\"right\">Paula Oyarz\u00e1bal<\/p>\n<p style=\"text-align: left;\" align=\"right\"><span style=\"text-decoration: underline;\"><strong>Contenido sobre Lado G\u00e9minis<\/strong><\/span><\/p>\n<p style=\"text-align: left;\" align=\"right\"><ul class = \"posts-by-tag-list\"><li class=\"posts-by-tag-item Lado G\u00e9minis Viajera Virginia Janza\" id=\"posts-by-tag-item-2262\"><a class = \"posts-by-tag-item-title\" href=\"https:\/\/viajeraeditorial.ar\/blog\/2014\/11\/y-ahora-que-el-tiempo-se-nos-fue-virgnia-janza\/\">y ahora que el tiempo se nos fue - Virgnia Janza<\/a><\/li><li class=\"posts-by-tag-item Lado G\u00e9minis Viajera Virginia Janza\" id=\"posts-by-tag-item-2152\"><a class = \"posts-by-tag-item-title\" href=\"https:\/\/viajeraeditorial.ar\/blog\/2014\/09\/esto-de-lo-que-hablamos-virginia-janza\/\">Esto de lo que hablamos - Virginia Janza<\/a><\/li><li class=\"posts-by-tag-item Lado G\u00e9minis Viajera Virginia Janza\" id=\"posts-by-tag-item-2195\"><a class = \"posts-by-tag-item-title\" href=\"https:\/\/viajeraeditorial.ar\/blog\/2014\/07\/sugiero-mantener-la-boca-cerrada-virginia-janza\/\">Sugiero mantener la boca cerrada - Virginia Janza<\/a><\/li><li class=\"posts-by-tag-item Lado G\u00e9minis Viajera Virginia Janza\" id=\"posts-by-tag-item-2069\"><a class = \"posts-by-tag-item-title\" href=\"https:\/\/viajeraeditorial.ar\/blog\/2014\/05\/cuesta-la-muralla-virgnia-janza\/\">Cuesta la muralla - Virgnia Janza<\/a><\/li><li class=\"posts-by-tag-item Lado G\u00e9minis Viajera Virginia Janza\" id=\"posts-by-tag-item-2078\"><a class = \"posts-by-tag-item-title\" href=\"https:\/\/viajeraeditorial.ar\/blog\/2014\/04\/se-ha-trabado-la-lengua-corbata-virginia-janza\/\">Se ha trabado la lengua-corbata - Virginia Janza<\/a><\/li><li class=\"posts-by-tag-item Lado G\u00e9minis Viajera Virginia Janza\" id=\"posts-by-tag-item-2092\"><a class = \"posts-by-tag-item-title\" href=\"https:\/\/viajeraeditorial.ar\/blog\/2014\/04\/los-huesos-astillaban-virginia-janza\/\">Los huesos astillaban - Virginia Janza<\/a><\/li><li class=\"posts-by-tag-item Lado G\u00e9minis Viajera Virginia Janza\" id=\"posts-by-tag-item-2104\"><a class = \"posts-by-tag-item-title\" href=\"https:\/\/viajeraeditorial.ar\/blog\/2014\/03\/ha-pasado-cuanto-tiempo-virginia-janza\/\">Ha pasado cu\u00e1nto tiempo - Virginia Janza<\/a><\/li><li class=\"posts-by-tag-item Lado G\u00e9minis Viajera Virginia Janza\" id=\"posts-by-tag-item-2114\"><a class = \"posts-by-tag-item-title\" href=\"https:\/\/viajeraeditorial.ar\/blog\/2014\/03\/respiro-abriendo-las-fosas-virginia-janza\/\">Respiro abriendo las fosas - Virginia Janza<\/a><\/li><li class=\"posts-by-tag-item Lado G\u00e9minis Viajera Virginia Janza\" id=\"posts-by-tag-item-2121\"><a class = \"posts-by-tag-item-title\" href=\"https:\/\/viajeraeditorial.ar\/blog\/2014\/02\/y-si-se-tratara-todo-de-esto-virginia-janza\/\">\u00bfY si se tratara todo de esto? - Virginia Janza<\/a><\/li><li class=\"posts-by-tag-item Lado G\u00e9minis Viajera Virginia Janza\" id=\"posts-by-tag-item-2136\"><a class = \"posts-by-tag-item-title\" href=\"https:\/\/viajeraeditorial.ar\/blog\/2014\/02\/cuando-duele-de-mas-virginia-janza\/\">Cuando duele de m\u00e1s - Virginia Janza<\/a><\/li><li class=\"posts-by-tag-item Apariciones P\u00fablicas La Cajita de Pandora Lado G\u00e9minis Virginia Janza\" id=\"posts-by-tag-item-2044\"><a class = \"posts-by-tag-item-title\" href=\"https:\/\/viajeraeditorial.ar\/blog\/2014\/01\/entrevista-a-virginia-janza-en-lamula-pe\/\">Entrevista a Virginia Janza en LaMula.pe<\/a><\/li><li class=\"posts-by-tag-item Lado G\u00e9minis Viajera Virginia Janza\" id=\"posts-by-tag-item-950\"><a class = \"posts-by-tag-item-title\" href=\"https:\/\/viajeraeditorial.ar\/blog\/2014\/01\/el-tiempo-virginia-janza\/\">El tiempo... - Virginia Janza<\/a><\/li><li class=\"posts-by-tag-item Lado G\u00e9minis Loreley El Jaber Virginia Janza\" id=\"posts-by-tag-item-1205\"><a class = \"posts-by-tag-item-title\" href=\"https:\/\/viajeraeditorial.ar\/blog\/2013\/09\/como-un-abanico-loreley-el-jaber-escribe-sobre-lado-geminis\/\">\"Como un abanico\", Loreley El Jaber escribe sobre \"Lado G\u00e9minis\"<\/a><\/li><li class=\"posts-by-tag-item Lado G\u00e9minis Loreley El Jaber Virginia Janza\" id=\"posts-by-tag-item-1210\"><a class = \"posts-by-tag-item-title\" href=\"https:\/\/viajeraeditorial.ar\/blog\/2013\/09\/como-un-abanico-loreley-el-jaber-escribe-sobre-lado-geminis-de-virginia-janza\/\">\"Como un abanico\", Loreley El Jaber escribe sobre \"Lado G\u00e9minis\" de Virginia Janza<\/a><\/li><li class=\"posts-by-tag-item Lado G\u00e9minis Viajera Virginia Janza\" id=\"posts-by-tag-item-1346\"><a class = \"posts-by-tag-item-title\" href=\"https:\/\/viajeraeditorial.ar\/blog\/2013\/06\/virginia-janza-dorado\/\">Virginia Janza: Dorado<\/a><\/li><li class=\"posts-by-tag-item Lado G\u00e9minis Viajera Virginia Janza\" id=\"posts-by-tag-item-1436\"><a class = \"posts-by-tag-item-title\" href=\"https:\/\/viajeraeditorial.ar\/blog\/2013\/04\/no-retornable-resena-lado-geminis\/\">No-Retornable rese\u00f1a Lado G\u00e9minis<\/a><\/li><li class=\"posts-by-tag-item Apariciones P\u00fablicas Lado G\u00e9minis Viajera Virginia Janza\" id=\"posts-by-tag-item-1457\"><a class = \"posts-by-tag-item-title\" href=\"https:\/\/viajeraeditorial.ar\/blog\/2013\/03\/virginia-janza-entrevistada-en-ratta-china\/\">Virginia Janza entrevistada en Ratta China<\/a><\/li><li class=\"posts-by-tag-item Apariciones P\u00fablicas Lado G\u00e9minis Viajera Virginia Janza\" id=\"posts-by-tag-item-1460\"><a class = \"posts-by-tag-item-title\" href=\"https:\/\/viajeraeditorial.ar\/blog\/2013\/03\/lado-geminis-en-adn\/\">LADO G\u00c9MINIS EN ADN<\/a><\/li><li class=\"posts-by-tag-item La Cajita de Pandora Lado G\u00e9minis Virginia Janza\" id=\"posts-by-tag-item-1469\"><a class = \"posts-by-tag-item-title\" href=\"https:\/\/viajeraeditorial.ar\/blog\/2013\/01\/lado-geminis-de-virginia-janza-en-las-12\/\">Lado G\u00e9minis de Virginia Janza en Las 12!<\/a><\/li><li class=\"posts-by-tag-item Lado G\u00e9minis Viajera Virginia Janza\" id=\"posts-by-tag-item-1473\"><a class = \"posts-by-tag-item-title\" href=\"https:\/\/viajeraeditorial.ar\/blog\/2012\/12\/lado-geminis-resenado-por-ruben-sacchi\/\">Lado G\u00e9minis rese\u00f1ado por Rub\u00e9n Sacchi<\/a><\/li><li class=\"posts-by-tag-item La Cajita de Pandora Lado G\u00e9minis Viajera Visita Virginia Janza\" id=\"posts-by-tag-item-1589\"><a class = \"posts-by-tag-item-title\" href=\"https:\/\/viajeraeditorial.ar\/blog\/2012\/11\/virginia-janza-en-viajera-visita\/\">Virginia Janza en Viajera Visita<\/a><\/li><li class=\"posts-by-tag-item Lado G\u00e9minis Virginia Janza\" id=\"posts-by-tag-item-1601\"><a class = \"posts-by-tag-item-title\" href=\"https:\/\/viajeraeditorial.ar\/blog\/2012\/10\/sobre-lado-geminis\/\">Sobre Lado G\u00e9minis<\/a><\/li><li class=\"posts-by-tag-item Cecilia Maugeri Karina Macci\u00f3 Lado G\u00e9minis Loreley El Jaber Paula Oyarz\u00e1bal Tamara Domenech Virginia Janza\" id=\"posts-by-tag-item-1604\"><a class = \"posts-by-tag-item-title\" href=\"https:\/\/viajeraeditorial.ar\/blog\/2012\/10\/presentacion-de-lado-geminis\/\">Presentaci\u00f3n de Lado G\u00e9minis<\/a><\/li><li class=\"posts-by-tag-item Lado G\u00e9minis Virginia Janza\" id=\"posts-by-tag-item-1606\"><a class = \"posts-by-tag-item-title\" href=\"https:\/\/viajeraeditorial.ar\/blog\/2012\/10\/virginia-janza-en-lado-geminis\/\">Virginia Janza en: Lado G\u00e9minis<\/a><\/li><li class=\"posts-by-tag-item Cecilia Maugeri Karina Macci\u00f3 Lado G\u00e9minis Loreley El Jaber Paula Oyarz\u00e1bal Virginia Janza\" id=\"posts-by-tag-item-1608\"><a class = \"posts-by-tag-item-title\" href=\"https:\/\/viajeraeditorial.ar\/blog\/2012\/10\/instantaneas-de-lado-geminis\/\">Instant\u00e1neas de Lado G\u00e9minis<\/a><\/li><li class=\"posts-by-tag-item Apariciones P\u00fablicas Lado G\u00e9minis Viajera Visita Virginia Janza\" id=\"posts-by-tag-item-1612\"><a class = \"posts-by-tag-item-title\" href=\"https:\/\/viajeraeditorial.ar\/blog\/2012\/10\/lado-geminis-de-virginia-janza-nuevo-libro-viajero\/\">Lado G\u00e9minis de Virginia Janza, nuevo libro viajero!<\/a><\/li><li class=\"posts-by-tag-item La Cajita de Pandora Lado G\u00e9minis Viajera Visita Virginia Janza\" id=\"posts-by-tag-item-1677\"><a class = \"posts-by-tag-item-title\" href=\"https:\/\/viajeraeditorial.ar\/blog\/2012\/09\/virginia-janza-en-viajera-visita-2\/\">Virginia Janza en Viajera Visita<\/a><\/li><li class=\"posts-by-tag-item Apariciones P\u00fablicas Lado G\u00e9minis Virginia Janza\" id=\"posts-by-tag-item-1697\"><a class = \"posts-by-tag-item-title\" href=\"https:\/\/viajeraeditorial.ar\/blog\/2012\/09\/virginia-janza-en-alejandria\/\">Virginia Janza en Alejandr\u00eda<\/a><\/li><li class=\"posts-by-tag-item Belara Mich\u00e1n Bengala Hotel Cecilia Maugeri cuerpoadentro Diario de la Transformaci\u00f3n Eugenia Coiro Karina Macci\u00f3 Lado G\u00e9minis L\u00e9ame malapalabra Nadina Tauhil Nicol\u00e1s Di Candia ranamadre Virginia Janza\" id=\"posts-by-tag-item-1802\"><a class = \"posts-by-tag-item-title\" href=\"https:\/\/viajeraeditorial.ar\/blog\/2012\/05\/nuestro-paso-por-la-feria-del-libro\/\">Nuestro paso por la Feria del Libro<\/a><\/li><\/ul><\/p>\n","protected":false},"excerpt":{"rendered":"<p>Virginia Janza, 2012 ISBN: 978-987-26325-9-5 152 p. Lado G\u00e9minis hilvana, a trav\u00e9s de distintas voces, una constelaci\u00f3n especular donde Virginia Janza se observa, medita y construye su intimidad. Alejandra Pizarnik, Bettie Page, Clarice Lispector, Ella Fitzgerald, \u00cdtalo Calvino, Karina Macci\u00f3, Linda Goodman, Marilyn Monroe, y Mercedes Roff\u00e9, son nombres elegidos para transitar un proceso. Libros [&hellip;]<\/p>\n","protected":false},"author":3,"featured_media":0,"parent":32,"menu_order":4,"comment_status":"closed","ping_status":"open","template":"","meta":[],"_links":{"self":[{"href":"https:\/\/viajeraeditorial.ar\/blog\/wp-json\/wp\/v2\/pages\/353"}],"collection":[{"href":"https:\/\/viajeraeditorial.ar\/blog\/wp-json\/wp\/v2\/pages"}],"about":[{"href":"https:\/\/viajeraeditorial.ar\/blog\/wp-json\/wp\/v2\/types\/page"}],"author":[{"embeddable":true,"href":"https:\/\/viajeraeditorial.ar\/blog\/wp-json\/wp\/v2\/users\/3"}],"replies":[{"embeddable":true,"href":"https:\/\/viajeraeditorial.ar\/blog\/wp-json\/wp\/v2\/comments?post=353"}],"version-history":[{"count":5,"href":"https:\/\/viajeraeditorial.ar\/blog\/wp-json\/wp\/v2\/pages\/353\/revisions"}],"predecessor-version":[{"id":2339,"href":"https:\/\/viajeraeditorial.ar\/blog\/wp-json\/wp\/v2\/pages\/353\/revisions\/2339"}],"up":[{"embeddable":true,"href":"https:\/\/viajeraeditorial.ar\/blog\/wp-json\/wp\/v2\/pages\/32"}],"wp:attachment":[{"href":"https:\/\/viajeraeditorial.ar\/blog\/wp-json\/wp\/v2\/media?parent=353"}],"curies":[{"name":"wp","href":"https:\/\/api.w.org\/{rel}","templated":true}]}}