{"id":357,"date":"2015-05-03T20:30:24","date_gmt":"2015-05-03T23:30:24","guid":{"rendered":"http:\/\/www.viajeraeditorial.com.ar\/?page_id=357"},"modified":"2015-08-26T22:45:33","modified_gmt":"2015-08-27T01:45:33","slug":"la-meta-de-gregorio","status":"publish","type":"page","link":"https:\/\/viajeraeditorial.ar\/blog\/explorar\/la-meta-de-gregorio\/","title":{"rendered":"La Meta de Gregorio"},"content":{"rendered":"<p class=\"plano\"><a href=\"http:\/\/www.viajeraeditorial.ar\/blog\/wp-content\/uploads\/2015\/05\/lametadegregoriotapa.jpg\"><img loading=\"lazy\" class=\"alignleft size-full wp-image-589\" src=\"http:\/\/www.viajeraeditorial.ar\/blog\/wp-content\/uploads\/2015\/05\/lametadegregoriotapa.jpg\" alt=\"La Meta de Gregorio\" width=\"322\" height=\"494\" \/><\/a><a href=\"http:\/\/www.viajeraeditorial.ar\/blog\/autores\/diego-recalde\/\">Diego Recalde<\/a>, 2012<br \/>\nISBN: 978-987-28476-0-9<br \/>\n194 p.<\/p>\n<p class=\"plano\">Dicen que la personalidad se va formando, que por momentos se elige o se impone. Muchas veces se imita. \u00bfQu\u00e9 har\u00edas si descubr\u00eds que no ten\u00e9s personalidad y que todo lo que hac\u00e9s, no es por vos sino por alguien al que admir\u00e1s mucho? Es sobre esas imitaciones que escribe Diego Recalde. As\u00ed comienza esta novela, que cuenta la historia de Gregorio, un estudiante de letras, que luego de un sue\u00f1o intranquilo, se despierta convertido en Franz Kafka.<\/p>\n<p class=\"plano\">El autor nos ofrece su visi\u00f3n: vivir y desarrollar -de ser posible, alegremente- lo que cada cual tenga de \u00fanico, personal, original.<\/p>\n<p class=\"plano\" align=\"right\">Mart\u00edn Broussalis<\/p>\n<p>Los dolores de parto empiezan a los catorce o quince y duran hasta pasados los treinta. Parirse -esto es, construirse una personalidad, nacer en serio- debe ser el m\u00e1s complejo evento vital.<\/p>\n<p>El aparato de prensa y difusi\u00f3n que la cultura occidental contrat\u00f3 para imponer la idea de que la adolescencia y la juventud son maravillosas, opera con tanta potencia sobre nuestra indefensa memoria, que muchas veces nos hace sentir nostalgia por algo que no fue, para olvidar lo que s\u00ed fue: un parto. A diferencia de la memoria, la nostalgia no pide fidelidad. Nadie sabe por qu\u00e9, los recuerdos de juventud son administrados por esta \u00faltima. Por eso estamos condenados a a\u00f1orarla. Seguramente tambi\u00e9n por eso, el Gregorio de ma\u00f1ana recordar\u00e1 con ternura al que hoy sufre buscando qui\u00e9n ser.<\/p>\n<p><em>La Meta de Gregorio<\/em> es la genial hip\u00e9rbole que Diego Recalde cre\u00f3 para retratar con humor ese per\u00edodo traum\u00e1tico de la vida donde uno busca desesperadamente su identidad.<\/p>\n<p align=\"right\">Diego Sehinkman<\/p>\n<p class=\"plano\">No es f\u00e1cil escribir una novela de humor, menos a\u00fan si \u00e9sta aborda temas y personajes hist\u00f3ricos de la literatura. Lo que hace Diego Recalde es arriesgado y heroico. Lo que logra es un humor sutil, inteligente, que s\u00f3lo deja bache para la reflexi\u00f3n. Cuidado, lector, no se fanatice: podr\u00eda despertarse convertido en Recalde<\/p>\n<p class=\"plano\" align=\"right\">Gabriela Larralde<\/p>\n<p class=\"plano\" style=\"text-align: left;\" align=\"right\"><span style=\"text-decoration: underline;\"><strong>Contenido sobre La Meta de Gregorio<\/strong><\/span><\/p>\n<p class=\"plano\" style=\"text-align: left;\" align=\"right\"><ul class = \"posts-by-tag-list\"><li class=\"posts-by-tag-item Diego Recalde La Meta de Gregorio Viajera\" id=\"posts-by-tag-item-947\"><a class = \"posts-by-tag-item-title\" href=\"https:\/\/viajeraeditorial.ar\/blog\/2014\/01\/diego-recalde-la-meta-de-gregorio\/\">Diego Recalde - La Meta de Gregorio<\/a><\/li><li class=\"posts-by-tag-item Apariciones P\u00fablicas Diego Recalde La Meta de Gregorio Viajera Visita\" id=\"posts-by-tag-item-1091\"><a class = \"posts-by-tag-item-title\" href=\"https:\/\/viajeraeditorial.ar\/blog\/2013\/10\/diego-recalde-en-el-ciclo-intervenciones-literarias-no-convencionales-clasica-y-moderna\/\">Diego Recalde en el ciclo Intervenciones Literarias No Convencionales - Cl\u00e1sica y Moderna<\/a><\/li><li class=\"posts-by-tag-item Diego Recalde La Meta de Gregorio Viajera\" id=\"posts-by-tag-item-1139\"><a class = \"posts-by-tag-item-title\" href=\"https:\/\/viajeraeditorial.ar\/blog\/2013\/10\/la-meta-de-gregorio-de-diego-recalde-fragmento\/\">\"La Meta de Gregorio\", de Diego Recalde. (Fragmento)<\/a><\/li><li class=\"posts-by-tag-item Diego Recalde La Meta de Gregorio Viajera\" id=\"posts-by-tag-item-1246\"><a class = \"posts-by-tag-item-title\" href=\"https:\/\/viajeraeditorial.ar\/blog\/2013\/08\/sobre-la-meta-de-gregorio-de-diego-recalde\/\">Sobre \"La Meta de Gregorio\" de Diego Recalde<\/a><\/li><li class=\"posts-by-tag-item Diego Recalde La Meta de Gregorio Viajera\" id=\"posts-by-tag-item-1309\"><a class = \"posts-by-tag-item-title\" href=\"https:\/\/viajeraeditorial.ar\/blog\/2013\/07\/el-amor-en-viajera-diego-recalde-y-un-fragmento-de-la-meta-de-gregorio\/\">El Amor en Viajera - Diego Recalde y un fragmento de \"La Meta de Gregorio\"<\/a><\/li><li class=\"posts-by-tag-item Diego Recalde La Meta de Gregorio Viajera\" id=\"posts-by-tag-item-1335\"><a class = \"posts-by-tag-item-title\" href=\"https:\/\/viajeraeditorial.ar\/blog\/2013\/07\/diego-recalde-verde-metamorfosis\/\">Diego Recalde: Verde Metamorfosis<\/a><\/li><li class=\"posts-by-tag-item Diego Recalde La Meta de Gregorio\" id=\"posts-by-tag-item-1340\"><a class = \"posts-by-tag-item-title\" href=\"https:\/\/viajeraeditorial.ar\/blog\/2013\/07\/la-meta-de-gregorio-en-desmenuzarte-mejor\/\">La Meta de Gregorio en Desmenuzarte Mejor<\/a><\/li><li class=\"posts-by-tag-item Apariciones P\u00fablicas Diego Recalde La Meta de Gregorio Viajera\" id=\"posts-by-tag-item-1418\"><a class = \"posts-by-tag-item-title\" href=\"https:\/\/viajeraeditorial.ar\/blog\/2013\/05\/diego-recalde-en-la-feria-del-libro\/\">Diego Recalde en la Feria del Libro<\/a><\/li><li class=\"posts-by-tag-item Diego Recalde La Meta de Gregorio Viajera\" id=\"posts-by-tag-item-1438\"><a class = \"posts-by-tag-item-title\" href=\"https:\/\/viajeraeditorial.ar\/blog\/2013\/04\/la-meta-de-gregorio-en-el-diario-50x7-com\/\">\"La Meta de Gregorio\" en el diario 50x7.com<\/a><\/li><li class=\"posts-by-tag-item Diego Recalde La Meta de Gregorio Viajera\" id=\"posts-by-tag-item-1456\"><a class = \"posts-by-tag-item-title\" href=\"https:\/\/viajeraeditorial.ar\/blog\/2013\/03\/entrevista-a-diego-recalde-en-el-diario-de-la-u\/\">Entrevista a Diego Recalde en el Diario de la U<\/a><\/li><li class=\"posts-by-tag-item Diego Recalde La Meta de Gregorio N\u00e9stor Cheb Terrab Sonomama Viajera Visita\" id=\"posts-by-tag-item-1471\"><a class = \"posts-by-tag-item-title\" href=\"https:\/\/viajeraeditorial.ar\/blog\/2012\/12\/presentacion-de-la-meta-de-gregorio-y-sonomama\/\">Presentaci\u00f3n de \"La meta de Gregorio\" y \"Sonomama\"<\/a><\/li><li class=\"posts-by-tag-item Diego Recalde La Meta de Gregorio N\u00e9stor Cheb Terrab Sonomama\" id=\"posts-by-tag-item-1567\"><a class = \"posts-by-tag-item-title\" href=\"https:\/\/viajeraeditorial.ar\/blog\/2012\/11\/presentacion-viajera\/\">Presentaci\u00f3n Viajera!!!<\/a><\/li><li class=\"posts-by-tag-item Diego Recalde La Meta de Gregorio Viajera Visita\" id=\"posts-by-tag-item-1592\"><a class = \"posts-by-tag-item-title\" href=\"https:\/\/viajeraeditorial.ar\/blog\/2012\/11\/diego-recalde-en-viajera-visita\/\">Diego Recalde en Viajera Visita<\/a><\/li><li class=\"posts-by-tag-item Diego Recalde La Meta de Gregorio\" id=\"posts-by-tag-item-1704\"><a class = \"posts-by-tag-item-title\" href=\"https:\/\/viajeraeditorial.ar\/blog\/2012\/08\/diego-recalde-en-viajera-visita-2\/\">Diego Recalde en Viajera Visita<\/a><\/li><\/ul><\/p>\n","protected":false},"excerpt":{"rendered":"<p>Diego Recalde, 2012 ISBN: 978-987-28476-0-9 194 p. Dicen que la personalidad se va formando, que por momentos se elige o se impone. Muchas veces se imita. \u00bfQu\u00e9 har\u00edas si descubr\u00eds que no ten\u00e9s personalidad y que todo lo que hac\u00e9s, no es por vos sino por alguien al que admir\u00e1s mucho? Es sobre esas imitaciones [&hellip;]<\/p>\n","protected":false},"author":3,"featured_media":0,"parent":32,"menu_order":5,"comment_status":"closed","ping_status":"open","template":"","meta":[],"_links":{"self":[{"href":"https:\/\/viajeraeditorial.ar\/blog\/wp-json\/wp\/v2\/pages\/357"}],"collection":[{"href":"https:\/\/viajeraeditorial.ar\/blog\/wp-json\/wp\/v2\/pages"}],"about":[{"href":"https:\/\/viajeraeditorial.ar\/blog\/wp-json\/wp\/v2\/types\/page"}],"author":[{"embeddable":true,"href":"https:\/\/viajeraeditorial.ar\/blog\/wp-json\/wp\/v2\/users\/3"}],"replies":[{"embeddable":true,"href":"https:\/\/viajeraeditorial.ar\/blog\/wp-json\/wp\/v2\/comments?post=357"}],"version-history":[{"count":6,"href":"https:\/\/viajeraeditorial.ar\/blog\/wp-json\/wp\/v2\/pages\/357\/revisions"}],"predecessor-version":[{"id":2340,"href":"https:\/\/viajeraeditorial.ar\/blog\/wp-json\/wp\/v2\/pages\/357\/revisions\/2340"}],"up":[{"embeddable":true,"href":"https:\/\/viajeraeditorial.ar\/blog\/wp-json\/wp\/v2\/pages\/32"}],"wp:attachment":[{"href":"https:\/\/viajeraeditorial.ar\/blog\/wp-json\/wp\/v2\/media?parent=357"}],"curies":[{"name":"wp","href":"https:\/\/api.w.org\/{rel}","templated":true}]}}