{"id":363,"date":"2015-05-03T20:31:41","date_gmt":"2015-05-03T23:31:41","guid":{"rendered":"http:\/\/www.viajeraeditorial.com.ar\/?page_id=363"},"modified":"2015-06-15T00:00:30","modified_gmt":"2015-06-15T03:00:30","slug":"agua-o-nino-que-corre","status":"publish","type":"page","link":"https:\/\/viajeraeditorial.ar\/blog\/explorar\/agua-o-nino-que-corre\/","title":{"rendered":"Agua o ni\u00f1o que corre"},"content":{"rendered":"<p><a href=\"http:\/\/www.viajeraeditorial.ar\/blog\/wp-content\/uploads\/2015\/05\/aguaotapa.jpg\"><img loading=\"lazy\" class=\"alignleft  wp-image-683\" src=\"http:\/\/www.viajeraeditorial.ar\/blog\/wp-content\/uploads\/2015\/05\/aguaotapa.jpg\" alt=\"Agua o ni\u00f1o que corre\" width=\"406\" height=\"605\" \/><\/a><a href=\"http:\/\/www.viajeraeditorial.ar\/blog\/autores\/eugenia-coiro\/\">Eugenia Coiro<\/a>, 2014.<br \/>\nISBN: 978-987-3719-00-4<br \/>\n120 p.<\/p>\n<p>Una prolongada y profunda inmersi\u00f3n en aguas hondas y espesas, que encierran la Muerte, la Vida, la Belleza, el Horror, el Amor, el Deseo, y al fin, la Unidad. Todos los r\u00edos se adentran eternamente en el mar.<\/p>\n<p>Pero hundirse en lo m\u00e1s hondo, hacer el viaje, no es lo \u00fanico importante en la poes\u00eda. Hace falta algo m\u00e1s. Ese coraje adicional. Ese valor. Esa fuerza para regresar. Y escribirlo.<\/p>\n<p style=\"text-align: right;\">Karin Godnic<\/p>\n<p>\u00bfPuede el agua arrasarlo todo? \u00bfBorrarlo, matarlo? Algunas de las m\u00faltiples preguntas que despierta el libro de Eugenia Coiro. DEsde su t\u00edtulo plantea una disyunci\u00f3n imposible:\u00a0<em>Agua o ni\u00f1o que corre<\/em>, como si al agua, que parece total, completa, pudiera opon\u00e9rsele la particularidad, la peque\u00f1ez de un cuerpo infantil corriendo. \u00bfY por qu\u00e9 corre ese ni\u00f1o? \u00bfQui\u00e9n es? Sucede en la poes\u00eda, una interrogaci\u00f3n lleva a otra y a otra y a otra&#8230; \u00bfcada vez m\u00e1s profundas? Creo que s\u00ed, al menos en el hilo tenue, aguado, brillante, que van desenrollando estos poemas.<\/p>\n<p style=\"text-align: right;\">Karina Macci\u00f3<\/p>\n<p><span style=\"text-decoration: underline;\"><strong>Contenido sobre Agua o ni\u00f1o que corre<\/strong><\/span><\/p>\n<ul class = \"posts-by-tag-list\"><li class=\"posts-by-tag-item Agua o ni\u00f1o que corre Eugenia Coiro\" id=\"posts-by-tag-item-7700\"><a class = \"posts-by-tag-item-title\" href=\"https:\/\/viajeraeditorial.ar\/blog\/2019\/03\/el-se-mueve-como-un-pez-en-el-agua-eugenia-coiro\/\">\u00e9l se mueve como un pez en el agua * Eugenia Coiro<\/a><\/li><li class=\"posts-by-tag-item Agua o ni\u00f1o que corre Eugenia Coiro Pablo M\u00fcllner Portada\" id=\"posts-by-tag-item-4491\"><a class = \"posts-by-tag-item-title\" href=\"https:\/\/viajeraeditorial.ar\/blog\/2015\/06\/pablo-mullner-resena-agua-o-nino-que-corre\/\">Pablo M\u00fcllner rese\u00f1a \"Agua o ni\u00f1o que corre\"<\/a><\/li><li class=\"posts-by-tag-item Agua o ni\u00f1o que corre Eugenia Coiro Sebasti\u00e1n Realini Viajera\" id=\"posts-by-tag-item-2235\"><a class = \"posts-by-tag-item-title\" href=\"https:\/\/viajeraeditorial.ar\/blog\/2015\/02\/sebastian-realini-sobre-agua-o-nino-que-corre-de-eugenia-coiro\/\">Sebasti\u00e1n Realini sobre Agua o ni\u00f1o que corre de Eugenia Coiro<\/a><\/li><li class=\"posts-by-tag-item Agua o ni\u00f1o que corre Eugenia Coiro Viajera\" id=\"posts-by-tag-item-2236\"><a class = \"posts-by-tag-item-title\" href=\"https:\/\/viajeraeditorial.ar\/blog\/2015\/01\/karin-godnic-sobre-agua-o-nino-que-corre-de-eugenia-coiro\/\">Karin Godnic sobre \"Agua o ni\u00f1o que corre\", de Eugenia Coiro<\/a><\/li><li class=\"posts-by-tag-item Agua o ni\u00f1o que corre Axel Levin Eugenia Coiro Viajera\" id=\"posts-by-tag-item-2244\"><a class = \"posts-by-tag-item-title\" href=\"https:\/\/viajeraeditorial.ar\/blog\/2014\/12\/axel-levin-sobre-agua-o-nino-que-corre-de-eugenia-coiro\/\">Axel Levin sobre Agua o ni\u00f1o que corre de Eugenia Coiro<\/a><\/li><li class=\"posts-by-tag-item Agua o ni\u00f1o que corre Eugenia Coiro Nicol\u00e1s Pazos Viajera\" id=\"posts-by-tag-item-151\"><a class = \"posts-by-tag-item-title\" href=\"https:\/\/viajeraeditorial.ar\/blog\/2014\/12\/nicolas-pazos-sobre-agua-o-nino-que-corre-de-eugenia-coiro\/\">Nicol\u00e1s Pazos sobre \"Agua o ni\u00f1o que corre\", de Eugenia Coiro<\/a><\/li><li class=\"posts-by-tag-item Agua o ni\u00f1o que corre Axel Levin Eugenia Coiro Nicol\u00e1s Pazos Viajera\" id=\"posts-by-tag-item-169\"><a class = \"posts-by-tag-item-title\" href=\"https:\/\/viajeraeditorial.ar\/blog\/2014\/12\/axel-levin-sobre-agua-o-nino-que-corre-de-eugenia-coiro-2\/\">Axel Levin sobre \"Agua o ni\u00f1o que corre\", de Eugenia Coiro<\/a><\/li><li class=\"posts-by-tag-item Agua o ni\u00f1o que corre Cecilia Perna Eugenia Coiro Viajera\" id=\"posts-by-tag-item-2263\"><a class = \"posts-by-tag-item-title\" href=\"https:\/\/viajeraeditorial.ar\/blog\/2014\/11\/cecilia-perna-sobre-agua-o-nino-que-corre-de-eugenia-coiro\/\">Cecilia Perna sobre Agua o ni\u00f1o que corre de Eugenia Coiro<\/a><\/li><li class=\"posts-by-tag-item Agua o ni\u00f1o que corre Eugenia Coiro Karina Macci\u00f3 Viajera\" id=\"posts-by-tag-item-2141\"><a class = \"posts-by-tag-item-title\" href=\"https:\/\/viajeraeditorial.ar\/blog\/2014\/10\/karina-maccio-y-alejandro-chaluat-presentan-agua-o-nino-que-corre-de-eug\/\">Karina Macci\u00f3 y Alejandro Chaluat presentan Agua o ni\u00f1o que corre de Eug...<\/a><\/li><li class=\"posts-by-tag-item Agua o ni\u00f1o que corre Eugenia Coiro Viajera\" id=\"posts-by-tag-item-311\"><a class = \"posts-by-tag-item-title\" href=\"https:\/\/viajeraeditorial.ar\/blog\/2014\/10\/eugenia-coiro-en-la-presentacion-de-agua-o-nino-que-corre\/\">Eugenia Coiro en la presentaci\u00f3n de Agua o ni\u00f1o que corre<\/a><\/li><li class=\"posts-by-tag-item Agua o ni\u00f1o que corre Eugenia Coiro Ricardo Czikk\" id=\"posts-by-tag-item-322\"><a class = \"posts-by-tag-item-title\" href=\"https:\/\/viajeraeditorial.ar\/blog\/2014\/10\/ricardo-czikk-resena-agua-o-nino-que-corre\/\">Ricardo Czikk rese\u00f1a \"Agua o ni\u00f1o que corre\"<\/a><\/li><li class=\"posts-by-tag-item Agua o ni\u00f1o que corre Eugenia Coiro Viajera\" id=\"posts-by-tag-item-2150\"><a class = \"posts-by-tag-item-title\" href=\"https:\/\/viajeraeditorial.ar\/blog\/2014\/09\/presentacion-agua-o-nino-que-corre-199\/\">presentaci\u00f3n: Agua o ni\u00f1o que corre 19\/9<\/a><\/li><li class=\"posts-by-tag-item Agua o ni\u00f1o que corre Eugenia Coiro Viajera\" id=\"posts-by-tag-item-2151\"><a class = \"posts-by-tag-item-title\" href=\"https:\/\/viajeraeditorial.ar\/blog\/2014\/09\/paisaje-de-piedras-y-agua-eugenia-coiro\/\">Paisaje de piedras y agua - Eugenia Coiro<\/a><\/li><li class=\"posts-by-tag-item Agua o ni\u00f1o que corre Eugenia Coiro Viajera\" id=\"posts-by-tag-item-2156\"><a class = \"posts-by-tag-item-title\" href=\"https:\/\/viajeraeditorial.ar\/blog\/2014\/09\/agua-o-nino-que-corre-eugenia-coiro\/\">Agua o ni\u00f1o que corre - Eugenia Coiro<\/a><\/li><li class=\"posts-by-tag-item Agua o ni\u00f1o que corre Eugenia Coiro Viajera\" id=\"posts-by-tag-item-2168\"><a class = \"posts-by-tag-item-title\" href=\"https:\/\/viajeraeditorial.ar\/blog\/2014\/08\/anticipo-de-agua-o-nino-que-corre-eugenia-coiro\/\">Anticipo de \"Agua o ni\u00f1o que corre\" - Eugenia Coiro<\/a><\/li><li class=\"posts-by-tag-item Agua o ni\u00f1o que corre Eugenia Coiro Viajera\" id=\"posts-by-tag-item-2187\"><a class = \"posts-by-tag-item-title\" href=\"https:\/\/viajeraeditorial.ar\/blog\/2014\/07\/anticipo-de-agua-o-nino-que-corre-eugenia-coiro-2\/\">Anticipo de \"Agua o ni\u00f1o que corre\" - Eugenia Coiro<\/a><\/li><li class=\"posts-by-tag-item Agua o ni\u00f1o que corre Eugenia Coiro Viajera\" id=\"posts-by-tag-item-2077\"><a class = \"posts-by-tag-item-title\" href=\"https:\/\/viajeraeditorial.ar\/blog\/2014\/05\/la-piel-transparenta-incluido-en-agua-o-nino-que-corre-eugenia-coiro\/\">\"la piel transparenta\", incluido en Agua o ni\u00f1o que corre - Eugenia Coiro<\/a><\/li><li class=\"posts-by-tag-item Agua o ni\u00f1o que corre Eugenia Coiro Viajera\" id=\"posts-by-tag-item-2089\"><a class = \"posts-by-tag-item-title\" href=\"https:\/\/viajeraeditorial.ar\/blog\/2014\/04\/el-agua-arrastra-incluido-en-agua-o-nino-que-corre-eugenia-coiro\/\">El agua arrastra, incluido en \"Agua o ni\u00f1o que corre\" - Eugenia Coiro<\/a><\/li><li class=\"posts-by-tag-item Agua o ni\u00f1o que corre Eugenia Coiro Viajera\" id=\"posts-by-tag-item-2125\"><a class = \"posts-by-tag-item-title\" href=\"https:\/\/viajeraeditorial.ar\/blog\/2014\/02\/anticipo-de-agua-o-nino-que-corre-de-eugenia-coiro\/\">Anticipo de \"Agua o ni\u00f1o que corre\" de Eugenia Coiro<\/a><\/li><li class=\"posts-by-tag-item Agua o ni\u00f1o que corre Alain Lawo-Sukam Cecilia Maugeri Eugenia Coiro Fernando Ortiz Karina Macci\u00f3 Pasos que se alejan Viajera Virginia Janza\" id=\"posts-by-tag-item-2137\"><a class = \"posts-by-tag-item-title\" href=\"https:\/\/viajeraeditorial.ar\/blog\/2014\/02\/viajera-en-poesiaargentina-com\/\">Viajera en poesiaargentina.com<\/a><\/li><\/ul>\n","protected":false},"excerpt":{"rendered":"<p>Eugenia Coiro, 2014. ISBN: 978-987-3719-00-4 120 p. Una prolongada y profunda inmersi\u00f3n en aguas hondas y espesas, que encierran la Muerte, la Vida, la Belleza, el Horror, el Amor, el Deseo, y al fin, la Unidad. Todos los r\u00edos se adentran eternamente en el mar. Pero hundirse en lo m\u00e1s hondo, hacer el viaje, no [&hellip;]<\/p>\n","protected":false},"author":3,"featured_media":0,"parent":32,"menu_order":8,"comment_status":"closed","ping_status":"open","template":"","meta":[],"_links":{"self":[{"href":"https:\/\/viajeraeditorial.ar\/blog\/wp-json\/wp\/v2\/pages\/363"}],"collection":[{"href":"https:\/\/viajeraeditorial.ar\/blog\/wp-json\/wp\/v2\/pages"}],"about":[{"href":"https:\/\/viajeraeditorial.ar\/blog\/wp-json\/wp\/v2\/types\/page"}],"author":[{"embeddable":true,"href":"https:\/\/viajeraeditorial.ar\/blog\/wp-json\/wp\/v2\/users\/3"}],"replies":[{"embeddable":true,"href":"https:\/\/viajeraeditorial.ar\/blog\/wp-json\/wp\/v2\/comments?post=363"}],"version-history":[{"count":5,"href":"https:\/\/viajeraeditorial.ar\/blog\/wp-json\/wp\/v2\/pages\/363\/revisions"}],"predecessor-version":[{"id":2343,"href":"https:\/\/viajeraeditorial.ar\/blog\/wp-json\/wp\/v2\/pages\/363\/revisions\/2343"}],"up":[{"embeddable":true,"href":"https:\/\/viajeraeditorial.ar\/blog\/wp-json\/wp\/v2\/pages\/32"}],"wp:attachment":[{"href":"https:\/\/viajeraeditorial.ar\/blog\/wp-json\/wp\/v2\/media?parent=363"}],"curies":[{"name":"wp","href":"https:\/\/api.w.org\/{rel}","templated":true}]}}