{"id":382,"date":"2015-05-03T23:12:10","date_gmt":"2015-05-04T02:12:10","guid":{"rendered":"http:\/\/www.viajeraeditorial.com.ar\/?page_id=382"},"modified":"2015-06-14T23:58:02","modified_gmt":"2015-06-15T02:58:02","slug":"cuerpoadentro","status":"publish","type":"page","link":"https:\/\/viajeraeditorial.ar\/blog\/descubrir\/cuerpoadentro\/","title":{"rendered":"cuerpoadentro"},"content":{"rendered":"<p class=\"plano\"><a href=\"http:\/\/www.viajeraeditorial.ar\/blog\/wp-content\/uploads\/2015\/05\/cuerpoadentrotapa.jpg\"><img loading=\"lazy\" class=\"alignleft size-full wp-image-642\" src=\"http:\/\/www.viajeraeditorial.ar\/blog\/wp-content\/uploads\/2015\/05\/cuerpoadentrotapa.jpg\" alt=\"cuerpoadentro\" width=\"322\" height=\"482\" \/><\/a><a href=\"http:\/\/www.viajeraeditorial.ar\/blog\/autores\/belara-michan\/\">Belara Mich\u00e1n<\/a>, 2011<br \/>\nISBN: 978-987-26325-5-7<br \/>\n111 p.<\/p>\n<p class=\"plano\">Una naturaleza muerta es antes que nada, un ox\u00edmoron, un artificio. Si es natural y est\u00e1 muerto, es cad\u00e1ver, un objeto presto a descomponerse hasta su desaparici\u00f3n. Ejemplos raros son las flores y las frutas: aunque una vez arrancadas, tienen fecha cierta de deceso, pueden ser condensaci\u00f3n de belleza, frescura, perfume. Y a\u00fan m\u00e1s, de amor y tentaci\u00f3n. \u00bfSomos como las flores o las frutas, o llevamos nuestro cuerpo como una naturaleza muerta? \u00bfNos vestimos de vida, de una cierta piel coloreada, estirada, reparada, y por dentro estamos muertos, pasados, putrefactos? <em>\u00bfQu\u00e9 hay adentro del cuerpo?<\/em> (del alma, no existen se\u00f1ales). Este libro nos habla de otros cuerpos que se guardan y se llevan. Cuerpo ni\u00f1o, cuerpo sexual, cuerpo familiar, cuerpo vegetal, cuerpo astillado. Como una c\u00e1scara, el vestido corporal va cayendo y aparece otra piel que tiene memoria de todo lo que nos ha sucedido. Los poemas buscan recuperar este cuerpo interno, a veces enterrado en la cabeza, saturado de lenguaje y estereotipos, anestesiado, inm\u00f3vil.<\/p>\n<p class=\"plano\">En ese cuadro de naturaleza muerta irrumpe el baile: de una naranja salen manzanas que empiezan a rodar, se transforman en higos, enredaderas, ramas, piernas, brazos. Un nuevo cuerpo surge y se empieza a conocer en ese movimiento, en una especie de danza primitiva que a la vez busca y rechaza las palabras. Porque decir este cuerpo es decir su movimiento, \u00bfy c\u00f3mo hacerlo sin romper ese leve transcurrir? \u00bfC\u00f3mo decir un gesto, una mirada, un \u201ctibio encastre\u201d? Belara Mich\u00e1n elige la poes\u00eda, y logra cuadros vivos, que estremecen y suenan con m\u00fasica n\u00edtida, necesaria.<\/p>\n<p class=\"plano\" style=\"text-align: right;\">Karina Macci\u00f3<\/p>\n<p class=\"plano\"><span style=\"text-decoration: underline;\"><strong>Contenido sobre <em>cuerpoadentro<\/em><\/strong><\/span><\/p>\n<p class=\"plano\"><ul class = \"posts-by-tag-list\"><li class=\"posts-by-tag-item Belara Mich\u00e1n cuerpoadentro Viajera\" id=\"posts-by-tag-item-157\"><a class = \"posts-by-tag-item-title\" href=\"https:\/\/viajeraeditorial.ar\/blog\/2014\/12\/quise-escribir-de-hoy-belara-michan\/\">quise escribir de hoy - Belara Mich\u00e1n<\/a><\/li><li class=\"posts-by-tag-item Belara Mich\u00e1n cuerpoadentro Viajera\" id=\"posts-by-tag-item-2146\"><a class = \"posts-by-tag-item-title\" href=\"https:\/\/viajeraeditorial.ar\/blog\/2014\/10\/estar-en-el-cuerpo-belara-michan\/\">estar en el cuerpo - Belara Mich\u00e1n<\/a><\/li><li class=\"posts-by-tag-item Belara Mich\u00e1n cuerpoadentro Viajera\" id=\"posts-by-tag-item-2154\"><a class = \"posts-by-tag-item-title\" href=\"https:\/\/viajeraeditorial.ar\/blog\/2014\/09\/cuando-de-repente-belara-michan\/\">\u00bfcu\u00e1ndo de repente - Belara Mich\u00e1n<\/a><\/li><li class=\"posts-by-tag-item Belara Mich\u00e1n cuerpoadentro Viajera\" id=\"posts-by-tag-item-2166\"><a class = \"posts-by-tag-item-title\" href=\"https:\/\/viajeraeditorial.ar\/blog\/2014\/08\/ella-ya-esta-belara-michan\/\">ella ya est\u00e1 - Belara Mich\u00e1n<\/a><\/li><li class=\"posts-by-tag-item Belara Mich\u00e1n cuerpoadentro Viajera\" id=\"posts-by-tag-item-2182\"><a class = \"posts-by-tag-item-title\" href=\"https:\/\/viajeraeditorial.ar\/blog\/2014\/07\/mirarse-en-el-espejo-de-la-noche-belara-michan\/\">mirarse en el espejo de la noche - Belara Mich\u00e1n<\/a><\/li><li class=\"posts-by-tag-item Belara Mich\u00e1n cuerpoadentro Viajera\" id=\"posts-by-tag-item-2199\"><a class = \"posts-by-tag-item-title\" href=\"https:\/\/viajeraeditorial.ar\/blog\/2014\/06\/ella-cuelga-belara-michan\/\">ella cuelga - Belara Mich\u00e1n<\/a><\/li><li class=\"posts-by-tag-item Belara Mich\u00e1n cuerpoadentro Viajera\" id=\"posts-by-tag-item-2056\"><a class = \"posts-by-tag-item-title\" href=\"https:\/\/viajeraeditorial.ar\/blog\/2014\/05\/en-la-bifurcacion-belara-michan\/\">en la bifurcaci\u00f3n - Belara Mich\u00e1n<\/a><\/li><li class=\"posts-by-tag-item Belara Mich\u00e1n cuerpoadentro Viajera\" id=\"posts-by-tag-item-2082\"><a class = \"posts-by-tag-item-title\" href=\"https:\/\/viajeraeditorial.ar\/blog\/2014\/04\/yo-su-perla-belara-michan\/\">Yo su perla - Belara Mich\u00e1n<\/a><\/li><li class=\"posts-by-tag-item Belara Mich\u00e1n cuerpoadentro Viajera\" id=\"posts-by-tag-item-2088\"><a class = \"posts-by-tag-item-title\" href=\"https:\/\/viajeraeditorial.ar\/blog\/2014\/04\/pero-si-tan-ciega-estoy-belara-michan\/\">pero si tan ciega estoy - Belara Mich\u00e1n<\/a><\/li><li class=\"posts-by-tag-item Belara Mich\u00e1n cuerpoadentro Viajera\" id=\"posts-by-tag-item-2102\"><a class = \"posts-by-tag-item-title\" href=\"https:\/\/viajeraeditorial.ar\/blog\/2014\/03\/yo-no-belara-michan\/\">yo NO - Belara Mich\u00e1n<\/a><\/li><li class=\"posts-by-tag-item Belara Mich\u00e1n cuerpoadentro Viajera\" id=\"posts-by-tag-item-2112\"><a class = \"posts-by-tag-item-title\" href=\"https:\/\/viajeraeditorial.ar\/blog\/2014\/03\/y-yo-la-paralisis-belara-michan\/\">y yo la par\u00e1lisis - Belara Mich\u00e1n<\/a><\/li><li class=\"posts-by-tag-item Belara Mich\u00e1n cuerpoadentro Viajera\" id=\"posts-by-tag-item-2124\"><a class = \"posts-by-tag-item-title\" href=\"https:\/\/viajeraeditorial.ar\/blog\/2014\/02\/que-comience-en-el-codo-belara-michan\/\">que comience en el codo - Belara Mich\u00e1n<\/a><\/li><li class=\"posts-by-tag-item Belara Mich\u00e1n cuerpoadentro Viajera\" id=\"posts-by-tag-item-2138\"><a class = \"posts-by-tag-item-title\" href=\"https:\/\/viajeraeditorial.ar\/blog\/2014\/02\/yo-veo-eso-belara-michan\/\">yo veo eso - Belara Mich\u00e1n<\/a><\/li><li class=\"posts-by-tag-item Belara Mich\u00e1n cuerpoadentro Viajera\" id=\"posts-by-tag-item-2043\"><a class = \"posts-by-tag-item-title\" href=\"https:\/\/viajeraeditorial.ar\/blog\/2014\/01\/vos-me-ves-como-un-raton-belara-michan\/\">vos me ves como un rat\u00f3n... - Belara Mich\u00e1n<\/a><\/li><li class=\"posts-by-tag-item Apariciones P\u00fablicas Belara Mich\u00e1n cuerpoadentro Viajera Visita\" id=\"posts-by-tag-item-1109\"><a class = \"posts-by-tag-item-title\" href=\"https:\/\/viajeraeditorial.ar\/blog\/2013\/10\/performance-poetica-belara-michan-en-clasica-y-moderna\/\">Performance Po\u00e9tica - Belara Mich\u00e1n en Cl\u00e1sica y Moderna<\/a><\/li><li class=\"posts-by-tag-item Amor Belara Mich\u00e1n cuerpoadentro Viajera\" id=\"posts-by-tag-item-1319\"><a class = \"posts-by-tag-item-title\" href=\"https:\/\/viajeraeditorial.ar\/blog\/2013\/07\/el-amor-en-viajera-belara-michan\/\">El Amor en Viajera - Belara Mich\u00e1n<\/a><\/li><li class=\"posts-by-tag-item Belara Mich\u00e1n cuerpoadentro Viajera\" id=\"posts-by-tag-item-1354\"><a class = \"posts-by-tag-item-title\" href=\"https:\/\/viajeraeditorial.ar\/blog\/2013\/06\/belara-michan-color-cuerpo\/\">Belara Mich\u00e1n: color cuerpo<\/a><\/li><li class=\"posts-by-tag-item Belara Mich\u00e1n cuerpoadentro Viajera Visita\" id=\"posts-by-tag-item-1529\"><a class = \"posts-by-tag-item-title\" href=\"https:\/\/viajeraeditorial.ar\/blog\/2012\/12\/belara-michan-en-viajera-visita\/\">Belara Mich\u00e1n en Viajera Visita<\/a><\/li><li class=\"posts-by-tag-item Belara Mich\u00e1n Bengala Hotel Cecilia Maugeri cuerpoadentro Diario de la Transformaci\u00f3n Eugenia Coiro Karina Macci\u00f3 Lado G\u00e9minis L\u00e9ame malapalabra Nadina Tauhil Nicol\u00e1s Di Candia ranamadre Virginia Janza\" id=\"posts-by-tag-item-1802\"><a class = \"posts-by-tag-item-title\" href=\"https:\/\/viajeraeditorial.ar\/blog\/2012\/05\/nuestro-paso-por-la-feria-del-libro\/\">Nuestro paso por la Feria del Libro<\/a><\/li><li class=\"posts-by-tag-item Belara Mich\u00e1n Bengala Hotel cuerpoadentro Eugenia Coiro L\u00e9ame Nadina Tauhil Nicol\u00e1s Di Candia ranamadre\" id=\"posts-by-tag-item-1814\"><a class = \"posts-by-tag-item-title\" href=\"https:\/\/viajeraeditorial.ar\/blog\/2012\/04\/andanzas-viajeras-diciembre-2011-abril-2012\/\">Andanzas viajeras Diciembre 2011-Abril 2012<\/a><\/li><li class=\"posts-by-tag-item Belara Mich\u00e1n cuerpoadentro\" id=\"posts-by-tag-item-1819\"><a class = \"posts-by-tag-item-title\" href=\"https:\/\/viajeraeditorial.ar\/blog\/2012\/04\/resena-de-cuerpoadentro-en-revista-siamesa\/\">Rese\u00f1a de cuerpoadentro en Revista Siamesa<\/a><\/li><li class=\"posts-by-tag-item Belara Mich\u00e1n cuerpoadentro\" id=\"posts-by-tag-item-1829\"><a class = \"posts-by-tag-item-title\" href=\"https:\/\/viajeraeditorial.ar\/blog\/2012\/04\/cuerpoadentro-en-revista-casquivana\/\">Cuerpoadentro en Revista Casquivana<\/a><\/li><li class=\"posts-by-tag-item Belara Mich\u00e1n Bengala Hotel cuerpoadentro Eugenia Coiro Viceversa\" id=\"posts-by-tag-item-1854\"><a class = \"posts-by-tag-item-title\" href=\"https:\/\/viajeraeditorial.ar\/blog\/2012\/01\/sobre-bengala-hotel-de-eugenia-coiro-2\/\">Sobre \"Bengala Hotel\" de Eugenia Coiro<\/a><\/li><li class=\"posts-by-tag-item Belara Mich\u00e1n Bengala Hotel cuerpoadentro Eugenia Coiro Viceversa\" id=\"posts-by-tag-item-1857\"><a class = \"posts-by-tag-item-title\" href=\"https:\/\/viajeraeditorial.ar\/blog\/2012\/01\/sobre-cuerpoadentro-de-belara-michan\/\">Sobre \"cuerpoadentro\" de Belara Mich\u00e1n<\/a><\/li><li class=\"posts-by-tag-item Belara Mich\u00e1n Bengala Hotel cuerpoadentro Eugenia Coiro L\u00e9ame Nadina Tauhil Nicol\u00e1s Di Candia ranamadre\" id=\"posts-by-tag-item-1864\"><a class = \"posts-by-tag-item-title\" href=\"https:\/\/viajeraeditorial.ar\/blog\/2011\/12\/presentacion-de-los-nuevos-libros-de-viajera\/\">Presentaci\u00f3n de los nuevos libros de Viajera!<\/a><\/li><\/ul><\/p>\n","protected":false},"excerpt":{"rendered":"<p>Belara Mich\u00e1n, 2011 ISBN: 978-987-26325-5-7 111 p. Una naturaleza muerta es antes que nada, un ox\u00edmoron, un artificio. Si es natural y est\u00e1 muerto, es cad\u00e1ver, un objeto presto a descomponerse hasta su desaparici\u00f3n. Ejemplos raros son las flores y las frutas: aunque una vez arrancadas, tienen fecha cierta de deceso, pueden ser condensaci\u00f3n de [&hellip;]<\/p>\n","protected":false},"author":3,"featured_media":0,"parent":30,"menu_order":12,"comment_status":"closed","ping_status":"open","template":"","meta":[],"_links":{"self":[{"href":"https:\/\/viajeraeditorial.ar\/blog\/wp-json\/wp\/v2\/pages\/382"}],"collection":[{"href":"https:\/\/viajeraeditorial.ar\/blog\/wp-json\/wp\/v2\/pages"}],"about":[{"href":"https:\/\/viajeraeditorial.ar\/blog\/wp-json\/wp\/v2\/types\/page"}],"author":[{"embeddable":true,"href":"https:\/\/viajeraeditorial.ar\/blog\/wp-json\/wp\/v2\/users\/3"}],"replies":[{"embeddable":true,"href":"https:\/\/viajeraeditorial.ar\/blog\/wp-json\/wp\/v2\/comments?post=382"}],"version-history":[{"count":5,"href":"https:\/\/viajeraeditorial.ar\/blog\/wp-json\/wp\/v2\/pages\/382\/revisions"}],"predecessor-version":[{"id":2323,"href":"https:\/\/viajeraeditorial.ar\/blog\/wp-json\/wp\/v2\/pages\/382\/revisions\/2323"}],"up":[{"embeddable":true,"href":"https:\/\/viajeraeditorial.ar\/blog\/wp-json\/wp\/v2\/pages\/30"}],"wp:attachment":[{"href":"https:\/\/viajeraeditorial.ar\/blog\/wp-json\/wp\/v2\/media?parent=382"}],"curies":[{"name":"wp","href":"https:\/\/api.w.org\/{rel}","templated":true}]}}