{"id":5679,"date":"2016-08-27T10:32:01","date_gmt":"2016-08-27T13:32:01","guid":{"rendered":"http:\/\/www.viajeraeditorial.com.ar\/?page_id=5679"},"modified":"2017-09-27T17:40:28","modified_gmt":"2017-09-27T20:40:28","slug":"conjugada","status":"publish","type":"page","link":"https:\/\/viajeraeditorial.ar\/blog\/descubrir\/conjugada\/","title":{"rendered":"conjugada"},"content":{"rendered":"<p><img loading=\"lazy\" class=\"wp-image-5642 alignleft\" src=\"http:\/\/www.viajeraeditorial.ar\/blog\/wp-content\/uploads\/2015\/03\/conjugadat-e1472171889960.jpg\" alt=\"conjugadaT\" width=\"401\" height=\"654\" \/><a href=\"http:\/\/www.viajeraeditorial.ar\/blog\/autores\/gabriela-pedrotti\/\">Gabriela Pedrotti<\/a>, 2015.<br \/>\nISBN: 978-987-3719-10-3<br \/>\n123 p.<\/p>\n<p>Jugarse en alguna persona. Singular o plural. Conjugando su singularidad, luego vienen las personas del plural. La primera. La del amor. La que nos hizo venir de a dos. Nosotros. Una voz implicada en el Amor. La que dice al menos dos. La que inaugura un entre para que <em>entre<\/em> una tercera. Dimensi\u00f3n. Que entre entonces.<\/p>\n<p style=\"text-align: right;\"><strong>Fernanda Restivo<\/strong><\/p>\n<p style=\"text-align: justify;\">Una voz delf\u00edn, que tiene la capacidad de entrar y salir del oc\u00e9ano infinito de esta experiencia que a veces nos hunde hasta la m\u00e1s profunda nada (&#8230;). Ella puede naufragar, ver a la fiera directo a los ojos y al mismo tiempo no abandonarse, no rendirse ante la tentaci\u00f3n de dejar de ser.<\/p>\n<p style=\"text-align: right;\"><strong>Valentina Nicanoff<\/strong><\/p>\n<p><span style=\"text-decoration: underline;\"><strong>Contenido sobre <i>Conjugada<\/i><\/strong><\/span><\/p>\n<ul class = \"posts-by-tag-list\"><li class=\"posts-by-tag-item Conjugada Gabriela Pedrotti\" id=\"posts-by-tag-item-7538\"><a class = \"posts-by-tag-item-title\" href=\"https:\/\/viajeraeditorial.ar\/blog\/2019\/01\/agotada-gabriela-pedrotti-2\/\">Agotada * Gabriela Pedrotti<\/a><\/li><li class=\"posts-by-tag-item Conjugada Gabriela Pedrotti\" id=\"posts-by-tag-item-7487\"><a class = \"posts-by-tag-item-title\" href=\"https:\/\/viajeraeditorial.ar\/blog\/2018\/12\/por-favor-gabriela-pedrotti\/\">Por favor * Gabriela Pedrotti<\/a><\/li><li class=\"posts-by-tag-item Conjugada Gabriela Pedrotti\" id=\"posts-by-tag-item-7157\"><a class = \"posts-by-tag-item-title\" href=\"https:\/\/viajeraeditorial.ar\/blog\/2018\/06\/tiempo-gabriela-pedrotti\/\">Tiempo * Gabriela Pedrotti<\/a><\/li><li class=\"posts-by-tag-item Conjugada Gabriela Pedrotti\" id=\"posts-by-tag-item-6955\"><a class = \"posts-by-tag-item-title\" href=\"https:\/\/viajeraeditorial.ar\/blog\/2018\/04\/a-mi-analista-gabriela-pedrotti\/\">A mi analista * Gabriela Pedrotti<\/a><\/li><li class=\"posts-by-tag-item Conjugada Gabriela Pedrotti\" id=\"posts-by-tag-item-6737\"><a class = \"posts-by-tag-item-title\" href=\"https:\/\/viajeraeditorial.ar\/blog\/2018\/02\/agotada-gabriela-pedrotti\/\">Agotada * Gabriela Pedrotti<\/a><\/li><li class=\"posts-by-tag-item Conjugada Gabriela Pedrotti\" id=\"posts-by-tag-item-6734\"><a class = \"posts-by-tag-item-title\" href=\"https:\/\/viajeraeditorial.ar\/blog\/2018\/01\/la-bailarina-gabriela-pedrotti\/\">La bailarina * Gabriela Pedrotti<\/a><\/li><li class=\"posts-by-tag-item Conjugada Festival Federal de Poes\u00eda Gabriela Pedrotti\" id=\"posts-by-tag-item-6073\"><a class = \"posts-by-tag-item-title\" href=\"https:\/\/viajeraeditorial.ar\/blog\/2017\/02\/gabriela-pedrotti-en-el-centro-cultural-nestor-kirchner\/\">Gabriela Pedrotti en el Centro Cultural N\u00e9stor Kirchner<\/a><\/li><li class=\"posts-by-tag-item Conjugada Gabriela Pedrotti Portada\" id=\"posts-by-tag-item-5253\"><a class = \"posts-by-tag-item-title\" href=\"https:\/\/viajeraeditorial.ar\/blog\/2016\/01\/vuelo-a-la-oscuridad-gabriela-pedrotti\/\">Vuelo a la oscuridad * Gabriela Pedrotti<\/a><\/li><li class=\"posts-by-tag-item Conjugada Gabriela Pedrotti Karina Macci\u00f3 Portada\" id=\"posts-by-tag-item-5161\"><a class = \"posts-by-tag-item-title\" href=\"https:\/\/viajeraeditorial.ar\/blog\/2015\/12\/en-la-presentacion-de-conjugada-karina-maccio\/\">En la presentaci\u00f3n de Conjugada * Karina Macci\u00f3<\/a><\/li><\/ul>\n","protected":false},"excerpt":{"rendered":"<p>Gabriela Pedrotti, 2015. ISBN: 978-987-3719-10-3 123 p. Jugarse en alguna persona. Singular o plural. Conjugando su singularidad, luego vienen las personas del plural. La primera. La del amor. La que nos hizo venir de a dos. Nosotros. Una voz implicada en el Amor. La que dice al menos dos. La que inaugura un entre para [&hellip;]<\/p>\n","protected":false},"author":4,"featured_media":0,"parent":30,"menu_order":22,"comment_status":"closed","ping_status":"closed","template":"","meta":[],"_links":{"self":[{"href":"https:\/\/viajeraeditorial.ar\/blog\/wp-json\/wp\/v2\/pages\/5679"}],"collection":[{"href":"https:\/\/viajeraeditorial.ar\/blog\/wp-json\/wp\/v2\/pages"}],"about":[{"href":"https:\/\/viajeraeditorial.ar\/blog\/wp-json\/wp\/v2\/types\/page"}],"author":[{"embeddable":true,"href":"https:\/\/viajeraeditorial.ar\/blog\/wp-json\/wp\/v2\/users\/4"}],"replies":[{"embeddable":true,"href":"https:\/\/viajeraeditorial.ar\/blog\/wp-json\/wp\/v2\/comments?post=5679"}],"version-history":[{"count":3,"href":"https:\/\/viajeraeditorial.ar\/blog\/wp-json\/wp\/v2\/pages\/5679\/revisions"}],"predecessor-version":[{"id":6962,"href":"https:\/\/viajeraeditorial.ar\/blog\/wp-json\/wp\/v2\/pages\/5679\/revisions\/6962"}],"up":[{"embeddable":true,"href":"https:\/\/viajeraeditorial.ar\/blog\/wp-json\/wp\/v2\/pages\/30"}],"wp:attachment":[{"href":"https:\/\/viajeraeditorial.ar\/blog\/wp-json\/wp\/v2\/media?parent=5679"}],"curies":[{"name":"wp","href":"https:\/\/api.w.org\/{rel}","templated":true}]}}