{"id":5684,"date":"2016-08-27T11:06:53","date_gmt":"2016-08-27T14:06:53","guid":{"rendered":"http:\/\/www.viajeraeditorial.com.ar\/?page_id=5684"},"modified":"2017-07-18T07:55:09","modified_gmt":"2017-07-18T10:55:09","slug":"degeneradas","status":"publish","type":"page","link":"https:\/\/viajeraeditorial.ar\/blog\/descubrir\/degeneradas\/","title":{"rendered":"Degeneradas"},"content":{"rendered":"<p><a href=\"http:\/\/www.viajeraeditorial.ar\/blog\/autores\/mariana-lagarrigue\/\"><img loading=\"lazy\" class=\"alignleft wp-image-5631\" src=\"http:\/\/www.viajeraeditorial.ar\/blog\/wp-content\/uploads\/2016\/08\/degeneradas-e1472171953500.jpg\" alt=\"degeneradas\" width=\"397\" height=\"624\" \/><\/a><a href=\"http:\/\/www.viajeraeditorial.ar\/blog\/autores\/mariana-lagarrigue\/\">Mariana Lagarrigue<\/a>, 2016.<br \/>\nISBN: 978-987-3719-12-7<br \/>\n175 p.<\/p>\n<p>&nbsp;<\/p>\n<p style=\"text-align: justify;\">El universo de Mariana Lagarrigue es un cosmos en continua transformaci\u00f3n. Un animal que no define su forma; no porque no la tenga sino porque est\u00e1 en continuo proceso de cambio, tantas lecturas pueden hacerse del mismo. Animal, bestiario, jungla y, a\u00fan as\u00ed, un solo acto; todo se define (aparentemente) en ese \u00fanico instante, en esa perentoria situaci\u00f3n.<\/p>\n<p style=\"text-align: justify;\">El libro es un fulgor y, al mismo tiempo, el recorrido que describe dicho fulgor. Un \u00fanico acto y tres escenas. Duele tambi\u00e9n. Como duele lo cotidiano. De escritura verborr\u00e1gica y rebelde, clara (valga el adjetivo que remeda a la protagonista), fervientemente astuta, manejando con contundencia una tensi\u00f3n casi molecular, nos hace sangrar: palo que golpea, pala que horada la tierra. Pez\u00f3n que sangra y que \u00abno cicatriza\u00bb porque una trenza (la que todas las ma\u00f1anas le hac\u00eda \u00abcuando la peinaba para ir al colegio\u00bb) se ha quedado sin Ni\u00f1a.<\/p>\n<p style=\"text-align: right;\"><strong>Ana Guillot<\/strong><\/p>\n<p>&nbsp;<\/p>\n<p>&nbsp;<\/p>\n<p><span style=\"text-decoration: underline;\"><strong>Contenido sobre <i>Degeneradas<\/i><\/strong><\/span><\/p>\n<ul class = \"posts-by-tag-list\"><li class=\"posts-by-tag-item Degeneradas Mariana Lagarrigue\" id=\"posts-by-tag-item-6324\"><a class = \"posts-by-tag-item-title\" href=\"https:\/\/viajeraeditorial.ar\/blog\/2017\/11\/algo-confirma-mariana-lagarrigue\/\">Algo confirma * Mariana Lagarrigue<\/a><\/li><li class=\"posts-by-tag-item Degeneradas Mariana Lagarrigue\" id=\"posts-by-tag-item-6320\"><a class = \"posts-by-tag-item-title\" href=\"https:\/\/viajeraeditorial.ar\/blog\/2017\/10\/adn-mariana-lagarrigue\/\">ADN * Mariana Lagarrigue<\/a><\/li><li class=\"posts-by-tag-item Degeneradas Mariana Lagarrigue\" id=\"posts-by-tag-item-6317\"><a class = \"posts-by-tag-item-title\" href=\"https:\/\/viajeraeditorial.ar\/blog\/2017\/08\/beso-mariana-lagarrigue\/\">Beso * Mariana Lagarrigue<\/a><\/li><li class=\"posts-by-tag-item Degeneradas Mariana Lagarrigue\" id=\"posts-by-tag-item-6327\"><a class = \"posts-by-tag-item-title\" href=\"https:\/\/viajeraeditorial.ar\/blog\/2017\/07\/aun-no-mariana-lagarrigue\/\">A\u00fan no * Mariana Lagarrigue<\/a><\/li><li class=\"posts-by-tag-item Degeneradas Mariana Lagarrigue Portada\" id=\"posts-by-tag-item-5517\"><a class = \"posts-by-tag-item-title\" href=\"https:\/\/viajeraeditorial.ar\/blog\/2016\/07\/degeneradas-resena-por-mariana-arias\/\">Degeneradas rese\u00f1a por Mariana Arias<\/a><\/li><li class=\"posts-by-tag-item Degeneradas Mariana Lagarrigue Portada\" id=\"posts-by-tag-item-5296\"><a class = \"posts-by-tag-item-title\" href=\"https:\/\/viajeraeditorial.ar\/blog\/2016\/05\/distancias-mariana-lagarrigue\/\">Distancias * Mariana Lagarrigue<\/a><\/li><li class=\"posts-by-tag-item Degeneradas Mariana Lagarrigue Portada\" id=\"posts-by-tag-item-5414\"><a class = \"posts-by-tag-item-title\" href=\"https:\/\/viajeraeditorial.ar\/blog\/2016\/05\/presentacion-de-degeneradas-de-mariana-lagarrigue\/\">Presentaci\u00f3n de degeneradas, de Mariana Lagarrigue<\/a><\/li><li class=\"posts-by-tag-item Degeneradas Mariana Lagarrigue Portada\" id=\"posts-by-tag-item-5290\"><a class = \"posts-by-tag-item-title\" href=\"https:\/\/viajeraeditorial.ar\/blog\/2016\/03\/mide-la-sombra-oscura-mariana-lagarrigue\/\">Mide la sombra oscura * Mariana Lagarrigue<\/a><\/li><li class=\"posts-by-tag-item Degeneradas Mariana Lagarrigue Portada\" id=\"posts-by-tag-item-5293\"><a class = \"posts-by-tag-item-title\" href=\"https:\/\/viajeraeditorial.ar\/blog\/2016\/02\/miel-y-veneno-mariana-lagarrigue\/\">\u00a0Miel y veneno * Mariana Lagarrigue<\/a><\/li><li class=\"posts-by-tag-item Degeneradas Mariana Lagarrigue Portada\" id=\"posts-by-tag-item-5287\"><a class = \"posts-by-tag-item-title\" href=\"https:\/\/viajeraeditorial.ar\/blog\/2016\/02\/suenos-aguzados-de-astas-mariana-lagarrigue\/\">Sue\u00f1os aguzados de astas * Mariana Lagarrigue<\/a><\/li><\/ul>\n","protected":false},"excerpt":{"rendered":"<p>Mariana Lagarrigue, 2016. ISBN: 978-987-3719-12-7 175 p. &nbsp; El universo de Mariana Lagarrigue es un cosmos en continua transformaci\u00f3n. Un animal que no define su forma; no porque no la tenga sino porque est\u00e1 en continuo proceso de cambio, tantas lecturas pueden hacerse del mismo. Animal, bestiario, jungla y, a\u00fan as\u00ed, un solo acto; todo [&hellip;]<\/p>\n","protected":false},"author":4,"featured_media":0,"parent":30,"menu_order":22,"comment_status":"closed","ping_status":"closed","template":"","meta":[],"_links":{"self":[{"href":"https:\/\/viajeraeditorial.ar\/blog\/wp-json\/wp\/v2\/pages\/5684"}],"collection":[{"href":"https:\/\/viajeraeditorial.ar\/blog\/wp-json\/wp\/v2\/pages"}],"about":[{"href":"https:\/\/viajeraeditorial.ar\/blog\/wp-json\/wp\/v2\/types\/page"}],"author":[{"embeddable":true,"href":"https:\/\/viajeraeditorial.ar\/blog\/wp-json\/wp\/v2\/users\/4"}],"replies":[{"embeddable":true,"href":"https:\/\/viajeraeditorial.ar\/blog\/wp-json\/wp\/v2\/comments?post=5684"}],"version-history":[{"count":2,"href":"https:\/\/viajeraeditorial.ar\/blog\/wp-json\/wp\/v2\/pages\/5684\/revisions"}],"predecessor-version":[{"id":6369,"href":"https:\/\/viajeraeditorial.ar\/blog\/wp-json\/wp\/v2\/pages\/5684\/revisions\/6369"}],"up":[{"embeddable":true,"href":"https:\/\/viajeraeditorial.ar\/blog\/wp-json\/wp\/v2\/pages\/30"}],"wp:attachment":[{"href":"https:\/\/viajeraeditorial.ar\/blog\/wp-json\/wp\/v2\/media?parent=5684"}],"curies":[{"name":"wp","href":"https:\/\/api.w.org\/{rel}","templated":true}]}}