{"id":5708,"date":"2016-08-27T16:27:52","date_gmt":"2016-08-27T19:27:52","guid":{"rendered":"http:\/\/www.viajeraeditorial.com.ar\/?page_id=5708"},"modified":"2020-11-02T21:02:39","modified_gmt":"2020-11-03T00:02:39","slug":"pablo-mullner","status":"publish","type":"page","link":"https:\/\/viajeraeditorial.ar\/blog\/catalogo\/pablo-mullner\/","title":{"rendered":"Pablo M\u00fcllner"},"content":{"rendered":"<p>Naci\u00f3 en 1978, bajo un apellido de raiz alemana, por el lado paterno. En el ala materna de su familia, se cree, la ra\u00edz es criolla, aborigen. De esa mezcla rara, surge una personalidad no menos ex\u00f3tica. Estudi\u00f3 <img loading=\"lazy\" class=\"wp-image-5709 alignright\" src=\"http:\/\/www.viajeraeditorial.ar\/blog\/wp-content\/uploads\/2016\/08\/12362998-10154487975274126-6594124609319898512-o-632x873.jpg\" alt=\"12362998_10154487975274126_6594124609319898512_o\" width=\"272\" height=\"376\" srcset=\"https:\/\/viajeraeditorial.ar\/blog\/wp-content\/uploads\/2016\/08\/12362998-10154487975274126-6594124609319898512-o-632x873.jpg 632w, https:\/\/viajeraeditorial.ar\/blog\/wp-content\/uploads\/2016\/08\/12362998-10154487975274126-6594124609319898512-o-257x355.jpg 257w, https:\/\/viajeraeditorial.ar\/blog\/wp-content\/uploads\/2016\/08\/12362998-10154487975274126-6594124609319898512-o-350x483.jpg 350w, https:\/\/viajeraeditorial.ar\/blog\/wp-content\/uploads\/2016\/08\/12362998-10154487975274126-6594124609319898512-o.jpg 635w\" sizes=\"(max-width: 272px) 100vw, 272px\" \/>abogac\u00eda, creyendo que el derecho era un lugar lleno de aventuras parecidas a los policiales de Poe o Conan-Doyle. Al calor de estas esperanzas es que se desanimo un poco, pero no abandono la carrera. En cambio, para amenizar el aburrimiento ley\u00f3 y ley\u00f3\u2026 En la facultad incluso conoci\u00f3 autores como Goethe, Foucault y Kafka. Kafka fue quien mayor impresi\u00f3n dej\u00f3 en su car\u00e1cter vivaz y curioso, angusti\u00e1ndolo de a ratos.<\/p>\n<p class=\"western\">Pero tambi\u00e9n fue el mismo Franz \u2013con el que comparte una ascendencia checa\u2013 quien despert\u00f3 un hormigueo de insectos no identificados en sus manos. Llego un d\u00eda cuando esa comez\u00f3n pareci\u00f3 gritarle: \u201c!Escrib\u00ed!\u201d.<\/p>\n<p class=\"western\">Se sinti\u00f3 bastante insatisfecho con los primeros escritos, pero no estaba dispuesto a quitar los dedos del teclado. As\u00ed descubri\u00f3, en una alta torre del Abasto, a una joven poeta rubia que por entonces empezaba a formar un peque\u00f1oo grupo de escritores in\u00e9ditos. Fue muchos a\u00f1os atr\u00e1s y para no dar fechas, ni delatar edades, digamos: \u201cPablo Mullner integra los talleres de Siempre de Viaje desde siempre\u2026\u201d.<\/p>\n<p class=\"western\">De all\u00ed surgi\u00f3 su primer libro <i>El Escribiente<\/i> (2006, auto editado). Tambi\u00e9n tiene dos novelas in\u00e9ditas: <i>Buenos Aires No Existe<\/i> y <i>La Dormida<\/i>. En 2016 public\u00f3\u00a0<i>Cad\u00e1ver\u00a0Feliz<\/i> (Textos intrusos).<\/p>\n<p><strong><span style=\"text-decoration: underline;\">En Viajera<\/span><\/strong><\/p>\n<p style=\"padding-left: 30px;\"><img loading=\"lazy\" class=\"wp-image-5706 alignleft\" src=\"http:\/\/www.viajeraeditorial.ar\/blog\/wp-content\/uploads\/2015\/03\/hospitalt-e1472324860180.jpg\" alt=\"hospitalT\" width=\"12\" height=\"19\" \/>\u00a0<a href=\"http:\/\/Sol%20en leo\">Hospital Samsara<\/a><\/p>\n<p>&nbsp;<\/p>\n<p><strong><span style=\"text-decoration: underline;\">Contenido sobre Pablo<\/span><\/strong><\/p>\n<ul class = \"posts-by-tag-list\"><li class=\"posts-by-tag-item Hospital Samsara Pablo M\u00fcllner Portada\" id=\"posts-by-tag-item-5324\"><a class = \"posts-by-tag-item-title\" href=\"https:\/\/viajeraeditorial.ar\/blog\/2016\/03\/lujo-sabanas-pablo-mullner\/\">Lujo, s\u00e1banas * Pablo M\u00fcllner<\/a><\/li><li class=\"posts-by-tag-item Daniel C\u00e1seres Eugenia Coiro Gabriela Oyola Gabriela Pedrotti Gloria Candioti Karina Macci\u00f3 Lorena Garc\u00eda Mariana Faierman Pablo M\u00fcllner\" id=\"posts-by-tag-item-5220\"><a class = \"posts-by-tag-item-title\" href=\"https:\/\/viajeraeditorial.ar\/blog\/2015\/12\/adelantos-en-festival-tienda-safiras-2012\/\">Adelantos en Festival Tienda Safiras * 20\/12<\/a><\/li><li class=\"posts-by-tag-item Pablo M\u00fcllner\" id=\"posts-by-tag-item-5215\"><a class = \"posts-by-tag-item-title\" href=\"https:\/\/viajeraeditorial.ar\/blog\/2015\/12\/se-cree-que-nadie-habla-hospital-samsara\/\">Se cree que nadie habla * Hospital Samsara<\/a><\/li><li class=\"posts-by-tag-item Hospital Samsara Pablo M\u00fcllner Portada\" id=\"posts-by-tag-item-5181\"><a class = \"posts-by-tag-item-title\" href=\"https:\/\/viajeraeditorial.ar\/blog\/2015\/12\/calefaccion-pablo-mullner\/\">Calefacci\u00f3n * Pablo M\u00fcllner<\/a><\/li><li class=\"posts-by-tag-item Gabriela Aristegui Gabriela Oyola Karina Macci\u00f3 Marcela Manuel Pablo M\u00fcllner Portada\" id=\"posts-by-tag-item-5108\"><a class = \"posts-by-tag-item-title\" href=\"https:\/\/viajeraeditorial.ar\/blog\/2015\/11\/viajera-en-la-feria-del-libro-de-sierra-de-la-ventana-2\/\">Viajera en la Feria del Libro de Sierra de la Ventana<\/a><\/li><li class=\"posts-by-tag-item Pablo M\u00fcllner Portada\" id=\"posts-by-tag-item-5099\"><a class = \"posts-by-tag-item-title\" href=\"https:\/\/viajeraeditorial.ar\/blog\/2015\/10\/victima-del-deseo-hospital-samsara\/\">V\u00edctima del deseo * Hospital Samsara<\/a><\/li><li class=\"posts-by-tag-item Biblioteca Nacional Delfina Uriburu Eugenia Coiro Gabriela Aristegui Gabriela Oyola Gabriela Tavolara Gloria Candioti Mauricio Dreiling Nicol\u00e1s Di Candia Pablo M\u00fcllner Portada Susana Cella Viajera Invernal Virginia Janza\" id=\"posts-by-tag-item-4628\"><a class = \"posts-by-tag-item-title\" href=\"https:\/\/viajeraeditorial.ar\/blog\/2015\/06\/viajera-de-invierno-en-la-biblioteca-nacional\/\">Viajera de Invierno en la Biblioteca Nacional<\/a><\/li><li class=\"posts-by-tag-item Agua o ni\u00f1o que corre Eugenia Coiro Pablo M\u00fcllner Portada\" id=\"posts-by-tag-item-4491\"><a class = \"posts-by-tag-item-title\" href=\"https:\/\/viajeraeditorial.ar\/blog\/2015\/06\/pablo-mullner-resena-agua-o-nino-que-corre\/\">Pablo M\u00fcllner rese\u00f1a \"Agua o ni\u00f1o que corre\"<\/a><\/li><li class=\"posts-by-tag-item Axel Levin Belara Mich\u00e1n Diego Recalde Eugenia Coiro Feria del Libro Gabriela Aristegui Gabriela Pedrotti Karina Macci\u00f3 Lola Ullmann Lorena Garc\u00eda Marcela Manuel Mar\u00eda del Carmen Sarquis Mar\u00eda Victoria Verzura Mauricio Dreiling Minuto4 Nicol\u00e1s Di Candia Pablo M\u00fcllner Paula Maff\u00eda Portada Sof\u00eda Ciravegna Viajera Viajera Visita Virginia Janza\" id=\"posts-by-tag-item-814\"><a class = \"posts-by-tag-item-title\" href=\"https:\/\/viajeraeditorial.ar\/blog\/2015\/05\/viajera-en-la-feria-del-libro\/\">Viajera en la Feria del Libro<\/a><\/li><\/ul>\n","protected":false},"excerpt":{"rendered":"<p>Naci\u00f3 en 1978, bajo un apellido de raiz alemana, por el lado paterno. En el ala materna de su familia, se cree, la ra\u00edz es criolla, aborigen. De esa mezcla rara, surge una personalidad no menos ex\u00f3tica. Estudi\u00f3 abogac\u00eda, creyendo que el derecho era un lugar lleno de aventuras parecidas a los policiales de Poe [&hellip;]<\/p>\n","protected":false},"author":4,"featured_media":0,"parent":8710,"menu_order":0,"comment_status":"closed","ping_status":"open","template":"","meta":[],"_links":{"self":[{"href":"https:\/\/viajeraeditorial.ar\/blog\/wp-json\/wp\/v2\/pages\/5708"}],"collection":[{"href":"https:\/\/viajeraeditorial.ar\/blog\/wp-json\/wp\/v2\/pages"}],"about":[{"href":"https:\/\/viajeraeditorial.ar\/blog\/wp-json\/wp\/v2\/types\/page"}],"author":[{"embeddable":true,"href":"https:\/\/viajeraeditorial.ar\/blog\/wp-json\/wp\/v2\/users\/4"}],"replies":[{"embeddable":true,"href":"https:\/\/viajeraeditorial.ar\/blog\/wp-json\/wp\/v2\/comments?post=5708"}],"version-history":[{"count":2,"href":"https:\/\/viajeraeditorial.ar\/blog\/wp-json\/wp\/v2\/pages\/5708\/revisions"}],"predecessor-version":[{"id":5936,"href":"https:\/\/viajeraeditorial.ar\/blog\/wp-json\/wp\/v2\/pages\/5708\/revisions\/5936"}],"up":[{"embeddable":true,"href":"https:\/\/viajeraeditorial.ar\/blog\/wp-json\/wp\/v2\/pages\/8710"}],"wp:attachment":[{"href":"https:\/\/viajeraeditorial.ar\/blog\/wp-json\/wp\/v2\/media?parent=5708"}],"curies":[{"name":"wp","href":"https:\/\/api.w.org\/{rel}","templated":true}]}}