{"id":699,"date":"2015-05-07T21:03:39","date_gmt":"2015-05-08T00:03:39","guid":{"rendered":"http:\/\/www.viajeraeditorial.com.ar\/?page_id=699"},"modified":"2015-06-14T23:58:49","modified_gmt":"2015-06-15T02:58:49","slug":"strip-dancer-2","status":"publish","type":"page","link":"https:\/\/viajeraeditorial.ar\/blog\/descubrir\/strip-dancer-2\/","title":{"rendered":"Strip-Dancer"},"content":{"rendered":"<p><a href=\"http:\/\/www.viajeraeditorial.ar\/blog\/wp-content\/uploads\/2015\/05\/stripdancertapa.jpg\"><img loading=\"lazy\" class=\"alignleft  wp-image-700\" src=\"http:\/\/www.viajeraeditorial.ar\/blog\/wp-content\/uploads\/2015\/05\/stripdancertapa.jpg\" alt=\"Strip-Dancer\" width=\"370\" height=\"563\" \/><\/a><a href=\"http:\/\/www.viajeraeditorial.ar\/blog\/autores\/gabriela-tavolara\/\">Gabriela Tavolara<\/a>, 2014.<br \/>\nISBN: 978-987-28476-8-5<br \/>\n264 p.<\/p>\n<p>C\u00f3mo percibimos el mundo y sus obst\u00e1culos, sus diferencias de clase, su proceder\u00a0monetarizado, la sujeci\u00f3n invisible de los cuerpos. C\u00f3mo lo percibimos y c\u00f3mo lo sentimos dentro, c\u00f3mo lo hacemos \u00abnuestro\u00bb si eso fuera posible, y entonces, c\u00f3mo lo contamos.\u00a0<em>Strip-Dancer<\/em> encontr\u00f3 una manera de hacerlo a trav\u00e9s del espejo roto de una chica que nunca pudo verse realmente, pero que intent\u00f3\u00a0<em>ser alguien<\/em>. Una sorprendente y extra\u00f1a \u00abnovela\u00bb de iniciaci\u00f3n.<\/p>\n<p style=\"text-align: right;\">Karina Macci\u00f3<\/p>\n<p>Strip-Dancer es Strip-Writer (&#8230;) La desnudez no es m\u00e1s que otra forma de disfraz: \u00ab\u00bfEstar\u00e1 mi piel hecha de letras? \u00bfSer\u00e9 yo cuando me desnudo?\u00bb, se pregunta la que escribe. Al tiempo que deslumbra con sus pasos de baile y los brillos de sus lentejuelas, encandila al espectador, intenta enceguecerlo para mantenerse oculta, tapada, a resguardo de las miradas que pueden ver m\u00e1s all\u00e1 del velo de la superficialidad.<\/p>\n<p style=\"text-align: right;\">Eugenia Coiro<\/p>\n<p>Me resulta imposible imaginar este libro sin la m\u00fasica que lo acompa\u00f1a, su soundtrack. (&#8230;) se entrelazan tambi\u00e9n las referencias al cine, la televisi\u00f3n y la literatura, formando un entramado de intertextualidades dentro de lo que podr\u00edamos llamar mundo de la est\u00e9tica pop contempor\u00e1nea. La forma que mejor sintetiza este entramado es el videoclip, o el musical.<\/p>\n<p style=\"text-align: right;\">Gabriel Calarco<\/p>\n<p><span style=\"text-decoration: underline;\"><strong>Contenido sobre Strip-Dancer<\/strong><\/span><\/p>\n<ul class = \"posts-by-tag-list\"><li class=\"posts-by-tag-item Gabriela Tavolara Soledad Arienza Strip-Dancer\" id=\"posts-by-tag-item-7477\"><a class = \"posts-by-tag-item-title\" href=\"https:\/\/viajeraeditorial.ar\/blog\/2018\/12\/dd-desnudez-y-disfraz-en-strip-dancer-soledad-arienza\/\">D\/D: desnudez y disfraz en Strip-Dancer * Soledad Arienza<\/a><\/li><li class=\"posts-by-tag-item Gabriela Tavolara Strip-Dancer\" id=\"posts-by-tag-item-6033\"><a class = \"posts-by-tag-item-title\" href=\"https:\/\/viajeraeditorial.ar\/blog\/2017\/01\/una-persona-que-esta-vestida-gabriela-tavolara\/\">Una persona que est\u00e1 vestida * Gabriela Tavolara<\/a><\/li><li class=\"posts-by-tag-item Gabriela Tavolara Strip-Dancer\" id=\"posts-by-tag-item-5858\"><a class = \"posts-by-tag-item-title\" href=\"https:\/\/viajeraeditorial.ar\/blog\/2016\/10\/gabriela-tavolara-en-trend-topic\/\">Gabriela Tavolara en Trend Topic<\/a><\/li><li class=\"posts-by-tag-item Andrea Larrieu An\u00edbal Ilguisonis Axel Levin Belara Mich\u00e1n Cat\u00e1logo Feria del Libro Gabriela Tavolara Habitar mi camino\/Dwelling my path Karina Macci\u00f3 Mar\u00eda del Carmen Sarquis Mauricio Dreiling Nicol\u00e1s Di Candia Strip-Dancer Vidrio\" id=\"posts-by-tag-item-2221\"><a class = \"posts-by-tag-item-title\" href=\"https:\/\/viajeraeditorial.ar\/blog\/2015\/05\/viajera-en-la-feria-del-libro-de-buenos-aires-este-domingo-10-de-mayo\/\">Viajera en la Feria del Libro de Buenos Aires este domingo 10 de mayo<\/a><\/li><li class=\"posts-by-tag-item Bengala Hotel Eugenia Coiro Gabriela Tavolara Karina Macci\u00f3 La Cajita de Pandora La P\u00e9rdida o La Perdida L\u00e9ame Lorena Garc\u00eda Minuto Fuego Nicol\u00e1s Di Candia Peligrosa Horizontal Strip-Dancer Viajera Virginia Janza\" id=\"posts-by-tag-item-2248\"><a class = \"posts-by-tag-item-title\" href=\"https:\/\/viajeraeditorial.ar\/blog\/2014\/12\/cronicas-viajeras-por-carolina-calvo\/\">Cr\u00f3nicas viajeras, por Carolina Calvo<\/a><\/li><li class=\"posts-by-tag-item Gabriela Tavolara Strip-Dancer Viajera\" id=\"posts-by-tag-item-191\"><a class = \"posts-by-tag-item-title\" href=\"https:\/\/viajeraeditorial.ar\/blog\/2014\/11\/en-el-colectivo-gabriela-tavolarastrip-dancer\/\">en el colectivo - Gabriela Tavolara\/Strip Dancer<\/a><\/li><li class=\"posts-by-tag-item Gabriela Tavolara Strip-Dancer Viajera\" id=\"posts-by-tag-item-195\"><a class = \"posts-by-tag-item-title\" href=\"https:\/\/viajeraeditorial.ar\/blog\/2014\/11\/strip-dancer-gabriela-tavolara\/\">Strip-Dancer \/ Gabriela Tavolara<\/a><\/li><li class=\"posts-by-tag-item Gabriela Tavolara Lorena Garc\u00eda Peligrosa Horizontal Strip-Dancer Viajera\" id=\"posts-by-tag-item-201\"><a class = \"posts-by-tag-item-title\" href=\"https:\/\/viajeraeditorial.ar\/blog\/2014\/11\/212-peligrosa-horizontal-strip-dancer\/\">2\/12 Peligrosa horizontal \/\/ Strip-Dancer<\/a><\/li><li class=\"posts-by-tag-item Gabriela Tavolara Strip-Dancer Viajera\" id=\"posts-by-tag-item-2073\"><a class = \"posts-by-tag-item-title\" href=\"https:\/\/viajeraeditorial.ar\/blog\/2014\/05\/gabriela-tavolara-strip-dancer-you-can-leave-your-hat-on-foto-vieja\/\">Gabriela Tavolara: Strip-Dancer: You can leave your hat on + foto vieja ...<\/a><\/li><li class=\"posts-by-tag-item Gabriela Tavolara Strip-Dancer\" id=\"posts-by-tag-item-1175\"><a class = \"posts-by-tag-item-title\" href=\"https:\/\/viajeraeditorial.ar\/blog\/2013\/09\/strip-dancer-de-gabriela-tavolara-anticipo\/\">\"Strip-Dancer\", de Gabriela Tavolara. Anticipo<\/a><\/li><li class=\"posts-by-tag-item Gabriela Tavolara Strip-Dancer\" id=\"posts-by-tag-item-1208\"><a class = \"posts-by-tag-item-title\" href=\"https:\/\/viajeraeditorial.ar\/blog\/2013\/09\/un-fragmento-de-strip-dancer-de-gabriela-tavolara\/\">Un fragmento de \"Strip-Dancer\" de Gabriela Tavolara<\/a><\/li><li class=\"posts-by-tag-item Gabriela Tavolara Strip-Dancer Viajera\" id=\"posts-by-tag-item-1226\"><a class = \"posts-by-tag-item-title\" href=\"https:\/\/viajeraeditorial.ar\/blog\/2013\/09\/strip-dancer-de-gabriela-tavolara\/\">\"Strip-Dancer\" de Gabriela Tavolara<\/a><\/li><li class=\"posts-by-tag-item Gabriela Tavolara Strip-Dancer Viajera\" id=\"posts-by-tag-item-1245\"><a class = \"posts-by-tag-item-title\" href=\"https:\/\/viajeraeditorial.ar\/blog\/2013\/08\/strip-dancer-proximo-titulo-de-viajera\/\">Strip-Dancer * Gabriela Tavolara<\/a><\/li><li class=\"posts-by-tag-item Gabriela Tavolara Strip-Dancer\" id=\"posts-by-tag-item-1264\"><a class = \"posts-by-tag-item-title\" href=\"https:\/\/viajeraeditorial.ar\/blog\/2013\/08\/un-adelanto-de-strip-dancer-el-nuevo-libro-de-gabriela-tavolara\/\">Un adelanto de \"Strip-Dancer\", el nuevo libro de Gabriela Tavolara<\/a><\/li><li class=\"posts-by-tag-item Gabriela Tavolara Strip-Dancer\" id=\"posts-by-tag-item-1776\"><a class = \"posts-by-tag-item-title\" href=\"https:\/\/viajeraeditorial.ar\/blog\/2012\/07\/gabriela-tavolara-en-viajera-visita\/\">Gabriela Tavolara en Viajera Visita<\/a><\/li><\/ul>\n","protected":false},"excerpt":{"rendered":"<p>Gabriela Tavolara, 2014. ISBN: 978-987-28476-8-5 264 p. C\u00f3mo percibimos el mundo y sus obst\u00e1culos, sus diferencias de clase, su proceder\u00a0monetarizado, la sujeci\u00f3n invisible de los cuerpos. C\u00f3mo lo percibimos y c\u00f3mo lo sentimos dentro, c\u00f3mo lo hacemos \u00abnuestro\u00bb si eso fuera posible, y entonces, c\u00f3mo lo contamos.\u00a0Strip-Dancer encontr\u00f3 una manera de hacerlo a trav\u00e9s del [&hellip;]<\/p>\n","protected":false},"author":3,"featured_media":0,"parent":30,"menu_order":23,"comment_status":"closed","ping_status":"closed","template":"","meta":[],"_links":{"self":[{"href":"https:\/\/viajeraeditorial.ar\/blog\/wp-json\/wp\/v2\/pages\/699"}],"collection":[{"href":"https:\/\/viajeraeditorial.ar\/blog\/wp-json\/wp\/v2\/pages"}],"about":[{"href":"https:\/\/viajeraeditorial.ar\/blog\/wp-json\/wp\/v2\/types\/page"}],"author":[{"embeddable":true,"href":"https:\/\/viajeraeditorial.ar\/blog\/wp-json\/wp\/v2\/users\/3"}],"replies":[{"embeddable":true,"href":"https:\/\/viajeraeditorial.ar\/blog\/wp-json\/wp\/v2\/comments?post=699"}],"version-history":[{"count":2,"href":"https:\/\/viajeraeditorial.ar\/blog\/wp-json\/wp\/v2\/pages\/699\/revisions"}],"predecessor-version":[{"id":2334,"href":"https:\/\/viajeraeditorial.ar\/blog\/wp-json\/wp\/v2\/pages\/699\/revisions\/2334"}],"up":[{"embeddable":true,"href":"https:\/\/viajeraeditorial.ar\/blog\/wp-json\/wp\/v2\/pages\/30"}],"wp:attachment":[{"href":"https:\/\/viajeraeditorial.ar\/blog\/wp-json\/wp\/v2\/media?parent=699"}],"curies":[{"name":"wp","href":"https:\/\/api.w.org\/{rel}","templated":true}]}}