{"id":7793,"date":"2019-05-11T20:28:51","date_gmt":"2019-05-11T23:28:51","guid":{"rendered":"http:\/\/www.viajeraeditorial.com.ar\/?page_id=7793"},"modified":"2020-11-02T21:02:39","modified_gmt":"2020-11-03T00:02:39","slug":"nicolas-alonso","status":"publish","type":"page","link":"https:\/\/viajeraeditorial.ar\/blog\/catalogo\/nicolas-alonso\/","title":{"rendered":"Nicol\u00e1s Alonso"},"content":{"rendered":"<p style=\"text-align: justify;\"><img loading=\"lazy\" class=\"wp-image-7794 alignright\" src=\"http:\/\/www.viajeraeditorial.ar\/blog\/wp-content\/uploads\/2019\/05\/49682629-10217974957386946-813511275953782784-n.jpg\" alt=\"\" width=\"331\" height=\"403\" srcset=\"https:\/\/viajeraeditorial.ar\/blog\/wp-content\/uploads\/2019\/05\/49682629-10217974957386946-813511275953782784-n.jpg 528w, https:\/\/viajeraeditorial.ar\/blog\/wp-content\/uploads\/2019\/05\/49682629-10217974957386946-813511275953782784-n-257x313.jpg 257w, https:\/\/viajeraeditorial.ar\/blog\/wp-content\/uploads\/2019\/05\/49682629-10217974957386946-813511275953782784-n-350x426.jpg 350w\" sizes=\"(max-width: 331px) 100vw, 331px\" \/><\/p>\n<p style=\"text-align: justify;\">Naci\u00f3 en Lan\u00fas en 1986. Es Licenciado en Ciencia Pol\u00edtica por la UBA. Curs\u00f3 una maestr\u00eda en Integraci\u00f3n Latinoamericana en la Untref y luego un doctorado en Filosof\u00eda en la Universidad Nacional de Lan\u00fas.<\/p>\n<p style=\"text-align: justify;\">Asiste a los talleres de Siempre de Viaje desde el 2009. Particip\u00f3 en el Festival de Poes\u00eda joven La Juntada en 2016 y algunos de sus poemas fueron incluidos en la Antolog\u00eda <em>C\u00f3mo decir II<\/em> (Ruinas Circulares, 2018).<\/p>\n<p><strong><span style=\"text-decoration: underline;\">En Viajera<\/span><\/strong><\/p>\n<p style=\"padding-left: 30px;\"><img loading=\"lazy\" class=\"wp-image-7797  alignnone\" src=\"http:\/\/www.viajeraeditorial.ar\/blog\/wp-content\/uploads\/2019\/05\/suspendido-e1557618807476.jpg\" alt=\"\" width=\"11\" height=\"17\" \/><a href=\"http:\/\/www.viajeraeditorial.ar\/blog\/descubrir\/suspendido\/\">Suspendido<\/a> (<a href=\"http:\/\/www.viajeraeditorial.ar\/blog\/descubrir\/\">Descubrir<\/a>, 2019)<\/p>\n<p><strong><span style=\"text-decoration: underline;\">Contenido sobre Nicol\u00e1s<\/span><\/strong><\/p>\n<ul class = \"posts-by-tag-list\"><li class=\"posts-by-tag-item Alicia Saliva Anibal Ilguisonis Axel Levin Cristina Eseiza Eduardo G\u00e1lvez Eugenia Coiro Festival de Poes\u00eda de Rosario Ignacio Uranga Jan De Jager Jos\u00e9 Lupia Karina Macci\u00f3 Marcela Manuel Nicol\u00e1s Alonso Sof\u00eda\" id=\"posts-by-tag-item-8738\"><a class = \"posts-by-tag-item-title\" href=\"https:\/\/viajeraeditorial.ar\/blog\/2020\/11\/estamos-en-el-fipr\/\">Estamos en el FIPR<\/a><\/li><li class=\"posts-by-tag-item Nicol\u00e1s Alonso\" id=\"posts-by-tag-item-8517\"><a class = \"posts-by-tag-item-title\" href=\"https:\/\/viajeraeditorial.ar\/blog\/2020\/07\/tus-ray-ban-nicolas-alonso\/\">Tus Ray Ban * Nicol\u00e1s Alonso<\/a><\/li><li class=\"posts-by-tag-item Nicol\u00e1s Alonso suspendido\" id=\"posts-by-tag-item-8030\"><a class = \"posts-by-tag-item-title\" href=\"https:\/\/viajeraeditorial.ar\/blog\/2020\/02\/hay-que-evitar-todo-tipo-de-pensamiento-nicolas-alonso\/\">hay que evitar todo tipo de pensamiento * Nicol\u00e1s Alonso<\/a><\/li><li class=\"posts-by-tag-item Nicol\u00e1s Alonso suspendido\" id=\"posts-by-tag-item-8036\"><a class = \"posts-by-tag-item-title\" href=\"https:\/\/viajeraeditorial.ar\/blog\/2020\/01\/y-arrojen-todo-al-rio-nicolas-alonso\/\">y arrojen todo al r\u00edo * Nicol\u00e1s Alonso<\/a><\/li><li class=\"posts-by-tag-item Nicol\u00e1s Alonso\" id=\"posts-by-tag-item-8112\"><a class = \"posts-by-tag-item-title\" href=\"https:\/\/viajeraeditorial.ar\/blog\/2019\/11\/nicolas-alonso-en-poesia-en-la-biblioteca-2711\/\">Nicol\u00e1s Alonso en Poes\u00eda en la Biblioteca * 27\/11<\/a><\/li><li class=\"posts-by-tag-item An\u00edbal Ilguisonis Axel Levin Nicol\u00e1s Alonso\" id=\"posts-by-tag-item-8123\"><a class = \"posts-by-tag-item-title\" href=\"https:\/\/viajeraeditorial.ar\/blog\/2019\/11\/levin-alonso-ilguisonis-en-kula-fest\/\">Levin, Alonso, Ilguisonis en Kula Fest<\/a><\/li><li class=\"posts-by-tag-item Nicol\u00e1s Alonso suspendido\" id=\"posts-by-tag-item-8033\"><a class = \"posts-by-tag-item-title\" href=\"https:\/\/viajeraeditorial.ar\/blog\/2019\/10\/quiero-plantarme-una-bandera-en-las-entranas-nicolas-alonso\/\">quiero plantarme una bandera en las entra\u00f1as * Nicol\u00e1s Alonso<\/a><\/li><li class=\"posts-by-tag-item Nicol\u00e1s Alonso suspendido\" id=\"posts-by-tag-item-8039\"><a class = \"posts-by-tag-item-title\" href=\"https:\/\/viajeraeditorial.ar\/blog\/2019\/10\/me-disolvi-nicolas-alonso\/\">me disolv\u00ed * Nicol\u00e1s Alonso<\/a><\/li><li class=\"posts-by-tag-item Nicol\u00e1s Alonso\" id=\"posts-by-tag-item-7969\"><a class = \"posts-by-tag-item-title\" href=\"https:\/\/viajeraeditorial.ar\/blog\/2019\/08\/nicolas-alonso-en-el-moran\/\">Nicol\u00e1s Alonso en el Mor\u00e1n<\/a><\/li><li class=\"posts-by-tag-item An\u00edbal Ilguisonis Axel Levin Eduardo G\u00e1lvez Nicol\u00e1s Alonso\" id=\"posts-by-tag-item-7915\"><a class = \"posts-by-tag-item-title\" href=\"https:\/\/viajeraeditorial.ar\/blog\/2019\/07\/el-paisaje-interior-147-ilguisonis-galvez-alonso\/\">El paisaje interior * 14\/7 Ilguisonis, G\u00e1lvez, Alonso<\/a><\/li><li class=\"posts-by-tag-item Nicol\u00e1s Alonso suspendido\" id=\"posts-by-tag-item-7885\"><a class = \"posts-by-tag-item-title\" href=\"https:\/\/viajeraeditorial.ar\/blog\/2019\/06\/quiero-ser-un-humedal-nicolas-alonso\/\">quiero ser un humedal * Nicol\u00e1s Alonso<\/a><\/li><li class=\"posts-by-tag-item Nicol\u00e1s Alonso suspendido\" id=\"posts-by-tag-item-7655\"><a class = \"posts-by-tag-item-title\" href=\"https:\/\/viajeraeditorial.ar\/blog\/2019\/04\/he-venido-a-decirte-adios-nicolas-alonso\/\">he venido a decirte adi\u00f3s * Nicol\u00e1s Alonso<\/a><\/li><li class=\"posts-by-tag-item Nicol\u00e1s Alonso suspendido\" id=\"posts-by-tag-item-7658\"><a class = \"posts-by-tag-item-title\" href=\"https:\/\/viajeraeditorial.ar\/blog\/2019\/02\/alguien-escribio-colores-nicolas-alonso\/\">alguien escribi\u00f3 colores * Nicol\u00e1s Alonso<\/a><\/li><li class=\"posts-by-tag-item Nicol\u00e1s Alonso\" id=\"posts-by-tag-item-7620\"><a class = \"posts-by-tag-item-title\" href=\"https:\/\/viajeraeditorial.ar\/blog\/2019\/02\/nicolas-alonso-en-el-gym-33-en-el-moran\/\">Nicol\u00e1s Alonso en El Gym * 3\/3 en el Mor\u00e1n<\/a><\/li><li class=\"posts-by-tag-item Nicol\u00e1s Alonso Sof\u00eda Ciravegna Sumergida\" id=\"posts-by-tag-item-7552\"><a class = \"posts-by-tag-item-title\" href=\"https:\/\/viajeraeditorial.ar\/blog\/2019\/01\/sumergida-resena-en-solo-tempestad\/\">Sumergida * Rese\u00f1a en Solo tempestad<\/a><\/li><li class=\"posts-by-tag-item Eugenia Coiro N\u00e9stor Cheb Terrab Nicol\u00e1s Alonso\" id=\"posts-by-tag-item-7239\"><a class = \"posts-by-tag-item-title\" href=\"https:\/\/viajeraeditorial.ar\/blog\/2018\/08\/nestor-cheb-terrab-nico-alonso-eugenia-coiro-como-decir-19\/\">N\u00e9stor Cheb Terrab, Nico Alonso, Eugenia Coiro * C\u00f3mo decir * 1\/9<\/a><\/li><li class=\"posts-by-tag-item Nicol\u00e1s Alonso\" id=\"posts-by-tag-item-6988\"><a class = \"posts-by-tag-item-title\" href=\"https:\/\/viajeraeditorial.ar\/blog\/2018\/07\/a-veces-pareces-nicolas-alonso\/\">a veces parec\u00e9s * Nicol\u00e1s Alonso<\/a><\/li><li class=\"posts-by-tag-item Nicol\u00e1s Alonso suspendido\" id=\"posts-by-tag-item-6990\"><a class = \"posts-by-tag-item-title\" href=\"https:\/\/viajeraeditorial.ar\/blog\/2018\/06\/si-todo-pudiese-no-ser-mas-que-sombra-nicolas-alonso\/\">si todo pudiese no ser m\u00e1s que sombra * Nicol\u00e1s Alonso<\/a><\/li><li class=\"posts-by-tag-item Feria Internacional del Libro de Buenos Aires Nicol\u00e1s Alonso\" id=\"posts-by-tag-item-6985\"><a class = \"posts-by-tag-item-title\" href=\"https:\/\/viajeraeditorial.ar\/blog\/2018\/05\/nicolas-alonso-en-la-feria-del-libro-135\/\">Nicol\u00e1s Alonso en la Feria del Libro * 13\/5<\/a><\/li><li class=\"posts-by-tag-item Nicol\u00e1s Alonso Viajera Visita\" id=\"posts-by-tag-item-1523\"><a class = \"posts-by-tag-item-title\" href=\"https:\/\/viajeraeditorial.ar\/blog\/2012\/12\/nicolas-alonso-en-viajera-visita\/\">Nicol\u00e1s Alonso en Viajera Visita<\/a><\/li><\/ul>\n","protected":false},"excerpt":{"rendered":"<p>Naci\u00f3 en Lan\u00fas en 1986. Es Licenciado en Ciencia Pol\u00edtica por la UBA. Curs\u00f3 una maestr\u00eda en Integraci\u00f3n Latinoamericana en la Untref y luego un doctorado en Filosof\u00eda en la Universidad Nacional de Lan\u00fas. Asiste a los talleres de Siempre de Viaje desde el 2009. Particip\u00f3 en el Festival de Poes\u00eda joven La Juntada en [&hellip;]<\/p>\n","protected":false},"author":4,"featured_media":0,"parent":8710,"menu_order":0,"comment_status":"closed","ping_status":"open","template":"","meta":[],"_links":{"self":[{"href":"https:\/\/viajeraeditorial.ar\/blog\/wp-json\/wp\/v2\/pages\/7793"}],"collection":[{"href":"https:\/\/viajeraeditorial.ar\/blog\/wp-json\/wp\/v2\/pages"}],"about":[{"href":"https:\/\/viajeraeditorial.ar\/blog\/wp-json\/wp\/v2\/types\/page"}],"author":[{"embeddable":true,"href":"https:\/\/viajeraeditorial.ar\/blog\/wp-json\/wp\/v2\/users\/4"}],"replies":[{"embeddable":true,"href":"https:\/\/viajeraeditorial.ar\/blog\/wp-json\/wp\/v2\/comments?post=7793"}],"version-history":[{"count":2,"href":"https:\/\/viajeraeditorial.ar\/blog\/wp-json\/wp\/v2\/pages\/7793\/revisions"}],"predecessor-version":[{"id":7800,"href":"https:\/\/viajeraeditorial.ar\/blog\/wp-json\/wp\/v2\/pages\/7793\/revisions\/7800"}],"up":[{"embeddable":true,"href":"https:\/\/viajeraeditorial.ar\/blog\/wp-json\/wp\/v2\/pages\/8710"}],"wp:attachment":[{"href":"https:\/\/viajeraeditorial.ar\/blog\/wp-json\/wp\/v2\/media?parent=7793"}],"curies":[{"name":"wp","href":"https:\/\/api.w.org\/{rel}","templated":true}]}}