{"id":91,"date":"2015-04-20T02:14:52","date_gmt":"2015-04-20T05:14:52","guid":{"rendered":"http:\/\/www.viajeraeditorial.com.ar\/?page_id=91"},"modified":"2020-11-02T21:07:17","modified_gmt":"2020-11-03T00:07:17","slug":"perla-ericlee-quinteros","status":"publish","type":"page","link":"https:\/\/viajeraeditorial.ar\/blog\/catalogo\/perla-ericlee-quinteros\/","title":{"rendered":"Perla Ericl\u00e9e Quinteros"},"content":{"rendered":"<p><a href=\"http:\/\/www.viajeraeditorial.ar\/blog\/wp-content\/uploads\/2015\/04\/fotoperlaquinteros.jpg\"><img loading=\"lazy\" class=\"alignright size-full wp-image-521\" src=\"http:\/\/www.viajeraeditorial.ar\/blog\/wp-content\/uploads\/2015\/04\/fotoperlaquinteros.jpg\" alt=\"Perla Quinteros\" width=\"350\" height=\"348\" \/><\/a>Naci\u00f3 en Buenos Aires el 14 de julio de 1961. Es licenciada en Letras de la Universidad de Buenos Aires. Trabaja como profesora de Literatura en colegios de ense\u00f1anza media y dicta seminariso en la Universidad Tecnol\u00f3gica Nacional. Se desempe\u00f1a tambi\u00e9n como correctora de estilo para diferentes editoriales.<\/p>\n<p>En 2007 public\u00f3 el pliego\u00a0<em>\u00c9sta en el aire<\/em>, en Poes\u00eda Port\u00e1til, como fruto de su trabajo en los talleres literarios de Karina Macci\u00f3, en Siempre de Viaje.<\/p>\n<p>Escribe poes\u00eda y prosa desde la infancia, y ha participado en lecturas colectivas con diversos grupos de escritores. Sus primeros acercamientos a la poes\u00eda los transit\u00f3 de la mano de Atilio Castelpoggi, Mar\u00eda Ruth Pardo Belgrano y Alberto Laiseca.<\/p>\n<p>Sus maestros en la membrana fundamental, la del amor, son sus dos hijos, Ignacio y Agustina.<\/p>\n<p><span style=\"text-decoration: underline;\"><strong>En Viajera<\/strong><\/span><\/p>\n<p style=\"padding-left: 30px;\"><a href=\"http:\/\/www.viajeraeditorial.ar\/blog\/descubrir\/lengua-espiral\/\"><img loading=\"lazy\" class=\"alignnone size-full wp-image-4519\" src=\"http:\/\/www.viajeraeditorial.ar\/blog\/wp-content\/uploads\/2015\/03\/lenguatapa_tn20.jpg\" alt=\"Lengua Espiral\" width=\"13\" height=\"20\" \/><\/a>\u00a0<a href=\"http:\/\/www.viajeraeditorial.ar\/blog\/descubrir\/lengua-espiral\/\">Lengua Espiral<\/a> (<a href=\"http:\/\/www.viajeraeditorial.ar\/blog\/descubrir\/\">Descubrir<\/a>, 2009)<\/p>\n<p><span style=\"text-decoration: underline;\"><strong>Contenido sobre Perla<\/strong><\/span><\/p>\n<ul class = \"posts-by-tag-list\"><li class=\"posts-by-tag-item Lengua Espiral Perla Ericl\u00e9e Quinteros\" id=\"posts-by-tag-item-7608\"><a class = \"posts-by-tag-item-title\" href=\"https:\/\/viajeraeditorial.ar\/blog\/2019\/02\/trasbordo-perla-ericlee-quinteros\/\">trasbordo * Perla Ericl\u00e9e Quinteros<\/a><\/li><li class=\"posts-by-tag-item Lengua Espiral Perla Ericl\u00e9e Quinteros Viajera\" id=\"posts-by-tag-item-806\"><a class = \"posts-by-tag-item-title\" href=\"https:\/\/viajeraeditorial.ar\/blog\/2014\/03\/el-ijo-perla-ericlee-quinteros\/\">el ijo - Perla Ericl\u00e9e Quinteros<\/a><\/li><li class=\"posts-by-tag-item Lengua Espiral Perla Ericl\u00e9e Quinteros Viajera\" id=\"posts-by-tag-item-2127\"><a class = \"posts-by-tag-item-title\" href=\"https:\/\/viajeraeditorial.ar\/blog\/2014\/02\/tedio-perla-quinteros\/\">TEDIO - Perla Quinteros<\/a><\/li><li class=\"posts-by-tag-item Lengua Espiral Perla Ericl\u00e9e Quinteros Viajera\" id=\"posts-by-tag-item-2135\"><a class = \"posts-by-tag-item-title\" href=\"https:\/\/viajeraeditorial.ar\/blog\/2014\/02\/ella-perla-ericlee-quinteros\/\">Ella - Perla Ericl\u00e9e Quinteros<\/a><\/li><li class=\"posts-by-tag-item Lengua Espiral Perla Ericl\u00e9e Quinteros Viajera\" id=\"posts-by-tag-item-2036\"><a class = \"posts-by-tag-item-title\" href=\"https:\/\/viajeraeditorial.ar\/blog\/2014\/01\/acusajuez-perla-ericlee-quinteros\/\">acusajuez - Perla Ericl\u00e9e Quinteros<\/a><\/li><li class=\"posts-by-tag-item Amor Lengua Espiral Perla Ericl\u00e9e Quinteros Viajera\" id=\"posts-by-tag-item-1325\"><a class = \"posts-by-tag-item-title\" href=\"https:\/\/viajeraeditorial.ar\/blog\/2013\/07\/el-amor-en-viajera-perla-ericlee-quinteros\/\">El amor en Viajera - Perla Ericl\u00e9e Quinteros<\/a><\/li><li class=\"posts-by-tag-item Colores Lengua Espiral Perla Ericl\u00e9e Quinteros Viajera\" id=\"posts-by-tag-item-1372\"><a class = \"posts-by-tag-item-title\" href=\"https:\/\/viajeraeditorial.ar\/blog\/2013\/06\/perla-ericlee-quinteros-azul\/\">Perla Ericl\u00e9e Quinteros: Azul.<\/a><\/li><li class=\"posts-by-tag-item An\u00edbal Ilguisonis Carlos Battilana Casa de Viaje Cecilia Maugeri clin caja Estuche negro Karina Macci\u00f3 La Cajita de Pandora La P\u00e9rdida o La Perdida La Playa Lengua Espiral Loreley El Jaber malapalabra Mar\u00eda Victoria Verzura Natalia Monsegur Perla Ericl\u00e9e Quinteros Presente Continuo Ricardo Czikk Sentir \u00d3seo Virginia Janza visitante\/the visitor\" id=\"posts-by-tag-item-1941\"><a class = \"posts-by-tag-item-title\" href=\"https:\/\/viajeraeditorial.ar\/blog\/2010\/11\/este-martes-23-de-noviembre-leemos-en-la-casa\/\">Este martes 23 de noviembre leemos en la Casa!<\/a><\/li><li class=\"posts-by-tag-item An\u00edbal Ilguisonis Carlos Battilana Casa de Viaje Cecilia Maugeri clin caja Estuche negro herpes Karina Macci\u00f3 La Cajita de Pandora La P\u00e9rdida o La Perdida La Playa Lengua Espiral Loreley El Jaber malapalabra Mana Mar\u00eda Victoria Verzura Natalia Monsegur Perla Ericl\u00e9e Quinteros Presente Continuo Ricardo Czikk Sentir \u00d3seo Virginia Janza visitante\/the visitor\" id=\"posts-by-tag-item-1946\"><a class = \"posts-by-tag-item-title\" href=\"https:\/\/viajeraeditorial.ar\/blog\/2010\/11\/viajera-visita-la-casa-de-la-lectura-3\/\">Viajera visita la Casa de la Lectura<\/a><\/li><li class=\"posts-by-tag-item Lengua Espiral Perla Ericl\u00e9e Quinteros\" id=\"posts-by-tag-item-2005\"><a class = \"posts-by-tag-item-title\" href=\"https:\/\/viajeraeditorial.ar\/blog\/2010\/06\/el-devenir-del-lenguaje-en-palabra-apasionada-una-lectura-de-lengua-espiral-de-perla-quinteros\/\">El devenir del lenguaje en palabra apasionada: una lectura de \"Lengua Espiral\" de Perla Quinteros<\/a><\/li><li class=\"posts-by-tag-item An\u00edbal Ilguisonis Cecilia Maugeri clin caja Estuche negro herpes Karina Macci\u00f3 La Cajita de Pandora La P\u00e9rdida o La Perdida La Playa Lengua Espiral Loreley El Jaber malapalabra Mana Mar\u00eda Victoria Verzura Perla Ericl\u00e9e Quinteros Ricardo Czikk Sentir \u00d3seo Virginia Janza\" id=\"posts-by-tag-item-2012\"><a class = \"posts-by-tag-item-title\" href=\"https:\/\/viajeraeditorial.ar\/blog\/2010\/05\/viajera-en-el-festival-buen-dia\/\">Viajera en el festival Buen D\u00eda!<\/a><\/li><li class=\"posts-by-tag-item herpes La Playa Lengua Espiral Loreley El Jaber Mana Mar\u00eda Victoria Verzura Perla Ericl\u00e9e Quinteros Sentir \u00d3seo\" id=\"posts-by-tag-item-2021\"><a class = \"posts-by-tag-item-title\" href=\"https:\/\/viajeraeditorial.ar\/blog\/2010\/05\/nuevos-libros-de-viajera-editorial\/\">\u00a1Nuevos libros de Viajera Editorial!<\/a><\/li><li class=\"posts-by-tag-item An\u00edbal Ilguisonis Cecilia Maugeri clin caja Estuche negro herpes Karina Macci\u00f3 La Cajita de Pandora La P\u00e9rdida o La Perdida La Playa Lengua Espiral Loreley El Jaber malapalabra Mana Mar\u00eda Victoria Verzura Perla Ericl\u00e9e Quinteros Ricardo Czikk Sentir \u00d3seo Viajera Visita Virginia Janza\" id=\"posts-by-tag-item-2026\"><a class = \"posts-by-tag-item-title\" href=\"https:\/\/viajeraeditorial.ar\/blog\/2010\/04\/2026\/\">Viajera Visita Garrick<\/a><\/li><\/ul>\n","protected":false},"excerpt":{"rendered":"<p>Naci\u00f3 en Buenos Aires el 14 de julio de 1961. Es licenciada en Letras de la Universidad de Buenos Aires. Trabaja como profesora de Literatura en colegios de ense\u00f1anza media y dicta seminariso en la Universidad Tecnol\u00f3gica Nacional. Se desempe\u00f1a tambi\u00e9n como correctora de estilo para diferentes editoriales. En 2007 public\u00f3 el pliego\u00a0\u00c9sta en el [&hellip;]<\/p>\n","protected":false},"author":3,"featured_media":0,"parent":8710,"menu_order":0,"comment_status":"closed","ping_status":"open","template":"","meta":[],"_links":{"self":[{"href":"https:\/\/viajeraeditorial.ar\/blog\/wp-json\/wp\/v2\/pages\/91"}],"collection":[{"href":"https:\/\/viajeraeditorial.ar\/blog\/wp-json\/wp\/v2\/pages"}],"about":[{"href":"https:\/\/viajeraeditorial.ar\/blog\/wp-json\/wp\/v2\/types\/page"}],"author":[{"embeddable":true,"href":"https:\/\/viajeraeditorial.ar\/blog\/wp-json\/wp\/v2\/users\/3"}],"replies":[{"embeddable":true,"href":"https:\/\/viajeraeditorial.ar\/blog\/wp-json\/wp\/v2\/comments?post=91"}],"version-history":[{"count":6,"href":"https:\/\/viajeraeditorial.ar\/blog\/wp-json\/wp\/v2\/pages\/91\/revisions"}],"predecessor-version":[{"id":4585,"href":"https:\/\/viajeraeditorial.ar\/blog\/wp-json\/wp\/v2\/pages\/91\/revisions\/4585"}],"up":[{"embeddable":true,"href":"https:\/\/viajeraeditorial.ar\/blog\/wp-json\/wp\/v2\/pages\/8710"}],"wp:attachment":[{"href":"https:\/\/viajeraeditorial.ar\/blog\/wp-json\/wp\/v2\/media?parent=91"}],"curies":[{"name":"wp","href":"https:\/\/api.w.org\/{rel}","templated":true}]}}