{"id":913,"date":"2015-05-19T04:58:51","date_gmt":"2015-05-19T07:58:51","guid":{"rendered":"http:\/\/www.viajeraeditorial.com.ar\/?page_id=913"},"modified":"2015-06-15T00:01:15","modified_gmt":"2015-06-15T03:01:15","slug":"habitar-mi-camino-dwelling-my-path","status":"publish","type":"page","link":"https:\/\/viajeraeditorial.ar\/blog\/bifida\/habitar-mi-camino-dwelling-my-path\/","title":{"rendered":"Habitar mi camino \/ Dwelling my path"},"content":{"rendered":"<p><a href=\"http:\/\/www.viajeraeditorial.ar\/blog\/wp-content\/uploads\/2015\/05\/habitarmicamino.png\"><img loading=\"lazy\" class=\" size-full wp-image-915 alignleft\" src=\"http:\/\/www.viajeraeditorial.ar\/blog\/wp-content\/uploads\/2015\/05\/habitarmicamino.png\" alt=\"Habitar mi camino \/ Dwelling my path\" width=\"275\" height=\"411\" \/><\/a><a href=\"http:\/\/www.viajeraeditorial.ar\/blog\/autores\/maria-del-carmen-sarquis\/\">Mar\u00eda del Carmen Sarquis<\/a>, 2015.<br \/>\nVersi\u00f3n en ingl\u00e9s por Mar\u00eda Cristina Araujo y Laura Mangione.<br \/>\nISBN:\u00a0978-987-3719-08-0<br \/>\n121\u00a0p.<\/p>\n<p>Los poemas de Mar\u00eda del Carmen Sarquis son pr\u00edstinos, precisos,\u00a0preciosos. Cada palabra, como una delicada nota musical, enciende\u00a0una imagen, una idea, y conforman un conjunto que se pregunta por\u00a0la existencia, que se permite el asombro puro, ni\u00f1o. Una voz curiosa\u00a0de mujer, que habiendo recorrido muchos caminos, intuye que las\u00a0respuestas son siempre transitorias. Cada experiencia es \u00fanica y la\u00a0vida, una transformaci\u00f3n constante que hay que animarse a tomar.<\/p>\n<p>The poems by Mar\u00eda del Carmen Sarquis are pristine, accurate and\u00a0precious. Each word, as a delicate musical note, gives birth to an\u00a0image, an idea, and builds a concept that wonders about the\u00a0existence, which allows the pure childish amazement. A curious\u00a0feminine voice, that having moved along many roads, feels that the\u00a0answers are always temporary. Each experience is unique and life, a\u00a0constant transformation that we have to dare seize.<\/p>\n<p style=\"text-align: right;\"><em>Karina Macci\u00f3<\/em><\/p>\n<p><strong><span style=\"text-decoration: underline;\">Contenido sobre Habitar mi camino \/ Dwelling my path<\/span><\/strong><\/p>\n<ul class = \"posts-by-tag-list\"><li class=\"posts-by-tag-item Andrea Larrieu An\u00edbal Ilguisonis Axel Levin Belara Mich\u00e1n Cat\u00e1logo Feria del Libro Gabriela Tavolara Habitar mi camino\/Dwelling my path Karina Macci\u00f3 Mar\u00eda del Carmen Sarquis Mauricio Dreiling Nicol\u00e1s Di Candia Strip-Dancer Vidrio\" id=\"posts-by-tag-item-2221\"><a class = \"posts-by-tag-item-title\" href=\"https:\/\/viajeraeditorial.ar\/blog\/2015\/05\/viajera-en-la-feria-del-libro-de-buenos-aires-este-domingo-10-de-mayo\/\">Viajera en la Feria del Libro de Buenos Aires este domingo 10 de mayo<\/a><\/li><\/ul>\n","protected":false},"excerpt":{"rendered":"<p>Mar\u00eda del Carmen Sarquis, 2015. Versi\u00f3n en ingl\u00e9s por Mar\u00eda Cristina Araujo y Laura Mangione. ISBN:\u00a0978-987-3719-08-0 121\u00a0p. Los poemas de Mar\u00eda del Carmen Sarquis son pr\u00edstinos, precisos,\u00a0preciosos. Cada palabra, como una delicada nota musical, enciende\u00a0una imagen, una idea, y conforman un conjunto que se pregunta por\u00a0la existencia, que se permite el asombro puro, ni\u00f1o. Una [&hellip;]<\/p>\n","protected":false},"author":3,"featured_media":0,"parent":34,"menu_order":4,"comment_status":"closed","ping_status":"open","template":"","meta":[],"_links":{"self":[{"href":"https:\/\/viajeraeditorial.ar\/blog\/wp-json\/wp\/v2\/pages\/913"}],"collection":[{"href":"https:\/\/viajeraeditorial.ar\/blog\/wp-json\/wp\/v2\/pages"}],"about":[{"href":"https:\/\/viajeraeditorial.ar\/blog\/wp-json\/wp\/v2\/types\/page"}],"author":[{"embeddable":true,"href":"https:\/\/viajeraeditorial.ar\/blog\/wp-json\/wp\/v2\/users\/3"}],"replies":[{"embeddable":true,"href":"https:\/\/viajeraeditorial.ar\/blog\/wp-json\/wp\/v2\/comments?post=913"}],"version-history":[{"count":2,"href":"https:\/\/viajeraeditorial.ar\/blog\/wp-json\/wp\/v2\/pages\/913\/revisions"}],"predecessor-version":[{"id":2349,"href":"https:\/\/viajeraeditorial.ar\/blog\/wp-json\/wp\/v2\/pages\/913\/revisions\/2349"}],"up":[{"embeddable":true,"href":"https:\/\/viajeraeditorial.ar\/blog\/wp-json\/wp\/v2\/pages\/34"}],"wp:attachment":[{"href":"https:\/\/viajeraeditorial.ar\/blog\/wp-json\/wp\/v2\/media?parent=913"}],"curies":[{"name":"wp","href":"https:\/\/api.w.org\/{rel}","templated":true}]}}