{"id":93,"date":"2015-04-20T02:15:14","date_gmt":"2015-04-20T05:15:14","guid":{"rendered":"http:\/\/www.viajeraeditorial.com.ar\/?page_id=93"},"modified":"2020-11-02T21:02:39","modified_gmt":"2020-11-03T00:02:39","slug":"maria-victoria-verzura","status":"publish","type":"page","link":"https:\/\/viajeraeditorial.ar\/blog\/catalogo\/maria-victoria-verzura\/","title":{"rendered":"Mar\u00eda Victoria Verzura"},"content":{"rendered":"<p><a href=\"http:\/\/www.viajeraeditorial.ar\/blog\/wp-content\/uploads\/2015\/04\/mariavictoriaverzura.jpg\"><img loading=\"lazy\" class=\"alignright size-full wp-image-257\" src=\"http:\/\/www.viajeraeditorial.ar\/blog\/wp-content\/uploads\/2015\/04\/mariavictoriaverzura.jpg\" alt=\"Mar\u00eda Victoria Verzura\" width=\"220\" height=\"193\" \/><\/a>Naci\u00f3 en Buenos Aires el 27 de diciembre de 1973. Se recibi\u00f3 de Licenciada en Inform\u00e1tica en el Instituto Tecnol\u00f3gico de Buenos Aires. Est\u00e1 casada y tiene un hijo.<\/p>\n<p>Particip\u00f3 en varias antolog\u00edas, entre ellas Latitudes Literarias en el a\u00f1o 2003, Territorio Sur en el 2004, en Homenaje al Amor en el mismo a\u00f1o, en Cuaderno de Ejercicios del Centro Cultural El Taller en el 2013 y en Exit 75 tributo a Tori Amos.<\/p>\n<p>Ha participado en la revista literaria Redes de Papel y en Plebella.<\/p>\n<p>Public\u00f3 su serie Girando, en homenaje a Oliverio Girondo (Zapatos Rojos) y Mar Rosa un tributo a Marosa Di Giorgio, libro-objeto que forma parte de la Colecci\u00f3n Valijita. Adem\u00e1s public\u00f3 en Poes\u00eda Port\u00e1til con textos de la serie Lavo las manos.<\/p>\n<p>Como parte de la movida de Siempre de Viaje, asisti\u00f3 a los festivales Buen d\u00eda en Rosario en 2007 y en Buenos Aires en 2008 y 2009.<\/p>\n<p>Ha le\u00eddo en diversos ciclos literarios durante los \u00faltimos a\u00f1os. Ha participado en varias lecturas con Viajera Editorial visitando Eterna Cadencia, Espacio Lacadona, la Casa de la lectura como as\u00ed tambi\u00e9n en Benny, La Nave Kadmon, Garrik, Espacio Metanoia, entre otros. Tambi\u00e9n ha participado en presentaciones en el Centro Cultural El Taller y en ciclos de poes\u00eda y tango.<\/p>\n<p>En el a\u00f1o 2012 organiz\u00f3 un evento que mezclaba diferentes artes como poes\u00eda, pintura, fotograf\u00eda y canto, tambi\u00e9n arm\u00f3 <a href=\"http:\/\/expressarteblog.blogspot.com.ar\/\">el blog correspondiente al evento<\/a>, adem\u00e1s de su publicidad.<\/p>\n<p>En el a\u00f1o 2010 edit\u00f3 su primer libro Sentir \u00d3seo por Viajera Editorial.<\/p>\n<p><span style=\"text-decoration: underline;\"><strong>En Viajera<\/strong><\/span><\/p>\n<p style=\"padding-left: 30px;\"><a href=\"http:\/\/www.viajeraeditorial.ar\/blog\/descubrir\/sentir-oseo\/\"><img loading=\"lazy\" class=\"alignnone size-full wp-image-4538\" src=\"http:\/\/www.viajeraeditorial.ar\/blog\/wp-content\/uploads\/2015\/03\/sentirtapa_tn20.jpg\" alt=\"Sentir \u00d3seo\" width=\"13\" height=\"20\" \/><\/a>\u00a0<a href=\"http:\/\/www.viajeraeditorial.ar\/blog\/descubrir\/sentir-oseo\/\">Sentir \u00d3seo<\/a> (<a href=\"http:\/\/www.viajeraeditorial.ar\/blog\/descubrir\/\">Descubrir<\/a>, 2010)<\/p>\n<p><span style=\"text-decoration: underline;\"><strong>Contactar a Mar\u00eda Victoria<\/strong><\/span><\/p>\n<p style=\"padding-left: 30px;\"><a href=\"http:\/\/mvverzura.blogspot.com.ar\/\">Blog<\/a><br \/>\n<a href=\"https:\/\/www.facebook.com\/pages\/Sentir-%C3%93seo\/239032892811820\">Facebook<\/a><\/p>\n<p><span style=\"text-decoration: underline;\"><strong>Contenido sobre Mar\u00eda Victoria<\/strong><\/span><\/p>\n<ul class = \"posts-by-tag-list\"><li class=\"posts-by-tag-item Mar\u00eda Victoria Verzura\" id=\"posts-by-tag-item-8068\"><a class = \"posts-by-tag-item-title\" href=\"https:\/\/viajeraeditorial.ar\/blog\/2020\/04\/la-hoguera-esta-encendida-maria-victoria-verzura\/\">La hoguera est\u00e1 encendida * Mar\u00eda Victoria Verzura<\/a><\/li><li class=\"posts-by-tag-item Mar\u00eda Victoria Verzura\" id=\"posts-by-tag-item-8071\"><a class = \"posts-by-tag-item-title\" href=\"https:\/\/viajeraeditorial.ar\/blog\/2020\/03\/siempre-espero-de-los-demas-maria-victoria-verzura\/\">Siempre espero de los dem\u00e1s * Mar\u00eda Victoria Verzura<\/a><\/li><li class=\"posts-by-tag-item Mar\u00eda Victoria Verzura\" id=\"posts-by-tag-item-8099\"><a class = \"posts-by-tag-item-title\" href=\"https:\/\/viajeraeditorial.ar\/blog\/2020\/02\/recorres-mi-cuerpo-maria-victoria-verzura\/\">Recorr\u00e9s mi cuerpo * Mar\u00eda Victoria Verzura<\/a><\/li><li class=\"posts-by-tag-item Mar\u00eda Victoria Verzura\" id=\"posts-by-tag-item-8075\"><a class = \"posts-by-tag-item-title\" href=\"https:\/\/viajeraeditorial.ar\/blog\/2020\/01\/maria-victoria-verzura-bien-y-mal\/\">Mar\u00eda Victoria Verzura * Bien y mal<\/a><\/li><li class=\"posts-by-tag-item Mar\u00eda Victoria Verzura\" id=\"posts-by-tag-item-8065\"><a class = \"posts-by-tag-item-title\" href=\"https:\/\/viajeraeditorial.ar\/blog\/2019\/11\/extraneza-del-aire-maria-victoria-verzura\/\">Extra\u00f1eza del aire * Mar\u00eda Victoria Verzura<\/a><\/li><li class=\"posts-by-tag-item Mar\u00eda Victoria Verzura\" id=\"posts-by-tag-item-8062\"><a class = \"posts-by-tag-item-title\" href=\"https:\/\/viajeraeditorial.ar\/blog\/2019\/10\/en-mi-busqueda-maria-victoria-verzura\/\">En mi b\u00fasqueda * Mar\u00eda Victoria Verzura<\/a><\/li><li class=\"posts-by-tag-item Mar\u00eda Victoria Verzura\" id=\"posts-by-tag-item-7853\"><a class = \"posts-by-tag-item-title\" href=\"https:\/\/viajeraeditorial.ar\/blog\/2019\/07\/la-cicatriz-nunca-desaparece-maria-victoria-verzura\/\">La cicatriz nunca desaparece * Mar\u00eda Victoria Verzura<\/a><\/li><li class=\"posts-by-tag-item Mar\u00eda Victoria Verzura\" id=\"posts-by-tag-item-7850\"><a class = \"posts-by-tag-item-title\" href=\"https:\/\/viajeraeditorial.ar\/blog\/2019\/07\/un-hilo-de-luz-maria-victoria-verzura\/\">un hilo de luz * Mar\u00eda Victoria Verzura<\/a><\/li><li class=\"posts-by-tag-item Mar\u00eda Victoria Verzura\" id=\"posts-by-tag-item-7847\"><a class = \"posts-by-tag-item-title\" href=\"https:\/\/viajeraeditorial.ar\/blog\/2019\/06\/mi-sexo-decide-maria-victoria-verzura\/\">mi sexo decide * Mar\u00eda Victoria Verzura<\/a><\/li><li class=\"posts-by-tag-item Mar\u00eda Victoria Verzura\" id=\"posts-by-tag-item-7043\"><a class = \"posts-by-tag-item-title\" href=\"https:\/\/viajeraeditorial.ar\/blog\/2018\/08\/monoambiente-maria-victoria-verzura\/\">Monoambiente * Mar\u00eda Victoria Verzura<\/a><\/li><li class=\"posts-by-tag-item Mar\u00eda Victoria Verzura\" id=\"posts-by-tag-item-7039\"><a class = \"posts-by-tag-item-title\" href=\"https:\/\/viajeraeditorial.ar\/blog\/2018\/07\/acaso-estas-prohibido-maria-victoria-verzura\/\">\u00bfAcaso est\u00e1s prohibido * Mar\u00eda Victoria Verzura<\/a><\/li><li class=\"posts-by-tag-item Mar\u00eda Victoria Verzura\" id=\"posts-by-tag-item-7049\"><a class = \"posts-by-tag-item-title\" href=\"https:\/\/viajeraeditorial.ar\/blog\/2018\/06\/podes-provocar-maria-victoria-verzura\/\">Pod\u00e9s provocar * Mar\u00eda Victoria Verzura<\/a><\/li><li class=\"posts-by-tag-item Mar\u00eda Victoria Verzura\" id=\"posts-by-tag-item-7052\"><a class = \"posts-by-tag-item-title\" href=\"https:\/\/viajeraeditorial.ar\/blog\/2018\/06\/maria-victoria-verzura-yo-soy-el-ansia\/\">Mar\u00eda Victoria Verzura * Yo soy el ansia<\/a><\/li><li class=\"posts-by-tag-item Mar\u00eda Victoria Verzura\" id=\"posts-by-tag-item-7046\"><a class = \"posts-by-tag-item-title\" href=\"https:\/\/viajeraeditorial.ar\/blog\/2018\/05\/maria-victoria-verzura-necesito-resolverlo\/\">Mar\u00eda Victoria Verzura * Necesito resolverlo<\/a><\/li><li class=\"posts-by-tag-item Mar\u00eda Victoria Verzura\" id=\"posts-by-tag-item-6342\"><a class = \"posts-by-tag-item-title\" href=\"https:\/\/viajeraeditorial.ar\/blog\/2017\/11\/siempre-que-el-sol-maria-victoria-verzura\/\">Siempre que el sol * Mar\u00eda Victoria Verzura<\/a><\/li><li class=\"posts-by-tag-item Alicia Saliva Andrea Larrieu Eugenia Coiro Mar\u00eda Victoria Verzura Ricardo Czikk\" id=\"posts-by-tag-item-6551\"><a class = \"posts-by-tag-item-title\" href=\"https:\/\/viajeraeditorial.ar\/blog\/2017\/10\/escucha-a-czikk-larrieu-verzura-saliva-y-coiro-en-ladesterrada-com\/\">Escuch\u00e1 a Czikk, Larrieu, Verzura, Saliva y Coiro en ladesterrada.com<\/a><\/li><li class=\"posts-by-tag-item Alicia Saliva Andrea Larrieu Eugenia Coiro Mar\u00eda Victoria Verzura Radio Ricardo Czikk\" id=\"posts-by-tag-item-6538\"><a class = \"posts-by-tag-item-title\" href=\"https:\/\/viajeraeditorial.ar\/blog\/2017\/10\/verzuraczikksalivalarrieucoiro-en-la-radio-1210\/\">Verzura*Czikk*Saliva*Larrieu*Coiro en la radio 12\/10<\/a><\/li><li class=\"posts-by-tag-item Mar\u00eda Victoria Verzura\" id=\"posts-by-tag-item-6345\"><a class = \"posts-by-tag-item-title\" href=\"https:\/\/viajeraeditorial.ar\/blog\/2017\/07\/acaso-el-fuego-maria-victoria-verzura\/\">Acaso el fuego * Mar\u00eda Victoria Verzura<\/a><\/li><li class=\"posts-by-tag-item Mar\u00eda Victoria Verzura\" id=\"posts-by-tag-item-5942\"><a class = \"posts-by-tag-item-title\" href=\"https:\/\/viajeraeditorial.ar\/blog\/2017\/01\/querer-cerrarlos-maria-victoria-verzura\/\">Querer cerrarlos * Mar\u00eda Victoria Verzura<\/a><\/li><li class=\"posts-by-tag-item Mar\u00eda Victoria Verzura\" id=\"posts-by-tag-item-5945\"><a class = \"posts-by-tag-item-title\" href=\"https:\/\/viajeraeditorial.ar\/blog\/2016\/12\/todo-es-inestable-maria-victoria-verzura\/\">Todo es inestable * Mar\u00eda Victoria Verzura<\/a><\/li><li class=\"posts-by-tag-item Mar\u00eda Victoria Verzura Viajera Virtual\" id=\"posts-by-tag-item-5115\"><a class = \"posts-by-tag-item-title\" href=\"https:\/\/viajeraeditorial.ar\/blog\/2015\/11\/un-poema-de-huella-el-nuevo-libro-de-maria-victoria-verzura\/\">Un poema de Huella, el nuevo libro de Mar\u00eda Victoria Verzura<\/a><\/li><li class=\"posts-by-tag-item Alicia \u00c1lvarez Axel Levin Carolina Lesta Dami\u00e1n Boggino Daniel C\u00e1seres Diamar Pretelt Marrugo Eduardo Adrogu\u00e9 Eduardo Bunitow El Benny Elizabeth Vita Esther Ferrari Eugenia Coiro Gabriela Aristegui Gabriela Oyola Jos\u00e9 Lupia Juan Castro Walker Karina Macci\u00f3 Laura Amori Lorena Suez Macarena Cifuentes Mar\u00eda Victoria Verzura Mauricio Dreiling Minuto Sue\u00f1o N\u00e9stor Cheb Terrab Portada Virginia Janza\" id=\"posts-by-tag-item-870\"><a class = \"posts-by-tag-item-title\" href=\"https:\/\/viajeraeditorial.ar\/blog\/2015\/05\/minuto-sueno\/\">Minuto Sue\u00f1o<\/a><\/li><li class=\"posts-by-tag-item Axel Levin Belara Mich\u00e1n Diego Recalde Eugenia Coiro Feria del Libro Gabriela Aristegui Gabriela Pedrotti Karina Macci\u00f3 Lola Ullmann Lorena Garc\u00eda Marcela Manuel Mar\u00eda del Carmen Sarquis Mar\u00eda Victoria Verzura Mauricio Dreiling Minuto4 Nicol\u00e1s Di Candia Pablo M\u00fcllner Paula Maff\u00eda Portada Sof\u00eda Ciravegna Viajera Viajera Visita Virginia Janza\" id=\"posts-by-tag-item-814\"><a class = \"posts-by-tag-item-title\" href=\"https:\/\/viajeraeditorial.ar\/blog\/2015\/05\/viajera-en-la-feria-del-libro\/\">Viajera en la Feria del Libro<\/a><\/li><li class=\"posts-by-tag-item Mar\u00eda Victoria Verzura Minuto Terror\" id=\"posts-by-tag-item-82\"><a class = \"posts-by-tag-item-title\" href=\"https:\/\/viajeraeditorial.ar\/blog\/2015\/03\/minuto-terror-maria-victoria-verzura\/\">MINUTO TERROR - Mar\u00eda Victoria Verzura<\/a><\/li><li class=\"posts-by-tag-item Mar\u00eda Victoria Verzura Sentir \u00d3seo Viajera\" id=\"posts-by-tag-item-2239\"><a class = \"posts-by-tag-item-title\" href=\"https:\/\/viajeraeditorial.ar\/blog\/2015\/01\/me-llene-de-mierda-maria-victoria-verzura\/\">Me llen\u00e9 de mierda - Mar\u00eda Victoria Verzura<\/a><\/li><li class=\"posts-by-tag-item Mar\u00eda Victoria Verzura Sentir \u00d3seo Viajera\" id=\"posts-by-tag-item-2254\"><a class = \"posts-by-tag-item-title\" href=\"https:\/\/viajeraeditorial.ar\/blog\/2014\/11\/caminos-pasadizos-maria-victoria-verzura\/\">Caminos pasadizos - Mar\u00eda Victoria Verzura<\/a><\/li><li class=\"posts-by-tag-item Mar\u00eda Victoria Verzura Sentir \u00d3seo Viajera\" id=\"posts-by-tag-item-310\"><a class = \"posts-by-tag-item-title\" href=\"https:\/\/viajeraeditorial.ar\/blog\/2014\/10\/alguna-vez-maria-victoria-verzura\/\">Alguna vez - Mar\u00eda Victoria Verzura<\/a><\/li><li class=\"posts-by-tag-item Mar\u00eda Victoria Verzura Sentir \u00d3seo Viajera\" id=\"posts-by-tag-item-345\"><a class = \"posts-by-tag-item-title\" href=\"https:\/\/viajeraeditorial.ar\/blog\/2014\/09\/tengo-muchas-preguntas-maria-victoria-verzura\/\">Tengo muchas preguntas - Mar\u00eda Victoria Verzura<\/a><\/li><li class=\"posts-by-tag-item Mar\u00eda Victoria Verzura Sentir \u00d3seo Viajera\" id=\"posts-by-tag-item-2192\"><a class = \"posts-by-tag-item-title\" href=\"https:\/\/viajeraeditorial.ar\/blog\/2014\/07\/criaturas-maria-victoria-verzura\/\">Criaturas - Mar\u00eda Victoria Verzura<\/a><\/li><li class=\"posts-by-tag-item Mar\u00eda Victoria Verzura Minuto Magdalena\" id=\"posts-by-tag-item-2214\"><a class = \"posts-by-tag-item-title\" href=\"https:\/\/viajeraeditorial.ar\/blog\/2014\/06\/maria-victoria-verzura-minuto-magdalena-en-el-matienzo\/\">Mar\u00eda Victoria Verzura: Minuto Magdalena en el Matienzo<\/a><\/li><li class=\"posts-by-tag-item Mar\u00eda Victoria Verzura Sentir \u00d3seo Viajera\" id=\"posts-by-tag-item-2216\"><a class = \"posts-by-tag-item-title\" href=\"https:\/\/viajeraeditorial.ar\/blog\/2014\/06\/me-lleno-de-tu-cuerpo-maria-victoria-verzura\/\">Me lleno de tu cuerpo - Mar\u00eda Victoria Verzura<\/a><\/li><li class=\"posts-by-tag-item Mar\u00eda Victoria Verzura Minuto Magdalena Sentir \u00d3seo\" id=\"posts-by-tag-item-2064\"><a class = \"posts-by-tag-item-title\" href=\"https:\/\/viajeraeditorial.ar\/blog\/2014\/05\/maria-victoria-verzura-minuto-magdalena\/\">Mar\u00eda Victoria Verzura - Minuto Magdalena<\/a><\/li><li class=\"posts-by-tag-item Mar\u00eda Victoria Verzura Sentir \u00d3seo Viajera\" id=\"posts-by-tag-item-2094\"><a class = \"posts-by-tag-item-title\" href=\"https:\/\/viajeraeditorial.ar\/blog\/2014\/04\/me-mata-maria-victoria-verzura\/\">Me Mata - Mar\u00eda Victoria Verzura<\/a><\/li><li class=\"posts-by-tag-item Mar\u00eda Victoria Verzura Sentir \u00d3seo Viajera\" id=\"posts-by-tag-item-2107\"><a class = \"posts-by-tag-item-title\" href=\"https:\/\/viajeraeditorial.ar\/blog\/2014\/03\/hablar-contra-un-muro-maria-victoria-verzura\/\">Hablar contra un muro - Mar\u00eda Victoria Verzura<\/a><\/li><li class=\"posts-by-tag-item Mar\u00eda Victoria Verzura Sentir \u00d3seo Viajera\" id=\"posts-by-tag-item-2117\"><a class = \"posts-by-tag-item-title\" href=\"https:\/\/viajeraeditorial.ar\/blog\/2014\/03\/el-aire-frio-maria-victoria-verzura\/\">El aire fr\u00edo - Mar\u00eda Victoria Verzura<\/a><\/li><li class=\"posts-by-tag-item Mar\u00eda Victoria Verzura Sentir \u00d3seo Viajera\" id=\"posts-by-tag-item-2118\"><a class = \"posts-by-tag-item-title\" href=\"https:\/\/viajeraeditorial.ar\/blog\/2014\/03\/llenarse-de-tiempo-maria-victoria-verzura\/\">Llenarse de tiempo - Mar\u00eda Victoria Verzura<\/a><\/li><li class=\"posts-by-tag-item Mar\u00eda Victoria Verzura Sentir \u00d3seo Viajera\" id=\"posts-by-tag-item-2139\"><a class = \"posts-by-tag-item-title\" href=\"https:\/\/viajeraeditorial.ar\/blog\/2014\/02\/si-pudiera-maria-victoria-verzura\/\">Si pudiera - Mar\u00eda Victoria Verzura<\/a><\/li><li class=\"posts-by-tag-item Mar\u00eda Victoria Verzura Sentir \u00d3seo Viajera\" id=\"posts-by-tag-item-2040\"><a class = \"posts-by-tag-item-title\" href=\"https:\/\/viajeraeditorial.ar\/blog\/2014\/01\/lavandina-maria-victoria-verzura\/\">Lavandina - Mar\u00eda Victoria Verzura<\/a><\/li><li class=\"posts-by-tag-item Mar\u00eda Victoria Verzura Viajera\" id=\"posts-by-tag-item-2042\"><a class = \"posts-by-tag-item-title\" href=\"https:\/\/viajeraeditorial.ar\/blog\/2014\/01\/maria-victoria-verzura-en-proyecto-invierno-pasional-2013\/\">Mar\u00eda Victoria Verzura en Proyecto Invierno Pasional 2013<\/a><\/li><li class=\"posts-by-tag-item Mar\u00eda Victoria Verzura Sentir \u00d3seo Viajera\" id=\"posts-by-tag-item-1119\"><a class = \"posts-by-tag-item-title\" href=\"https:\/\/viajeraeditorial.ar\/blog\/2013\/10\/la-ruta-sola-de-maria-victoria-verzura\/\">\"La ruta sola...\" de Mar\u00eda Victoria Verzura<\/a><\/li><li class=\"posts-by-tag-item Mar\u00eda Victoria Verzura Sentir \u00d3seo Viajera\" id=\"posts-by-tag-item-1134\"><a class = \"posts-by-tag-item-title\" href=\"https:\/\/viajeraeditorial.ar\/blog\/2013\/10\/para-no-ser-de-maria-victoria-verzura-incluido-en-sentir-oseo\/\">\"Para no ser...\" de Mar\u00eda Victoria Verzura. Incluido en \"Sentir \u00d3seo\"<\/a><\/li><li class=\"posts-by-tag-item Amor Mar\u00eda Victoria Verzura Sentir \u00d3seo Viajera\" id=\"posts-by-tag-item-1314\"><a class = \"posts-by-tag-item-title\" href=\"https:\/\/viajeraeditorial.ar\/blog\/2013\/07\/el-amor-en-viajera-maria-victoria-verzura\/\">El Amor en Viajera - Mar\u00eda Victoria Verzura<\/a><\/li><li class=\"posts-by-tag-item Mar\u00eda Victoria Verzura Sentir \u00d3seo Viajera\" id=\"posts-by-tag-item-1363\"><a class = \"posts-by-tag-item-title\" href=\"https:\/\/viajeraeditorial.ar\/blog\/2013\/06\/maria-victoria-verzura-color-hueso\/\">Mar\u00eda Victoria Verzura: color hueso.<\/a><\/li><li class=\"posts-by-tag-item Mar\u00eda Victoria Verzura Sentir \u00d3seo Viajera Visita\" id=\"posts-by-tag-item-1524\"><a class = \"posts-by-tag-item-title\" href=\"https:\/\/viajeraeditorial.ar\/blog\/2012\/12\/maria-victoria-verzura-en-viajera-visita\/\">Mar\u00eda Victoria Verzura en Viajera Visita<\/a><\/li><li class=\"posts-by-tag-item An\u00edbal Ilguisonis Carlos Battilana Casa de Viaje Cecilia Maugeri clin caja Estuche negro Karina Macci\u00f3 La Cajita de Pandora La P\u00e9rdida o La Perdida La Playa Lengua Espiral Loreley El Jaber malapalabra Mar\u00eda Victoria Verzura Natalia Monsegur Perla Ericl\u00e9e Quinteros Presente Continuo Ricardo Czikk Sentir \u00d3seo Virginia Janza visitante\/the visitor\" id=\"posts-by-tag-item-1941\"><a class = \"posts-by-tag-item-title\" href=\"https:\/\/viajeraeditorial.ar\/blog\/2010\/11\/este-martes-23-de-noviembre-leemos-en-la-casa\/\">Este martes 23 de noviembre leemos en la Casa!<\/a><\/li><li class=\"posts-by-tag-item An\u00edbal Ilguisonis Carlos Battilana Casa de Viaje Cecilia Maugeri clin caja Estuche negro herpes Karina Macci\u00f3 La Cajita de Pandora La P\u00e9rdida o La Perdida La Playa Lengua Espiral Loreley El Jaber malapalabra Mana Mar\u00eda Victoria Verzura Natalia Monsegur Perla Ericl\u00e9e Quinteros Presente Continuo Ricardo Czikk Sentir \u00d3seo Virginia Janza visitante\/the visitor\" id=\"posts-by-tag-item-1946\"><a class = \"posts-by-tag-item-title\" href=\"https:\/\/viajeraeditorial.ar\/blog\/2010\/11\/viajera-visita-la-casa-de-la-lectura-3\/\">Viajera visita la Casa de la Lectura<\/a><\/li><li class=\"posts-by-tag-item Cr\u00f3nicas Estuche negro Mar\u00eda Victoria Verzura Ricardo Czikk Sentir \u00d3seo\" id=\"posts-by-tag-item-1952\"><a class = \"posts-by-tag-item-title\" href=\"https:\/\/viajeraeditorial.ar\/blog\/2010\/11\/cronica-viajera-empezamos-la-primavera-en-la-libreria-cobra\/\">Cr\u00f3nica viajera: empezamos la Primavera en la librer\u00eda Cobra<\/a><\/li><li class=\"posts-by-tag-item Mar\u00eda Victoria Verzura Sentir \u00d3seo\" id=\"posts-by-tag-item-1960\"><a class = \"posts-by-tag-item-title\" href=\"https:\/\/viajeraeditorial.ar\/blog\/2010\/08\/sentir-oseo-nueva-resena-por-patricia-signorelli\/\">Sentir \u00d3seo: Nueva Rese\u00f1a por Patricia Signorelli<\/a><\/li><li class=\"posts-by-tag-item An\u00edbal Ilguisonis Cecilia Maugeri clin caja Estuche negro herpes Karina Macci\u00f3 La Cajita de Pandora La P\u00e9rdida o La Perdida La Playa Lengua Espiral Loreley El Jaber malapalabra Mana Mar\u00eda Victoria Verzura Perla Ericl\u00e9e Quinteros Ricardo Czikk Sentir \u00d3seo Virginia Janza\" id=\"posts-by-tag-item-2012\"><a class = \"posts-by-tag-item-title\" href=\"https:\/\/viajeraeditorial.ar\/blog\/2010\/05\/viajera-en-el-festival-buen-dia\/\">Viajera en el festival Buen D\u00eda!<\/a><\/li><li class=\"posts-by-tag-item herpes La Playa Lengua Espiral Loreley El Jaber Mana Mar\u00eda Victoria Verzura Perla Ericl\u00e9e Quinteros Sentir \u00d3seo\" id=\"posts-by-tag-item-2021\"><a class = \"posts-by-tag-item-title\" href=\"https:\/\/viajeraeditorial.ar\/blog\/2010\/05\/nuevos-libros-de-viajera-editorial\/\">\u00a1Nuevos libros de Viajera Editorial!<\/a><\/li><li class=\"posts-by-tag-item An\u00edbal Ilguisonis Cecilia Maugeri clin caja Estuche negro herpes Karina Macci\u00f3 La Cajita de Pandora La P\u00e9rdida o La Perdida La Playa Lengua Espiral Loreley El Jaber malapalabra Mana Mar\u00eda Victoria Verzura Perla Ericl\u00e9e Quinteros Ricardo Czikk Sentir \u00d3seo Viajera Visita Virginia Janza\" id=\"posts-by-tag-item-2026\"><a class = \"posts-by-tag-item-title\" href=\"https:\/\/viajeraeditorial.ar\/blog\/2010\/04\/2026\/\">Viajera Visita Garrick<\/a><\/li><\/ul>\n","protected":false},"excerpt":{"rendered":"<p>Naci\u00f3 en Buenos Aires el 27 de diciembre de 1973. Se recibi\u00f3 de Licenciada en Inform\u00e1tica en el Instituto Tecnol\u00f3gico de Buenos Aires. Est\u00e1 casada y tiene un hijo. Particip\u00f3 en varias antolog\u00edas, entre ellas Latitudes Literarias en el a\u00f1o 2003, Territorio Sur en el 2004, en Homenaje al Amor en el mismo a\u00f1o, en [&hellip;]<\/p>\n","protected":false},"author":3,"featured_media":0,"parent":8710,"menu_order":0,"comment_status":"closed","ping_status":"open","template":"","meta":[],"_links":{"self":[{"href":"https:\/\/viajeraeditorial.ar\/blog\/wp-json\/wp\/v2\/pages\/93"}],"collection":[{"href":"https:\/\/viajeraeditorial.ar\/blog\/wp-json\/wp\/v2\/pages"}],"about":[{"href":"https:\/\/viajeraeditorial.ar\/blog\/wp-json\/wp\/v2\/types\/page"}],"author":[{"embeddable":true,"href":"https:\/\/viajeraeditorial.ar\/blog\/wp-json\/wp\/v2\/users\/3"}],"replies":[{"embeddable":true,"href":"https:\/\/viajeraeditorial.ar\/blog\/wp-json\/wp\/v2\/comments?post=93"}],"version-history":[{"count":7,"href":"https:\/\/viajeraeditorial.ar\/blog\/wp-json\/wp\/v2\/pages\/93\/revisions"}],"predecessor-version":[{"id":4575,"href":"https:\/\/viajeraeditorial.ar\/blog\/wp-json\/wp\/v2\/pages\/93\/revisions\/4575"}],"up":[{"embeddable":true,"href":"https:\/\/viajeraeditorial.ar\/blog\/wp-json\/wp\/v2\/pages\/8710"}],"wp:attachment":[{"href":"https:\/\/viajeraeditorial.ar\/blog\/wp-json\/wp\/v2\/media?parent=93"}],"curies":[{"name":"wp","href":"https:\/\/api.w.org\/{rel}","templated":true}]}}