{"id":95,"date":"2015-04-20T02:15:28","date_gmt":"2015-04-20T05:15:28","guid":{"rendered":"http:\/\/www.viajeraeditorial.com.ar\/?page_id=95"},"modified":"2020-11-02T21:02:39","modified_gmt":"2020-11-03T00:02:39","slug":"mana","status":"publish","type":"page","link":"https:\/\/viajeraeditorial.ar\/blog\/catalogo\/mana\/","title":{"rendered":"Mana"},"content":{"rendered":"<p><a href=\"http:\/\/www.viajeraeditorial.ar\/blog\/wp-content\/uploads\/2015\/04\/fotomana.jpg\"><img loading=\"lazy\" class=\"alignright size-full wp-image-496\" src=\"http:\/\/www.viajeraeditorial.ar\/blog\/wp-content\/uploads\/2015\/04\/fotomana.jpg\" alt=\"Mana\" width=\"272\" height=\"350\" \/><\/a>Es redactor publicitario y trabaj\u00f3 para varias agencias de publicidad pero, en sus palabras, \u00abnunca le lleg\u00f3 la \u00e9poca de la purpurina\u00bb.<\/p>\n<p>Trabaja para una agencia de comunicaci\u00f3n y una productora audiovisual.<\/p>\n<p>Hace poco, junto a su socio, fund\u00f3 <em>f\u00f3sforogualicho<\/em>, una mara\u00f1a de realizaciones que ninguno de los dos puede especificar; pero que tiene\u00a0como consigna \u00ab\u00bfPor qu\u00e9 no lo vamos a hacer?\u00bb.<\/p>\n<p>En la Escuela de Creativos Publicitarios tortur\u00f3 a m\u00e1s de un compa\u00f1ero con sus cuentos. Particip\u00f3 en diversos ciclos como <em>Lecturas en Bartolomeo<\/em>, <em>Viajera Visita<\/em> y <em>Letras Combinadas<\/em>.<\/p>\n<p><strong><span style=\"text-decoration: underline;\">En Viajera<\/span><\/strong><\/p>\n<p style=\"padding-left: 30px;\"><a href=\"http:\/\/www.viajeraeditorial.ar\/blog\/descubrir\/herpes\/\"><img loading=\"lazy\" class=\"alignnone size-full wp-image-4502\" src=\"http:\/\/www.viajeraeditorial.ar\/blog\/wp-content\/uploads\/2015\/03\/herpestapa_tn20.jpg\" alt=\"herpes\" width=\"13\" height=\"20\" \/><\/a>\u00a0<a href=\"http:\/\/www.viajeraeditorial.ar\/blog\/descubrir\/herpes\/\">herpes<\/a> (<a href=\"http:\/\/www.viajeraeditorial.ar\/blog\/descubrir\/\">Descubrir<\/a>, 2010)<\/p>\n<p><strong><span style=\"text-decoration: underline;\">Contenido sobre Mana<\/span><\/strong><\/p>\n<ul class = \"posts-by-tag-list\"><li class=\"posts-by-tag-item herpes Mana\" id=\"posts-by-tag-item-8329\"><a class = \"posts-by-tag-item-title\" href=\"https:\/\/viajeraeditorial.ar\/blog\/2020\/08\/sofocado-sin-roaming-mana\/\">Sofocado sin roaming * Mana<\/a><\/li><li class=\"posts-by-tag-item herpes Mana\" id=\"posts-by-tag-item-8326\"><a class = \"posts-by-tag-item-title\" href=\"https:\/\/viajeraeditorial.ar\/blog\/2020\/04\/magenta-mana\/\">magenta * Mana<\/a><\/li><li class=\"posts-by-tag-item herpes Mana\" id=\"posts-by-tag-item-8320\"><a class = \"posts-by-tag-item-title\" href=\"https:\/\/viajeraeditorial.ar\/blog\/2020\/03\/cuestion-de-tiempo-mana\/\">Cuesti\u00f3n de tiempo * Mana<\/a><\/li><li class=\"posts-by-tag-item herpes Mana Viajera\" id=\"posts-by-tag-item-2169\"><a class = \"posts-by-tag-item-title\" href=\"https:\/\/viajeraeditorial.ar\/blog\/2014\/08\/en-el-analista-o-el-toro-por-los-cuernos-mana\/\">En el analista o el toro por los cuernos - Mana<\/a><\/li><li class=\"posts-by-tag-item herpes Mana Viajera\" id=\"posts-by-tag-item-535\"><a class = \"posts-by-tag-item-title\" href=\"https:\/\/viajeraeditorial.ar\/blog\/2014\/06\/deriva-de-un-ex-mana\/\">Deriva de un ex - Mana<\/a><\/li><li class=\"posts-by-tag-item herpes Mana Viajera\" id=\"posts-by-tag-item-2072\"><a class = \"posts-by-tag-item-title\" href=\"https:\/\/viajeraeditorial.ar\/blog\/2014\/05\/testigo-tacito-mana\/\">Testigo t\u00e1cito - Mana<\/a><\/li><li class=\"posts-by-tag-item herpes Mana Viajera\" id=\"posts-by-tag-item-2084\"><a class = \"posts-by-tag-item-title\" href=\"https:\/\/viajeraeditorial.ar\/blog\/2014\/04\/contrafrente-mana\/\">Contrafrente - Mana<\/a><\/li><li class=\"posts-by-tag-item herpes Mana Viajera\" id=\"posts-by-tag-item-2101\"><a class = \"posts-by-tag-item-title\" href=\"https:\/\/viajeraeditorial.ar\/blog\/2014\/03\/sin-desbarrancar-mana\/\">Sin desbarrancar - Mana<\/a><\/li><li class=\"posts-by-tag-item herpes Mana Viajera\" id=\"posts-by-tag-item-2111\"><a class = \"posts-by-tag-item-title\" href=\"https:\/\/viajeraeditorial.ar\/blog\/2014\/03\/una-estampita-en-tu-espejo-mana\/\">Una estampita en tu espejo - Mana<\/a><\/li><li class=\"posts-by-tag-item herpes Mana Viajera\" id=\"posts-by-tag-item-2126\"><a class = \"posts-by-tag-item-title\" href=\"https:\/\/viajeraeditorial.ar\/blog\/2014\/02\/palermisado-mana\/\">Palermisado - Mana<\/a><\/li><li class=\"posts-by-tag-item herpes Mana Viajera\" id=\"posts-by-tag-item-2131\"><a class = \"posts-by-tag-item-title\" href=\"https:\/\/viajeraeditorial.ar\/blog\/2014\/02\/lagrimas-portenas-mana\/\">L\u00e1grimas porte\u00f1as - Mana<\/a><\/li><li class=\"posts-by-tag-item herpes Mana Viajera\" id=\"posts-by-tag-item-2038\"><a class = \"posts-by-tag-item-title\" href=\"https:\/\/viajeraeditorial.ar\/blog\/2014\/01\/tu-numero-ya-no-suena-mana\/\">Tu n\u00famero ya no suena - Mana<\/a><\/li><li class=\"posts-by-tag-item herpes Mana Viajera\" id=\"posts-by-tag-item-944\"><a class = \"posts-by-tag-item-title\" href=\"https:\/\/viajeraeditorial.ar\/blog\/2014\/01\/moderna-de-pura-cepa-mana\/\">Moderna de pura cepa - Mana<\/a><\/li><li class=\"posts-by-tag-item herpes Mana Viajera\" id=\"posts-by-tag-item-1343\"><a class = \"posts-by-tag-item-title\" href=\"https:\/\/viajeraeditorial.ar\/blog\/2013\/07\/mana-rojo\/\">Mana: Rojo<\/a><\/li><li class=\"posts-by-tag-item Apariciones P\u00fablicas Cecilia Maugeri herpes Mana Viajera\" id=\"posts-by-tag-item-1431\"><a class = \"posts-by-tag-item-title\" href=\"https:\/\/viajeraeditorial.ar\/blog\/2013\/05\/maugeri-lee-a-mana-en-la-feria-del-libro\/\">Maugeri lee a Mana en la Feria del Libro<\/a><\/li><li class=\"posts-by-tag-item herpes Mana\" id=\"posts-by-tag-item-1911\"><a class = \"posts-by-tag-item-title\" href=\"https:\/\/viajeraeditorial.ar\/blog\/2011\/03\/1911\/\">herpes<\/a><\/li><li class=\"posts-by-tag-item An\u00edbal Ilguisonis Carlos Battilana Casa de Viaje Cecilia Maugeri clin caja Estuche negro herpes Karina Macci\u00f3 La Cajita de Pandora La P\u00e9rdida o La Perdida La Playa Lengua Espiral Loreley El Jaber malapalabra Mana Mar\u00eda Victoria Verzura Natalia Monsegur Perla Ericl\u00e9e Quinteros Presente Continuo Ricardo Czikk Sentir \u00d3seo Virginia Janza visitante\/the visitor\" id=\"posts-by-tag-item-1946\"><a class = \"posts-by-tag-item-title\" href=\"https:\/\/viajeraeditorial.ar\/blog\/2010\/11\/viajera-visita-la-casa-de-la-lectura-3\/\">Viajera visita la Casa de la Lectura<\/a><\/li><li class=\"posts-by-tag-item herpes Mana Viceversa\" id=\"posts-by-tag-item-1957\"><a class = \"posts-by-tag-item-title\" href=\"https:\/\/viajeraeditorial.ar\/blog\/2010\/08\/quien-es-mana-por-virginia-janza\/\">Qui\u00e9n es Mana, por Virginia Janza<\/a><\/li><li class=\"posts-by-tag-item Cecilia Maugeri Jimena Repetto Loreley El Jaber Mana Ricardo Czikk Viceversa Virginia Janza\" id=\"posts-by-tag-item-2000\"><a class = \"posts-by-tag-item-title\" href=\"https:\/\/viajeraeditorial.ar\/blog\/2010\/07\/algo-de-lo-que-fue-el-primer-viajera-viceversa\/\">Algo de lo que fue el primer Viajera Viceversa:<\/a><\/li><li class=\"posts-by-tag-item An\u00edbal Ilguisonis Cecilia Maugeri clin caja Estuche negro herpes Karina Macci\u00f3 La Cajita de Pandora La P\u00e9rdida o La Perdida La Playa Lengua Espiral Loreley El Jaber malapalabra Mana Mar\u00eda Victoria Verzura Perla Ericl\u00e9e Quinteros Ricardo Czikk Sentir \u00d3seo Virginia Janza\" id=\"posts-by-tag-item-2012\"><a class = \"posts-by-tag-item-title\" href=\"https:\/\/viajeraeditorial.ar\/blog\/2010\/05\/viajera-en-el-festival-buen-dia\/\">Viajera en el festival Buen D\u00eda!<\/a><\/li><li class=\"posts-by-tag-item herpes La Playa Lengua Espiral Loreley El Jaber Mana Mar\u00eda Victoria Verzura Perla Ericl\u00e9e Quinteros Sentir \u00d3seo\" id=\"posts-by-tag-item-2021\"><a class = \"posts-by-tag-item-title\" href=\"https:\/\/viajeraeditorial.ar\/blog\/2010\/05\/nuevos-libros-de-viajera-editorial\/\">\u00a1Nuevos libros de Viajera Editorial!<\/a><\/li><li class=\"posts-by-tag-item An\u00edbal Ilguisonis Cecilia Maugeri clin caja Estuche negro herpes Karina Macci\u00f3 La Cajita de Pandora La P\u00e9rdida o La Perdida La Playa Lengua Espiral Loreley El Jaber malapalabra Mana Mar\u00eda Victoria Verzura Perla Ericl\u00e9e Quinteros Ricardo Czikk Sentir \u00d3seo Viajera Visita Virginia Janza\" id=\"posts-by-tag-item-2026\"><a class = \"posts-by-tag-item-title\" href=\"https:\/\/viajeraeditorial.ar\/blog\/2010\/04\/2026\/\">Viajera Visita Garrick<\/a><\/li><\/ul>\n","protected":false},"excerpt":{"rendered":"<p>Es redactor publicitario y trabaj\u00f3 para varias agencias de publicidad pero, en sus palabras, \u00abnunca le lleg\u00f3 la \u00e9poca de la purpurina\u00bb. Trabaja para una agencia de comunicaci\u00f3n y una productora audiovisual. Hace poco, junto a su socio, fund\u00f3 f\u00f3sforogualicho, una mara\u00f1a de realizaciones que ninguno de los dos puede especificar; pero que tiene\u00a0como consigna [&hellip;]<\/p>\n","protected":false},"author":3,"featured_media":0,"parent":8710,"menu_order":0,"comment_status":"closed","ping_status":"open","template":"","meta":[],"_links":{"self":[{"href":"https:\/\/viajeraeditorial.ar\/blog\/wp-json\/wp\/v2\/pages\/95"}],"collection":[{"href":"https:\/\/viajeraeditorial.ar\/blog\/wp-json\/wp\/v2\/pages"}],"about":[{"href":"https:\/\/viajeraeditorial.ar\/blog\/wp-json\/wp\/v2\/types\/page"}],"author":[{"embeddable":true,"href":"https:\/\/viajeraeditorial.ar\/blog\/wp-json\/wp\/v2\/users\/3"}],"replies":[{"embeddable":true,"href":"https:\/\/viajeraeditorial.ar\/blog\/wp-json\/wp\/v2\/comments?post=95"}],"version-history":[{"count":6,"href":"https:\/\/viajeraeditorial.ar\/blog\/wp-json\/wp\/v2\/pages\/95\/revisions"}],"predecessor-version":[{"id":4571,"href":"https:\/\/viajeraeditorial.ar\/blog\/wp-json\/wp\/v2\/pages\/95\/revisions\/4571"}],"up":[{"embeddable":true,"href":"https:\/\/viajeraeditorial.ar\/blog\/wp-json\/wp\/v2\/pages\/8710"}],"wp:attachment":[{"href":"https:\/\/viajeraeditorial.ar\/blog\/wp-json\/wp\/v2\/media?parent=95"}],"curies":[{"name":"wp","href":"https:\/\/api.w.org\/{rel}","templated":true}]}}